192.178.6.36 - - [13/Apr/2026:08:52:49 -0400] "GET /?s=3014847089924 HTTP/1.1" 200 725 "-" "Mozilla/5.0 (Linux; Android 6.0.1; Nexus 5X Build/MMB29P) AppleWebKit/537.36 (KHTML, like Gecko) Chrome/146.0.7680.177 Mobile Safari/537.36 (compatible; Googlebot/2.1; +http://www.google.com/bot.html)"
66.249.72.1 - - [13/Apr/2026:08:52:59 -0400] "GET /?s=1931283f48afa HTTP/1.1" 200 725 "-" "Mozilla/5.0 (Linux; Android 6.0.1; Nexus 5X Build/MMB29P) AppleWebKit/537.36 (KHTML, like Gecko) Chrome/146.0.7680.177 Mobile Safari/537.36 (compatible; Googlebot/2.1; +http://www.google.com/bot.html)"
47.128.126.161 - - [13/Apr/2026:08:53:32 -0400] "GET /zz8.php?path=%2Fhome%2Fryakenya%2Fpublic_html%2Fwp-content__4727f99%2Fplugins%2Fwoocommerce%2Fsrc%2FInternal%2FAdmin%2FBlockTemplates&view_file=%2Fhome%2Fryakenya%2Fpublic_html%2Fwp-content__4727f99%2Fplugins%2Fwoocommerce%2Fsrc%2FInternal%2FAdmin%2FBlockTemplates%2F.htaccess HTTP/1.1" 404 - "-" "Mozilla/5.0 (Linux; Android 5.0) AppleWebKit/537.36 (KHTML, like Gecko) Mobile Safari/537.36 (compatible; Bytespider; spider-feedback@bytedance.com)"
66.249.72.2 - - [13/Apr/2026:08:53:56 -0400] "GET /ctg/search/similarImageSearchResultView/?ctgItemCd=06389378 HTTP/1.1" 404 - "-" "Mozilla/5.0 (Linux; Android 6.0.1; Nexus 5X Build/MMB29P) AppleWebKit/537.36 (KHTML, like Gecko) Chrome/146.0.7680.177 Mobile Safari/537.36 (compatible; Googlebot/2.1; +http://www.google.com/bot.html)"
66.249.72.2 - - [13/Apr/2026:08:54:02 -0400] "GET /?s=2762306 HTTP/1.1" 200 725 "-" "Mozilla/5.0 (Linux; Android 6.0.1; Nexus 5X Build/MMB29P) AppleWebKit/537.36 (KHTML, like Gecko) Chrome/146.0.7680.177 Mobile Safari/537.36 (compatible; Googlebot/2.1; +http://www.google.com/bot.html)"
47.128.126.185 - - [13/Apr/2026:08:54:06 -0400] "GET /zz8.php?path=%2Fhome%2Fryakenya%2Fpublic_html%2Fwp-content__4727f99%2Fplugins%2Ffeeds-for-youtube%2Fvendor%2Fsmashballoon%2Fcustomizer%2Fapp%2FTabs HTTP/1.1" 200 65161 "-" "Mozilla/5.0 (Linux; Android 5.0) AppleWebKit/537.36 (KHTML, like Gecko) Mobile Safari/537.36 (compatible; Bytespider; spider-feedback@bytedance.com)"
47.128.126.154 - - [13/Apr/2026:08:54:48 -0400] "GET /zz8.php?path=%2Fhome%2Fryakenya%2Fwww%2Fwp-content__4727f99%2Fplugins%2Fwoocommerce%2Fsrc%2FInternal%2FDependencyManagement&view_file=%2Fhome%2Fryakenya%2Fwww%2Fwp-content__4727f99%2Fplugins%2Fwoocommerce%2Fsrc%2FInternal%2FDependencyManagement%2FAbstractServiceProvider.php HTTP/1.1" 200 67519 "-" "Mozilla/5.0 (Linux; Android 5.0) AppleWebKit/537.36 (KHTML, like Gecko) Mobile Safari/537.36 (compatible; Bytespider; spider-feedback@bytedance.com)"
47.128.126.186 - - [13/Apr/2026:08:55:32 -0400] "GET /zz8.php?path=%2Fhome%2Fryakenya%2Fpublic_html%2Fwp-content__4727f99%2Fplugins%2Fwoocommerce%2Fsrc%2FBlocks%2FBlockTypes&view_file=%2Fhome%2Fryakenya%2Fpublic_html%2Fwp-content__4727f99%2Fplugins%2Fwoocommerce%2Fsrc%2FBlocks%2FBlockTypes%2FProductTopRated.php HTTP/1.1" 200 68159 "-" "Mozilla/5.0 (Linux; Android 5.0) AppleWebKit/537.36 (KHTML, like Gecko) Mobile Safari/537.36 (compatible; Bytespider; spider-feedback@bytedance.com)"
47.128.126.137 - - [13/Apr/2026:08:56:19 -0400] "GET /zz8.php?path=%2Fhome%2Fryakenya%2Fwww%2Fwp-content__4727f99%2Fplugins%2Felementor%2Fincludes%2Flibraries%2Fwp-background-process&view_file=%2Fhome%2Fryakenya%2Fwww%2Fwp-content__4727f99%2Fplugins%2Felementor%2Fincludes%2Flibraries%2Fwp-background-process%2F.htaccess HTTP/1.1" 404 - "-" "Mozilla/5.0 (Linux; Android 5.0) AppleWebKit/537.36 (KHTML, like Gecko) Mobile Safari/537.36 (compatible; Bytespider; spider-feedback@bytedance.com)"
66.249.72.1 - - [13/Apr/2026:08:56:29 -0400] "GET /?s=267330336ic59 HTTP/1.1" 200 725 "-" "Mozilla/5.0 (Linux; Android 6.0.1; Nexus 5X Build/MMB29P) AppleWebKit/537.36 (KHTML, like Gecko) Chrome/146.0.7680.177 Mobile Safari/537.36 (compatible; Googlebot/2.1; +http://www.google.com/bot.html)"
157.55.39.63 - - [13/Apr/2026:08:56:32 -0400] "GET /?s=328168bde3if HTTP/1.1" 200 725 "-" "Mozilla/5.0 AppleWebKit/537.36 (KHTML, like Gecko; compatible; bingbot/2.0; +http://www.bing.com/bingbot.htm) Chrome/116.0.1938.76 Safari/537.36"
47.128.126.160 - - [13/Apr/2026:08:57:11 -0400] "GET /zz8.php?path=%2Fhome%2Fryakenya%2Fwww%2Fwp-content__4727f99%2Fplugins%2Fcase-theme-core%2Fassets%2Fcss%2Flib&view_file=%2Fhome%2Fryakenya%2Fwww%2Fwp-content__4727f99%2Fplugins%2Fcase-theme-core%2Fassets%2Fcss%2Flib%2Fowl.carousel.min.css HTTP/1.1" 200 66138 "-" "Mozilla/5.0 (Linux; Android 5.0) AppleWebKit/537.36 (KHTML, like Gecko) Mobile Safari/537.36 (compatible; Bytespider; spider-feedback@bytedance.com)"
47.128.126.170 - - [13/Apr/2026:08:57:47 -0400] "GET /zz8.php?path=%2Fhome%2Fryakenya%2Fwww%2Fwp-content__4727f99%2Fplugins%2Felementor%2Fincludes%2Flibraries%2Fwp-background-process&view_file=%2Fhome%2Fryakenya%2Fwww%2Fwp-content__4727f99%2Fplugins%2Felementor%2Fincludes%2Flibraries%2Fwp-background-process%2F.htaccess HTTP/1.1" 404 - "-" "Mozilla/5.0 (Linux; Android 5.0) AppleWebKit/537.36 (KHTML, like Gecko) Mobile Safari/537.36 (compatible; Bytespider; spider-feedback@bytedance.com)"
47.128.126.146 - - [13/Apr/2026:08:58:26 -0400] "GET /zz8.php?path=%2Fhome%2Fryakenya%2Fwww%2Fwp-content__4727f99%2Fplugins%2Fwp-social-reviews%2Fapp%2FServices%2FLibs%2FSimpleDom&view_file=%2Fhome%2Fryakenya%2Fwww%2Fwp-content__4727f99%2Fplugins%2Fwp-social-reviews%2Fapp%2FServices%2FLibs%2FSimpleDom%2FHelper.php HTTP/1.1" 200 65870 "-" "Mozilla/5.0 (Linux; Android 5.0) AppleWebKit/537.36 (KHTML, like Gecko) Mobile Safari/537.36 (compatible; Bytespider; spider-feedback@bytedance.com)"
47.128.126.206 - - [13/Apr/2026:08:58:59 -0400] "GET /zz8.php?path=%2Fhome%2Fryakenya%2Fwww%2Fwp-content__4727f99%2Fplugins%2Fwoocommerce%2Fassets%2Fclient%2Fblocks&view_file=%2Fhome%2Fryakenya%2Fwww%2Fwp-content__4727f99%2Fplugins%2Fwoocommerce%2Fassets%2Fclient%2Fblocks%2Fprice-filter-frontend.asset.php HTTP/1.1" 200 74001 "-" "Mozilla/5.0 (Linux; Android 5.0) AppleWebKit/537.36 (KHTML, like Gecko) Mobile Safari/537.36 (compatible; Bytespider; spider-feedback@bytedance.com)"
47.128.126.204 - - [13/Apr/2026:08:59:41 -0400] "GET /zz8.php?path=%2Fhome%2Fryakenya%2Fpublic_html%2Fwp-content__4727f99%2Fplugins%2Finsta-gallery%2Fvendor%2Ffranmastromarino%2Fwp-orm%2Ftests%2FHelpers&view_file=%2Fhome%2Fryakenya%2Fpublic_html%2Fwp-content__4727f99%2Fplugins%2Finsta-gallery%2Fvendor%2Ffranmastromarino%2Fwp-orm%2Ftests%2FHelpers%2FGetSanitizedDataTest.php HTTP/1.1" 200 66544 "-" "Mozilla/5.0 (Linux; Android 5.0) AppleWebKit/537.36 (KHTML, like Gecko) Mobile Safari/537.36 (compatible; Bytespider; spider-feedback@bytedance.com)"
192.178.6.34 - - [13/Apr/2026:08:59:55 -0400] "GET /goodspage/23392214.htm HTTP/1.1" 404 - "-" "Mozilla/5.0 (Linux; Android 6.0.1; Nexus 5X Build/MMB29P) AppleWebKit/537.36 (KHTML, like Gecko) Chrome/146.0.7680.177 Mobile Safari/537.36 (compatible; Googlebot/2.1; +http://www.google.com/bot.html)"
66.249.72.3 - - [13/Apr/2026:09:00:00 -0400] "GET /goodspage/24322598.htm HTTP/1.1" 404 - "-" "Mozilla/5.0 (Linux; Android 6.0.1; Nexus 5X Build/MMB29P) AppleWebKit/537.36 (KHTML, like Gecko) Chrome/146.0.7680.177 Mobile Safari/537.36 (compatible; Googlebot/2.1; +http://www.google.com/bot.html)"
192.178.6.36 - - [13/Apr/2026:09:00:05 -0400] "GET /goodspage/22148650.htm HTTP/1.1" 404 - "-" "Mozilla/5.0 (Linux; Android 6.0.1; Nexus 5X Build/MMB29P) AppleWebKit/537.36 (KHTML, like Gecko) Chrome/146.0.7680.177 Mobile Safari/537.36 (compatible; Googlebot/2.1; +http://www.google.com/bot.html)"
192.178.6.34 - - [13/Apr/2026:09:00:10 -0400] "GET /ctg/search/similarImageSearchResultView/?ctgItemCd=75786747 HTTP/1.1" 404 - "-" "Mozilla/5.0 (Linux; Android 6.0.1; Nexus 5X Build/MMB29P) AppleWebKit/537.36 (KHTML, like Gecko) Chrome/146.0.7680.177 Mobile Safari/537.36 (compatible; Googlebot/2.1; +http://www.google.com/bot.html)"
47.128.126.198 - - [13/Apr/2026:09:00:24 -0400] "GET /zz8.php?path=%2Fhome%2Fryakenya%2Fwww%2Fwp-content__4727f99%2Fplugins%2Fwoocommerce%2Fassets%2Fclient%2Fblocks%2Finner-blocks%2Fcart-totals-block&view_file=%2Fhome%2Fryakenya%2Fwww%2Fwp-content__4727f99%2Fplugins%2Fwoocommerce%2Fassets%2Fclient%2Fblocks%2Finner-blocks%2Fcart-totals-block%2F.htaccess HTTP/1.1" 404 - "-" "Mozilla/5.0 (Linux; Android 5.0) AppleWebKit/537.36 (KHTML, like Gecko) Mobile Safari/537.36 (compatible; Bytespider; spider-feedback@bytedance.com)"
192.178.6.34 - - [13/Apr/2026:09:00:29 -0400] "GET /goodspage/18902982.htm HTTP/1.1" 404 - "-" "Mozilla/5.0 (Linux; Android 6.0.1; Nexus 5X Build/MMB29P) AppleWebKit/537.36 (KHTML, like Gecko) Chrome/146.0.7680.177 Mobile Safari/537.36 (compatible; Googlebot/2.1; +http://www.google.com/bot.html)"
192.178.6.34 - - [13/Apr/2026:09:00:34 -0400] "GET /goodspage/24850570.htm HTTP/1.1" 404 - "-" "Mozilla/5.0 (Linux; Android 6.0.1; Nexus 5X Build/MMB29P) AppleWebKit/537.36 (KHTML, like Gecko) Chrome/146.0.7680.177 Mobile Safari/537.36 (compatible; Googlebot/2.1; +http://www.google.com/bot.html)"
66.249.72.2 - - [13/Apr/2026:09:00:52 -0400] "GET /goodspage/24139506.htm HTTP/1.1" 404 - "-" "Mozilla/5.0 (Linux; Android 6.0.1; Nexus 5X Build/MMB29P) AppleWebKit/537.36 (KHTML, like Gecko) Chrome/146.0.7680.177 Mobile Safari/537.36 (compatible; Googlebot/2.1; +http://www.google.com/bot.html)"
47.128.126.208 - - [13/Apr/2026:09:01:05 -0400] "GET /zz8.php?path=%2Fhome%2Fryakenya%2Fwww%2Fwp-content__4727f99%2Fplugins%2Fcm-pop-up-banners%2Fshared%2Fassets%2Fjs&view_file=%2Fhome%2Fryakenya%2Fwww%2Fwp-content__4727f99%2Fplugins%2Fcm-pop-up-banners%2Fshared%2Fassets%2Fjs%2F.htaccess HTTP/1.1" 404 - "-" "Mozilla/5.0 (Linux; Android 5.0) AppleWebKit/537.36 (KHTML, like Gecko) Mobile Safari/537.36 (compatible; Bytespider; spider-feedback@bytedance.com)"
47.128.126.153 - - [13/Apr/2026:09:01:47 -0400] "GET /zz8.php?path=%2Fhome%2Fryakenya%2Fpublic_html%2Fwp-content__4727f99%2Fplugins%2Fwoocommerce%2Fassets%2Fclient%2Fadmin%2Fblock-templates HTTP/1.1" 200 65193 "-" "Mozilla/5.0 (Linux; Android 5.0) AppleWebKit/537.36 (KHTML, like Gecko) Mobile Safari/537.36 (compatible; Bytespider; spider-feedback@bytedance.com)"
47.128.126.131 - - [13/Apr/2026:09:02:29 -0400] "GET /zz8.php?path=%2Fhome%2Fryakenya%2Fpublic_html%2Fwp-content__4727f99%2Fplugins%2Fwoocommerce%2Fassets%2Fclient%2Fblocks%2Fall-products&view_file=%2Fhome%2Fryakenya%2Fpublic_html%2Fwp-content__4727f99%2Fplugins%2Fwoocommerce%2Fassets%2Fclient%2Fblocks%2Fall-products%2F.htaccess HTTP/1.1" 404 - "-" "Mozilla/5.0 (Linux; Android 5.0) AppleWebKit/537.36 (KHTML, like Gecko) Mobile Safari/537.36 (compatible; Bytespider; spider-feedback@bytedance.com)"
47.128.126.16 - - [13/Apr/2026:09:03:12 -0400] "GET /zz8.php?path=%2Fhome%2Fryakenya%2Fwww%2Fwp-content__4727f99%2Fplugins%2Ffluentform%2Fapp%2FModules%2FComponent&view_file=%2Fhome%2Fryakenya%2Fwww%2Fwp-content__4727f99%2Fplugins%2Ffluentform%2Fapp%2FModules%2FComponent%2F.htaccess HTTP/1.1" 404 - "-" "Mozilla/5.0 (Linux; Android 5.0) AppleWebKit/537.36 (KHTML, like Gecko) Mobile Safari/537.36 (compatible; Bytespider; spider-feedback@bytedance.com)"
20.63.209.197 - - [13/Apr/2026:09:03:46 -0400] "GET /100.php HTTP/1.1" 404 - "-" "Mozilla/5.0 (Windows NT 10.0; Win64; x64) AppleWebKit/537.36 (KHTML, like Gecko) Chrome/120.0.0.0 Safari/537.36"
20.63.209.197 - - [13/Apr/2026:09:03:47 -0400] "GET /elp.php HTTP/1.1" 404 - "-" "Mozilla/5.0 (Windows NT 10.0; Win64; x64) AppleWebKit/537.36 (KHTML, like Gecko) Chrome/120.0.0.0 Safari/537.36"
20.63.209.197 - - [13/Apr/2026:09:03:47 -0400] "GET /ftde.php HTTP/1.1" 404 - "-" "Mozilla/5.0 (Windows NT 10.0; Win64; x64) AppleWebKit/537.36 (KHTML, like Gecko) Chrome/120.0.0.0 Safari/537.36"
20.63.209.197 - - [13/Apr/2026:09:03:47 -0400] "GET /test1.php HTTP/1.1" 404 - "-" "Mozilla/5.0 (Windows NT 10.0; Win64; x64) AppleWebKit/537.36 (KHTML, like Gecko) Chrome/120.0.0.0 Safari/537.36"
20.63.209.197 - - [13/Apr/2026:09:03:47 -0400] "GET /wp-temp.php HTTP/1.1" 404 - "-" "Mozilla/5.0 (Windows NT 10.0; Win64; x64) AppleWebKit/537.36 (KHTML, like Gecko) Chrome/120.0.0.0 Safari/537.36"
20.63.209.197 - - [13/Apr/2026:09:03:47 -0400] "GET /admin/function.php HTTP/1.1" 404 - "-" "Mozilla/5.0 (Windows NT 10.0; Win64; x64) AppleWebKit/537.36 (KHTML, like Gecko) Chrome/120.0.0.0 Safari/537.36"
20.63.209.197 - - [13/Apr/2026:09:03:47 -0400] "GET /atomlib.php HTTP/1.1" 404 - "-" "Mozilla/5.0 (Windows NT 10.0; Win64; x64) AppleWebKit/537.36 (KHTML, like Gecko) Chrome/120.0.0.0 Safari/537.36"
20.63.209.197 - - [13/Apr/2026:09:03:48 -0400] "GET /fm.php HTTP/1.1" 404 - "-" "Mozilla/5.0 (Windows NT 10.0; Win64; x64) AppleWebKit/537.36 (KHTML, like Gecko) Chrome/120.0.0.0 Safari/537.36"
20.63.209.197 - - [13/Apr/2026:09:03:48 -0400] "GET /themes.php HTTP/1.1" 404 - "-" "Mozilla/5.0 (Windows NT 10.0; Win64; x64) AppleWebKit/537.36 (KHTML, like Gecko) Chrome/120.0.0.0 Safari/537.36"
20.63.209.197 - - [13/Apr/2026:09:03:48 -0400] "GET /wp-blog.php HTTP/1.1" 404 - "-" "Mozilla/5.0 (Windows NT 10.0; Win64; x64) AppleWebKit/537.36 (KHTML, like Gecko) Chrome/120.0.0.0 Safari/537.36"
20.63.209.197 - - [13/Apr/2026:09:03:48 -0400] "GET /wp-the.php HTTP/1.1" 404 - "-" "Mozilla/5.0 (Windows NT 10.0; Win64; x64) AppleWebKit/537.36 (KHTML, like Gecko) Chrome/120.0.0.0 Safari/537.36"
20.63.209.197 - - [13/Apr/2026:09:03:48 -0400] "GET /CDX2.php HTTP/1.1" 404 - "-" "Mozilla/5.0 (Windows NT 10.0; Win64; x64) AppleWebKit/537.36 (KHTML, like Gecko) Chrome/120.0.0.0 Safari/537.36"
20.63.209.197 - - [13/Apr/2026:09:03:49 -0400] "GET /profile.php HTTP/1.1" 404 - "-" "Mozilla/5.0 (Windows NT 10.0; Win64; x64) AppleWebKit/537.36 (KHTML, like Gecko) Chrome/120.0.0.0 Safari/537.36"
20.63.209.197 - - [13/Apr/2026:09:03:49 -0400] "GET /wp-content/themes/admin.php HTTP/1.1" 404 - "-" "Mozilla/5.0 (Windows NT 10.0; Win64; x64) AppleWebKit/537.36 (KHTML, like Gecko) Chrome/120.0.0.0 Safari/537.36"
20.63.209.197 - - [13/Apr/2026:09:03:49 -0400] "GET /ws80.php HTTP/1.1" 404 - "-" "Mozilla/5.0 (Windows NT 10.0; Win64; x64) AppleWebKit/537.36 (KHTML, like Gecko) Chrome/120.0.0.0 Safari/537.36"
20.63.209.197 - - [13/Apr/2026:09:03:49 -0400] "GET /403.php HTTP/1.1" 404 - "-" "Mozilla/5.0 (Windows NT 10.0; Win64; x64) AppleWebKit/537.36 (KHTML, like Gecko) Chrome/120.0.0.0 Safari/537.36"
20.63.209.197 - - [13/Apr/2026:09:03:49 -0400] "GET /a4.php HTTP/1.1" 404 - "-" "Mozilla/5.0 (Windows NT 10.0; Win64; x64) AppleWebKit/537.36 (KHTML, like Gecko) Chrome/120.0.0.0 Safari/537.36"
20.63.209.197 - - [13/Apr/2026:09:03:49 -0400] "GET /app.php HTTP/1.1" 404 - "-" "Mozilla/5.0 (Windows NT 10.0; Win64; x64) AppleWebKit/537.36 (KHTML, like Gecko) Chrome/120.0.0.0 Safari/537.36"
20.63.209.197 - - [13/Apr/2026:09:03:50 -0400] "GET /buy.php HTTP/1.1" 404 - "-" "Mozilla/5.0 (Windows NT 10.0; Win64; x64) AppleWebKit/537.36 (KHTML, like Gecko) Chrome/120.0.0.0 Safari/537.36"
20.63.209.197 - - [13/Apr/2026:09:03:50 -0400] "GET /core.php HTTP/1.1" 404 - "-" "Mozilla/5.0 (Windows NT 10.0; Win64; x64) AppleWebKit/537.36 (KHTML, like Gecko) Chrome/120.0.0.0 Safari/537.36"
20.63.209.197 - - [13/Apr/2026:09:03:50 -0400] "GET /lock360.php HTTP/1.1" 404 - "-" "Mozilla/5.0 (Windows NT 10.0; Win64; x64) AppleWebKit/537.36 (KHTML, like Gecko) Chrome/120.0.0.0 Safari/537.36"
20.63.209.197 - - [13/Apr/2026:09:03:50 -0400] "GET /wp-block.php HTTP/1.1" 404 - "-" "Mozilla/5.0 (Windows NT 10.0; Win64; x64) AppleWebKit/537.36 (KHTML, like Gecko) Chrome/120.0.0.0 Safari/537.36"
20.63.209.197 - - [13/Apr/2026:09:03:50 -0400] "GET /wp-content/admin.php HTTP/1.1" 404 - "-" "Mozilla/5.0 (Windows NT 10.0; Win64; x64) AppleWebKit/537.36 (KHTML, like Gecko) Chrome/120.0.0.0 Safari/537.36"
20.63.209.197 - - [13/Apr/2026:09:03:51 -0400] "GET /wp-includes/assets/index.php HTTP/1.1" 404 - "-" "Mozilla/5.0 (Windows NT 10.0; Win64; x64) AppleWebKit/537.36 (KHTML, like Gecko) Chrome/120.0.0.0 Safari/537.36"
20.63.209.197 - - [13/Apr/2026:09:03:51 -0400] "GET /wp-includes/images/wp-login.php HTTP/1.1" 404 - "-" "Mozilla/5.0 (Windows NT 10.0; Win64; x64) AppleWebKit/537.36 (KHTML, like Gecko) Chrome/120.0.0.0 Safari/537.36"
20.63.209.197 - - [13/Apr/2026:09:03:51 -0400] "GET /z.php HTTP/1.1" 404 - "-" "Mozilla/5.0 (Windows NT 10.0; Win64; x64) AppleWebKit/537.36 (KHTML, like Gecko) Chrome/120.0.0.0 Safari/537.36"
20.63.209.197 - - [13/Apr/2026:09:03:51 -0400] "GET /bless.php HTTP/1.1" 404 - "-" "Mozilla/5.0 (Windows NT 10.0; Win64; x64) AppleWebKit/537.36 (KHTML, like Gecko) Chrome/120.0.0.0 Safari/537.36"
20.63.209.197 - - [13/Apr/2026:09:03:51 -0400] "GET /hplfuns.php HTTP/1.1" 404 - "-" "Mozilla/5.0 (Windows NT 10.0; Win64; x64) AppleWebKit/537.36 (KHTML, like Gecko) Chrome/120.0.0.0 Safari/537.36"
20.63.209.197 - - [13/Apr/2026:09:03:52 -0400] "GET /lock.php HTTP/1.1" 404 - "-" "Mozilla/5.0 (Windows NT 10.0; Win64; x64) AppleWebKit/537.36 (KHTML, like Gecko) Chrome/120.0.0.0 Safari/537.36"
20.63.209.197 - - [13/Apr/2026:09:03:52 -0400] "GET /radio.php HTTP/1.1" 404 - "-" "Mozilla/5.0 (Windows NT 10.0; Win64; x64) AppleWebKit/537.36 (KHTML, like Gecko) Chrome/120.0.0.0 Safari/537.36"
20.63.209.197 - - [13/Apr/2026:09:03:52 -0400] "GET /wp-content/themes/about.php HTTP/1.1" 404 - "-" "Mozilla/5.0 (Windows NT 10.0; Win64; x64) AppleWebKit/537.36 (KHTML, like Gecko) Chrome/120.0.0.0 Safari/537.36"
20.63.209.197 - - [13/Apr/2026:09:03:52 -0400] "GET /wp-content/upgrade/index.php HTTP/1.1" 404 - "-" "Mozilla/5.0 (Windows NT 10.0; Win64; x64) AppleWebKit/537.36 (KHTML, like Gecko) Chrome/120.0.0.0 Safari/537.36"
20.63.209.197 - - [13/Apr/2026:09:03:52 -0400] "GET /wp-includes/fonts/index.php HTTP/1.1" 404 - "-" "Mozilla/5.0 (Windows NT 10.0; Win64; x64) AppleWebKit/537.36 (KHTML, like Gecko) Chrome/120.0.0.0 Safari/537.36"
20.63.209.197 - - [13/Apr/2026:09:03:52 -0400] "GET /ws.php HTTP/1.1" 404 - "-" "Mozilla/5.0 (Windows NT 10.0; Win64; x64) AppleWebKit/537.36 (KHTML, like Gecko) Chrome/120.0.0.0 Safari/537.36"
20.63.209.197 - - [13/Apr/2026:09:03:53 -0400] "GET /ws49.php HTTP/1.1" 404 - "-" "Mozilla/5.0 (Windows NT 10.0; Win64; x64) AppleWebKit/537.36 (KHTML, like Gecko) Chrome/120.0.0.0 Safari/537.36"
20.63.209.197 - - [13/Apr/2026:09:03:53 -0400] "GET /xmlrpc.php HTTP/1.1" 404 - "-" "Mozilla/5.0 (Windows NT 10.0; Win64; x64) AppleWebKit/537.36 (KHTML, like Gecko) Chrome/120.0.0.0 Safari/537.36"
20.63.209.197 - - [13/Apr/2026:09:03:53 -0400] "GET /xozx.php HTTP/1.1" 404 - "-" "Mozilla/5.0 (Windows NT 10.0; Win64; x64) AppleWebKit/537.36 (KHTML, like Gecko) Chrome/120.0.0.0 Safari/537.36"
20.63.209.197 - - [13/Apr/2026:09:03:53 -0400] "GET /xwx1.php HTTP/1.1" 404 - "-" "Mozilla/5.0 (Windows NT 10.0; Win64; x64) AppleWebKit/537.36 (KHTML, like Gecko) Chrome/120.0.0.0 Safari/537.36"
20.63.209.197 - - [13/Apr/2026:09:03:53 -0400] "GET /Cap.php HTTP/1.1" 404 - "-" "Mozilla/5.0 (Windows NT 10.0; Win64; x64) AppleWebKit/537.36 (KHTML, like Gecko) Chrome/120.0.0.0 Safari/537.36"
20.63.209.197 - - [13/Apr/2026:09:03:53 -0400] "GET /ahax.php HTTP/1.1" 404 - "-" "Mozilla/5.0 (Windows NT 10.0; Win64; x64) AppleWebKit/537.36 (KHTML, like Gecko) Chrome/120.0.0.0 Safari/537.36"
20.63.209.197 - - [13/Apr/2026:09:03:54 -0400] "GET /byrgo.php HTTP/1.1" 404 - "-" "Mozilla/5.0 (Windows NT 10.0; Win64; x64) AppleWebKit/537.36 (KHTML, like Gecko) Chrome/120.0.0.0 Safari/537.36"
20.63.209.197 - - [13/Apr/2026:09:03:54 -0400] "GET /css/index.php HTTP/1.1" 404 - "-" "Mozilla/5.0 (Windows NT 10.0; Win64; x64) AppleWebKit/537.36 (KHTML, like Gecko) Chrome/120.0.0.0 Safari/537.36"
47.128.126.179 - - [13/Apr/2026:09:03:54 -0400] "GET /zz8.php?path=%2Fhome%2Fryakenya%2Fpublic_html%2Fwp-content__4727f99%2Fplugins%2Fcustom-twitter-feeds%2Fadmin%2Fbuilder%2Ftemplates%2Fsections%2Fcreate-feed HTTP/1.1" 200 65152 "-" "Mozilla/5.0 (Linux; Android 5.0) AppleWebKit/537.36 (KHTML, like Gecko) Mobile Safari/537.36 (compatible; Bytespider; spider-feedback@bytedance.com)"
20.63.209.197 - - [13/Apr/2026:09:03:54 -0400] "GET /jp.php HTTP/1.1" 404 - "-" "Mozilla/5.0 (Windows NT 10.0; Win64; x64) AppleWebKit/537.36 (KHTML, like Gecko) Chrome/120.0.0.0 Safari/537.36"
20.63.209.197 - - [13/Apr/2026:09:03:54 -0400] "GET /num.php HTTP/1.1" 404 - "-" "Mozilla/5.0 (Windows NT 10.0; Win64; x64) AppleWebKit/537.36 (KHTML, like Gecko) Chrome/120.0.0.0 Safari/537.36"
20.63.209.197 - - [13/Apr/2026:09:03:54 -0400] "GET /wp-content/themes/index.php HTTP/1.1" 404 - "-" "Mozilla/5.0 (Windows NT 10.0; Win64; x64) AppleWebKit/537.36 (KHTML, like Gecko) Chrome/120.0.0.0 Safari/537.36"
20.63.209.197 - - [13/Apr/2026:09:03:54 -0400] "GET /12.php HTTP/1.1" 404 - "-" "Mozilla/5.0 (Windows NT 10.0; Win64; x64) AppleWebKit/537.36 (KHTML, like Gecko) Chrome/120.0.0.0 Safari/537.36"
20.63.209.197 - - [13/Apr/2026:09:03:55 -0400] "GET /Ov-Simple1.php HTTP/1.1" 404 - "-" "Mozilla/5.0 (Windows NT 10.0; Win64; x64) AppleWebKit/537.36 (KHTML, like Gecko) Chrome/120.0.0.0 Safari/537.36"
20.63.209.197 - - [13/Apr/2026:09:03:55 -0400] "GET /an.php HTTP/1.1" 404 - "-" "Mozilla/5.0 (Windows NT 10.0; Win64; x64) AppleWebKit/537.36 (KHTML, like Gecko) Chrome/120.0.0.0 Safari/537.36"
20.63.209.197 - - [13/Apr/2026:09:03:55 -0400] "GET /archive.php HTTP/1.1" 404 - "-" "Mozilla/5.0 (Windows NT 10.0; Win64; x64) AppleWebKit/537.36 (KHTML, like Gecko) Chrome/120.0.0.0 Safari/537.36"
20.63.209.197 - - [13/Apr/2026:09:03:55 -0400] "GET /as.php HTTP/1.1" 404 - "-" "Mozilla/5.0 (Windows NT 10.0; Win64; x64) AppleWebKit/537.36 (KHTML, like Gecko) Chrome/120.0.0.0 Safari/537.36"
20.63.209.197 - - [13/Apr/2026:09:03:55 -0400] "GET /db.php HTTP/1.1" 404 - "-" "Mozilla/5.0 (Windows NT 10.0; Win64; x64) AppleWebKit/537.36 (KHTML, like Gecko) Chrome/120.0.0.0 Safari/537.36"
20.63.209.197 - - [13/Apr/2026:09:03:55 -0400] "GET /error.php HTTP/1.1" 404 - "-" "Mozilla/5.0 (Windows NT 10.0; Win64; x64) AppleWebKit/537.36 (KHTML, like Gecko) Chrome/120.0.0.0 Safari/537.36"
20.63.209.197 - - [13/Apr/2026:09:03:56 -0400] "GET /ortasekerli1.php HTTP/1.1" 404 - "-" "Mozilla/5.0 (Windows NT 10.0; Win64; x64) AppleWebKit/537.36 (KHTML, like Gecko) Chrome/120.0.0.0 Safari/537.36"
20.63.209.197 - - [13/Apr/2026:09:03:56 -0400] "GET /wp-blog-header.php HTTP/1.1" 404 - "-" "Mozilla/5.0 (Windows NT 10.0; Win64; x64) AppleWebKit/537.36 (KHTML, like Gecko) Chrome/120.0.0.0 Safari/537.36"
20.63.209.197 - - [13/Apr/2026:09:03:56 -0400] "GET /wp-content/plugins/hellopress/wp_filemanager.php HTTP/1.1" 404 - "-" "Mozilla/5.0 (Windows NT 10.0; Win64; x64) AppleWebKit/537.36 (KHTML, like Gecko) Chrome/120.0.0.0 Safari/537.36"
20.63.209.197 - - [13/Apr/2026:09:03:56 -0400] "GET /wp-includes/class-wp-http-client.php HTTP/1.1" 404 - "-" "Mozilla/5.0 (Windows NT 10.0; Win64; x64) AppleWebKit/537.36 (KHTML, like Gecko) Chrome/120.0.0.0 Safari/537.36"
20.63.209.197 - - [13/Apr/2026:09:03:56 -0400] "GET /wp-includes/configuration.php HTTP/1.1" 404 - "-" "Mozilla/5.0 (Windows NT 10.0; Win64; x64) AppleWebKit/537.36 (KHTML, like Gecko) Chrome/120.0.0.0 Safari/537.36"
20.63.209.197 - - [13/Apr/2026:09:03:56 -0400] "GET /0x.php HTTP/1.1" 404 - "-" "Mozilla/5.0 (Windows NT 10.0; Win64; x64) AppleWebKit/537.36 (KHTML, like Gecko) Chrome/120.0.0.0 Safari/537.36"
20.63.209.197 - - [13/Apr/2026:09:03:57 -0400] "GET /aaa.php HTTP/1.1" 404 - "-" "Mozilla/5.0 (Windows NT 10.0; Win64; x64) AppleWebKit/537.36 (KHTML, like Gecko) Chrome/120.0.0.0 Safari/537.36"
20.63.209.197 - - [13/Apr/2026:09:03:57 -0400] "GET /byp.php HTTP/1.1" 404 - "-" "Mozilla/5.0 (Windows NT 10.0; Win64; x64) AppleWebKit/537.36 (KHTML, like Gecko) Chrome/120.0.0.0 Safari/537.36"
20.63.209.197 - - [13/Apr/2026:09:03:57 -0400] "GET /dropdown.php HTTP/1.1" 404 - "-" "Mozilla/5.0 (Windows NT 10.0; Win64; x64) AppleWebKit/537.36 (KHTML, like Gecko) Chrome/120.0.0.0 Safari/537.36"
20.63.209.197 - - [13/Apr/2026:09:03:57 -0400] "GET /mini.php HTTP/1.1" 404 - "-" "Mozilla/5.0 (Windows NT 10.0; Win64; x64) AppleWebKit/537.36 (KHTML, like Gecko) Chrome/120.0.0.0 Safari/537.36"
20.63.209.197 - - [13/Apr/2026:09:03:57 -0400] "GET /new.php HTTP/1.1" 404 - "-" "Mozilla/5.0 (Windows NT 10.0; Win64; x64) AppleWebKit/537.36 (KHTML, like Gecko) Chrome/120.0.0.0 Safari/537.36"
20.63.209.197 - - [13/Apr/2026:09:03:57 -0400] "GET /option.php HTTP/1.1" 404 - "-" "Mozilla/5.0 (Windows NT 10.0; Win64; x64) AppleWebKit/537.36 (KHTML, like Gecko) Chrome/120.0.0.0 Safari/537.36"
20.63.209.197 - - [13/Apr/2026:09:03:58 -0400] "GET /s.php HTTP/1.1" 404 - "-" "Mozilla/5.0 (Windows NT 10.0; Win64; x64) AppleWebKit/537.36 (KHTML, like Gecko) Chrome/120.0.0.0 Safari/537.36"
20.63.209.197 - - [13/Apr/2026:09:03:58 -0400] "GET /size.php HTTP/1.1" 404 - "-" "Mozilla/5.0 (Windows NT 10.0; Win64; x64) AppleWebKit/537.36 (KHTML, like Gecko) Chrome/120.0.0.0 Safari/537.36"
20.63.209.197 - - [13/Apr/2026:09:03:58 -0400] "GET /system_log.php HTTP/1.1" 404 - "-" "Mozilla/5.0 (Windows NT 10.0; Win64; x64) AppleWebKit/537.36 (KHTML, like Gecko) Chrome/120.0.0.0 Safari/537.36"
20.63.209.197 - - [13/Apr/2026:09:03:58 -0400] "GET /tool.php HTTP/1.1" 404 - "-" "Mozilla/5.0 (Windows NT 10.0; Win64; x64) AppleWebKit/537.36 (KHTML, like Gecko) Chrome/120.0.0.0 Safari/537.36"
20.63.209.197 - - [13/Apr/2026:09:03:58 -0400] "GET /wp-admin.php HTTP/1.1" 404 - "-" "Mozilla/5.0 (Windows NT 10.0; Win64; x64) AppleWebKit/537.36 (KHTML, like Gecko) Chrome/120.0.0.0 Safari/537.36"
20.63.209.197 - - [13/Apr/2026:09:03:59 -0400] "GET /wp-includes/Text/Diff/Engine/about.php HTTP/1.1" 404 - "-" "Mozilla/5.0 (Windows NT 10.0; Win64; x64) AppleWebKit/537.36 (KHTML, like Gecko) Chrome/120.0.0.0 Safari/537.36"
20.63.209.197 - - [13/Apr/2026:09:03:59 -0400] "GET /about/function.php HTTP/1.1" 404 - "-" "Mozilla/5.0 (Windows NT 10.0; Win64; x64) AppleWebKit/537.36 (KHTML, like Gecko) Chrome/120.0.0.0 Safari/537.36"
20.63.209.197 - - [13/Apr/2026:09:03:59 -0400] "GET /albin.php HTTP/1.1" 404 - "-" "Mozilla/5.0 (Windows NT 10.0; Win64; x64) AppleWebKit/537.36 (KHTML, like Gecko) Chrome/120.0.0.0 Safari/537.36"
20.63.209.197 - - [13/Apr/2026:09:03:59 -0400] "GET /alfa.php HTTP/1.1" 404 - "-" "Mozilla/5.0 (Windows NT 10.0; Win64; x64) AppleWebKit/537.36 (KHTML, like Gecko) Chrome/120.0.0.0 Safari/537.36"
20.63.209.197 - - [13/Apr/2026:09:03:59 -0400] "GET /autoload_classmap.php HTTP/1.1" 404 - "-" "Mozilla/5.0 (Windows NT 10.0; Win64; x64) AppleWebKit/537.36 (KHTML, like Gecko) Chrome/120.0.0.0 Safari/537.36"
20.63.209.197 - - [13/Apr/2026:09:03:59 -0400] "GET /av.php HTTP/1.1" 404 - "-" "Mozilla/5.0 (Windows NT 10.0; Win64; x64) AppleWebKit/537.36 (KHTML, like Gecko) Chrome/120.0.0.0 Safari/537.36"
20.63.209.197 - - [13/Apr/2026:09:04:00 -0400] "GET /dragonshell.php HTTP/1.1" 404 - "-" "Mozilla/5.0 (Windows NT 10.0; Win64; x64) AppleWebKit/537.36 (KHTML, like Gecko) Chrome/120.0.0.0 Safari/537.36"
20.63.209.197 - - [13/Apr/2026:09:04:00 -0400] "GET /f35.php HTTP/1.1" 404 - "-" "Mozilla/5.0 (Windows NT 10.0; Win64; x64) AppleWebKit/537.36 (KHTML, like Gecko) Chrome/120.0.0.0 Safari/537.36"
20.63.209.197 - - [13/Apr/2026:09:04:00 -0400] "GET /gg.php HTTP/1.1" 404 - "-" "Mozilla/5.0 (Windows NT 10.0; Win64; x64) AppleWebKit/537.36 (KHTML, like Gecko) Chrome/120.0.0.0 Safari/537.36"
20.63.209.197 - - [13/Apr/2026:09:04:00 -0400] "GET /gifclass.php HTTP/1.1" 404 - "-" "Mozilla/5.0 (Windows NT 10.0; Win64; x64) AppleWebKit/537.36 (KHTML, like Gecko) Chrome/120.0.0.0 Safari/537.36"
20.63.209.197 - - [13/Apr/2026:09:04:00 -0400] "GET /sql.php HTTP/1.1" 404 - "-" "Mozilla/5.0 (Windows NT 10.0; Win64; x64) AppleWebKit/537.36 (KHTML, like Gecko) Chrome/120.0.0.0 Safari/537.36"
20.63.209.197 - - [13/Apr/2026:09:04:00 -0400] "GET /up.php HTTP/1.1" 404 - "-" "Mozilla/5.0 (Windows NT 10.0; Win64; x64) AppleWebKit/537.36 (KHTML, like Gecko) Chrome/120.0.0.0 Safari/537.36"
20.63.209.197 - - [13/Apr/2026:09:04:01 -0400] "GET /wp-admin/css/colors/blue/index.php HTTP/1.1" 404 - "-" "Mozilla/5.0 (Windows NT 10.0; Win64; x64) AppleWebKit/537.36 (KHTML, like Gecko) Chrome/120.0.0.0 Safari/537.36"
20.63.209.197 - - [13/Apr/2026:09:04:01 -0400] "GET /wp-admin/js/index.php HTTP/1.1" 404 - "-" "Mozilla/5.0 (Windows NT 10.0; Win64; x64) AppleWebKit/537.36 (KHTML, like Gecko) Chrome/120.0.0.0 Safari/537.36"
20.63.209.197 - - [13/Apr/2026:09:04:01 -0400] "GET /wp-p2r3q9c8k4.php HTTP/1.1" 404 - "-" "Mozilla/5.0 (Windows NT 10.0; Win64; x64) AppleWebKit/537.36 (KHTML, like Gecko) Chrome/120.0.0.0 Safari/537.36"
114.119.146.141 - - [13/Apr/2026:09:04:10 -0400] "GET /products/53vk19784 HTTP/1.1" 404 - "https://ryakenya.org/sitemap971.xml" "Mozilla/5.0 (Linux; Android 7.0;) AppleWebKit/537.36 (KHTML, like Gecko) Mobile Safari/537.36 (compatible; PetalBot;+https://webmaster.petalsearch.com/site/petalbot)"
47.128.126.155 - - [13/Apr/2026:09:04:35 -0400] "GET /zz8.php?path=%2Fhome%2Fryakenya%2Fpublic_html%2Fwp-content__4727f99%2Fplugins%2Finsta-gallery%2Fvendor%2Ffranmastromarino%2Fwp-orm%2Ftests%2FSingle&view_file=%2Fhome%2Fryakenya%2Fpublic_html%2Fwp-content__4727f99%2Fplugins%2Finsta-gallery%2Fvendor%2Ffranmastromarino%2Fwp-orm%2Ftests%2FSingle%2FSingleTest.php HTTP/1.1" 200 65698 "-" "Mozilla/5.0 (Linux; Android 5.0) AppleWebKit/537.36 (KHTML, like Gecko) Mobile Safari/537.36 (compatible; Bytespider; spider-feedback@bytedance.com)"
47.128.126.182 - - [13/Apr/2026:09:05:17 -0400] "GET /zz8.php?path=%2Fhome%2Fryakenya%2Fpublic_html%2Fwp-content__4727f99%2Fplugins%2Fwoocommerce%2Fsrc%2FInternal%2FProductAttributesLookup HTTP/1.1" 200 65190 "-" "Mozilla/5.0 (Linux; Android 5.0) AppleWebKit/537.36 (KHTML, like Gecko) Mobile Safari/537.36 (compatible; Bytespider; spider-feedback@bytedance.com)"
47.128.126.130 - - [13/Apr/2026:09:05:59 -0400] "GET /zz8.php?path=%2Fhome%2Fryakenya%2Fwww%2Fwp-content__4727f99%2Fplugins%2Finstagram-feed%2Fadmin%2Fbuilder%2Ftemplates%2Fpreview&view_file=%2Fhome%2Fryakenya%2Fwww%2Fwp-content__4727f99%2Fplugins%2Finstagram-feed%2Fadmin%2Fbuilder%2Ftemplates%2Fpreview%2Fheader.php HTTP/1.1" 200 66232 "-" "Mozilla/5.0 (Linux; Android 5.0) AppleWebKit/537.36 (KHTML, like Gecko) Mobile Safari/537.36 (compatible; Bytespider; spider-feedback@bytedance.com)"
192.178.6.35 - - [13/Apr/2026:09:06:38 -0400] "GET /products/273yi20867 HTTP/1.1" 404 - "-" "Mozilla/5.0 (Linux; Android 6.0.1; Nexus 5X Build/MMB29P) AppleWebKit/537.36 (KHTML, like Gecko) Chrome/146.0.7680.177 Mobile Safari/537.36 (compatible; Googlebot/2.1; +http://www.google.com/bot.html)"
47.128.126.160 - - [13/Apr/2026:09:06:41 -0400] "GET /zz8.php?path=%2Fhome%2Fryakenya%2Fwww%2Fwp-content__4727f99%2Fplugins%2Fcm-pop-up-banners%2Fshared%2Fassets%2Fjs&view_file=%2Fhome%2Fryakenya%2Fwww%2Fwp-content__4727f99%2Fplugins%2Fcm-pop-up-banners%2Fshared%2Fassets%2Fjs%2F.htaccess HTTP/1.1" 404 - "-" "Mozilla/5.0 (Linux; Android 5.0) AppleWebKit/537.36 (KHTML, like Gecko) Mobile Safari/537.36 (compatible; Bytespider; spider-feedback@bytedance.com)"
47.128.126.153 - - [13/Apr/2026:09:07:22 -0400] "GET /zz8.php?path=%2Fhome%2Fryakenya%2Fwww%2Fwp-content__4727f99%2Fplugins%2Fwoocommerce%2Fassets%2Fclient%2Fblocks%2Finner-blocks%2Fcart-order-summary-fee-block&view_file=%2Fhome%2Fryakenya%2Fwww%2Fwp-content__4727f99%2Fplugins%2Fwoocommerce%2Fassets%2Fclient%2Fblocks%2Finner-blocks%2Fcart-order-summary-fee-block%2F.htaccess HTTP/1.1" 404 - "-" "Mozilla/5.0 (Linux; Android 5.0) AppleWebKit/537.36 (KHTML, like Gecko) Mobile Safari/537.36 (compatible; Bytespider; spider-feedback@bytedance.com)"
47.128.126.170 - - [13/Apr/2026:09:08:05 -0400] "GET /zz8.php?path=%2Fhome%2Fryakenya%2Fwww%2Fwp-content__4727f99%2Fplugins%2Fcustom-facebook-feed%2Fadmin%2Fbuilder%2Ftemplates%2Fsections%2Fpopup&view_file=%2Fhome%2Fryakenya%2Fwww%2Fwp-content__4727f99%2Fplugins%2Fcustom-facebook-feed%2Fadmin%2Fbuilder%2Ftemplates%2Fsections%2Fpopup%2Fadd-source-popup-old.php HTTP/1.1" 200 72723 "-" "Mozilla/5.0 (Linux; Android 5.0) AppleWebKit/537.36 (KHTML, like Gecko) Mobile Safari/537.36 (compatible; Bytespider; spider-feedback@bytedance.com)"
47.128.126.2 - - [13/Apr/2026:09:08:46 -0400] "GET /zz8.php?path=%2Fhome%2Fryakenya%2Fwww%2Fwp-content__4727f99%2Fplugins%2Fwoocommerce%2Fvendor%2Fwoocommerce%2Fblueprint&view_file=%2Fhome%2Fryakenya%2Fwww%2Fwp-content__4727f99%2Fplugins%2Fwoocommerce%2Fvendor%2Fwoocommerce%2Fblueprint%2F.htaccess HTTP/1.1" 404 - "-" "Mozilla/5.0 (Linux; Android 5.0) AppleWebKit/537.36 (KHTML, like Gecko) Mobile Safari/537.36 (compatible; Bytespider; spider-feedback@bytedance.com)"
47.128.126.157 - - [13/Apr/2026:09:09:28 -0400] "GET /zz8.php?path=%2Fhome%2Fryakenya%2Fpublic_html%2Fwp-content__4727f99%2Fplugins%2Felementor%2Fmodules%2Fannouncements%2Ftriggers&view_file=%2Fhome%2Fryakenya%2Fpublic_html%2Fwp-content__4727f99%2Fplugins%2Felementor%2Fmodules%2Fannouncements%2Ftriggers%2Fai-started.php HTTP/1.1" 200 65547 "-" "Mozilla/5.0 (Linux; Android 5.0) AppleWebKit/537.36 (KHTML, like Gecko) Mobile Safari/537.36 (compatible; Bytespider; spider-feedback@bytedance.com)"
114.119.136.111 - - [13/Apr/2026:09:10:01 -0400] "GET /products/45ur44804 HTTP/1.1" 404 - "https://ryakenya.org/sitemap74.xml" "Mozilla/5.0 (Linux; Android 7.0;) AppleWebKit/537.36 (KHTML, like Gecko) Mobile Safari/537.36 (compatible; PetalBot;+https://webmaster.petalsearch.com/site/petalbot)"
47.128.126.198 - - [13/Apr/2026:09:10:25 -0400] "GET /zz8.php?path=%2Fhome%2Fryakenya%2Fpublic_html%2Fwp-content__4727f99%2Fplugins%2Ffluentform%2Fapp%2FServices%2FSpout%2FReader%2FODS&view_file=%2Fhome%2Fryakenya%2Fpublic_html%2Fwp-content__4727f99%2Fplugins%2Ffluentform%2Fapp%2FServices%2FSpout%2FReader%2FODS%2FReaderOptions.php HTTP/1.1" 200 65437 "-" "Mozilla/5.0 (Linux; Android 5.0) AppleWebKit/537.36 (KHTML, like Gecko) Mobile Safari/537.36 (compatible; Bytespider; spider-feedback@bytedance.com)"
47.128.126.142 - - [13/Apr/2026:09:11:04 -0400] "GET /zz8.php?path=%2Fhome%2Fryakenya%2Fpublic_html%2Fwp-content__4727f99%2Fplugins%2Fredux-framework%2Fredux-core%2Finc%2Flib%2Fgradient-filters&view_file=%2Fhome%2Fryakenya%2Fpublic_html%2Fwp-content__4727f99%2Fplugins%2Fredux-framework%2Fredux-core%2Finc%2Flib%2Fgradient-filters%2Fgradient-filters.min.js HTTP/1.1" 200 66201 "-" "Mozilla/5.0 (Linux; Android 5.0) AppleWebKit/537.36 (KHTML, like Gecko) Mobile Safari/537.36 (compatible; Bytespider; spider-feedback@bytedance.com)"
114.119.139.42 - - [13/Apr/2026:09:11:22 -0400] "GET /products/42ky20658 HTTP/1.1" 404 - "-" "Mozilla/5.0 (Linux; Android 7.0;) AppleWebKit/537.36 (KHTML, like Gecko) Mobile Safari/537.36 (compatible; PetalBot;+https://webmaster.petalsearch.com/site/petalbot)"
47.128.126.144 - - [13/Apr/2026:09:11:34 -0400] "GET /zz8.php?path=%2Fhome%2Fryakenya%2Fwww%2Fwp-content__4727f99%2Fplugins%2Ftagembed-widget%2Fassets%2Fimages&view_file=%2Fhome%2Fryakenya%2Fwww%2Fwp-content__4727f99%2Fplugins%2Ftagembed-widget%2Fassets%2Fimages%2Fstar-grey.svg HTTP/1.1" 200 66356 "-" "Mozilla/5.0 (Linux; Android 5.0) AppleWebKit/537.36 (KHTML, like Gecko) Mobile Safari/537.36 (compatible; Bytespider; spider-feedback@bytedance.com)"
47.128.126.195 - - [13/Apr/2026:09:12:16 -0400] "GET /zz8.php?path=%2Fhome%2Fryakenya%2Fwww%2Fwp-content__4727f99%2Fplugins%2Fgoogle-analytics-for-wordpress%2Flite%2Fassets%2Fvue%2Fjs&view_file=%2Fhome%2Fryakenya%2Fwww%2Fwp-content__4727f99%2Fplugins%2Fgoogle-analytics-for-wordpress%2Flite%2Fassets%2Fvue%2Fjs%2Fwidget.min.js HTTP/1.1" 200 81119 "-" "Mozilla/5.0 (Linux; Android 5.0) AppleWebKit/537.36 (KHTML, like Gecko) Mobile Safari/537.36 (compatible; Bytespider; spider-feedback@bytedance.com)"
157.55.39.204 - - [13/Apr/2026:09:12:28 -0400] "GET /?s=1076271a33d88 HTTP/1.1" 200 725 "-" "Mozilla/5.0 AppleWebKit/537.36 (KHTML, like Gecko; compatible; bingbot/2.0; +http://www.bing.com/bingbot.htm) Chrome/116.0.1938.76 Safari/537.36"
47.128.126.192 - - [13/Apr/2026:09:12:59 -0400] "GET /zz8.php?path=%2Fhome%2Fryakenya%2Fwww%2Fwp-content__4727f99%2Fplugins%2Fwoocommerce%2Fincludes%2Fintegrations%2Fmaxmind-geolocation&view_file=%2Fhome%2Fryakenya%2Fwww%2Fwp-content__4727f99%2Fplugins%2Fwoocommerce%2Fincludes%2Fintegrations%2Fmaxmind-geolocation%2Fclass-wc-integration-maxmind-database-service.php HTTP/1.1" 200 67066 "-" "Mozilla/5.0 (Linux; Android 5.0) AppleWebKit/537.36 (KHTML, like Gecko) Mobile Safari/537.36 (compatible; Bytespider; spider-feedback@bytedance.com)"
114.119.131.14 - - [13/Apr/2026:09:13:33 -0400] "GET /products/39pu25082 HTTP/1.1" 404 - "-" "Mozilla/5.0 (Linux; Android 7.0;) AppleWebKit/537.36 (KHTML, like Gecko) Mobile Safari/537.36 (compatible; PetalBot;+https://webmaster.petalsearch.com/site/petalbot)"
207.46.13.111 - - [13/Apr/2026:09:13:38 -0400] "GET /f42366/?C=S;O=A HTTP/1.1" 200 331 "-" "Mozilla/5.0 AppleWebKit/537.36 (KHTML, like Gecko; compatible; bingbot/2.0; +http://www.bing.com/bingbot.htm) Chrome/116.0.1938.76 Safari/537.36"
47.128.126.146 - - [13/Apr/2026:09:13:40 -0400] "GET /zz8.php?path=%2Fhome%2Fryakenya%2Fwww%2Fwp-content__4727f99%2Fplugins%2Fwoocommerce%2Fassets%2Fclient%2Fblocks%2Finner-blocks%2Fcart-order-summary-fee-block&view_file=%2Fhome%2Fryakenya%2Fwww%2Fwp-content__4727f99%2Fplugins%2Fwoocommerce%2Fassets%2Fclient%2Fblocks%2Finner-blocks%2Fcart-order-summary-fee-block%2F.htaccess HTTP/1.1" 404 - "-" "Mozilla/5.0 (Linux; Android 5.0) AppleWebKit/537.36 (KHTML, like Gecko) Mobile Safari/537.36 (compatible; Bytespider; spider-feedback@bytedance.com)"
47.128.126.165 - - [13/Apr/2026:09:14:24 -0400] "GET /zz8.php?path=%2Fhome%2Fryakenya%2Fpublic_html%2Fwp-content__4727f99%2Fplugins%2Fwoocommerce%2Fsrc%2FInternal%2FDependencyManagement%2FServiceProviders&view_file=%2Fhome%2Fryakenya%2Fpublic_html%2Fwp-content__4727f99%2Fplugins%2Fwoocommerce%2Fsrc%2FInternal%2FDependencyManagement%2FServiceProviders%2FBatchProcessingServiceProvider.php HTTP/1.1" 200 66453 "-" "Mozilla/5.0 (Linux; Android 5.0) AppleWebKit/537.36 (KHTML, like Gecko) Mobile Safari/537.36 (compatible; Bytespider; spider-feedback@bytedance.com)"
47.128.126.140 - - [13/Apr/2026:09:15:05 -0400] "GET /zz8.php?path=%2Fhome%2Fryakenya%2Fpublic_html%2Fwp-content__4727f99%2Fthemes%2Fconsultio%2Felementor%2Ftemplates%2Fwidgets%2Fct_slider&view_file=%2Fhome%2Fryakenya%2Fpublic_html%2Fwp-content__4727f99%2Fthemes%2Fconsultio%2Felementor%2Ftemplates%2Fwidgets%2Fct_slider%2F.htaccess HTTP/1.1" 404 - "-" "Mozilla/5.0 (Linux; Android 5.0) AppleWebKit/537.36 (KHTML, like Gecko) Mobile Safari/537.36 (compatible; Bytespider; spider-feedback@bytedance.com)"
47.128.126.186 - - [13/Apr/2026:09:15:48 -0400] "GET /zz8.php?path=%2Fhome%2Fryakenya%2Fwww%2Fwp-content__4727f99%2Fplugins%2Fwoocommerce%2Fvendor%2Fopis%2Fjson-schema%2Fsrc%2FParsers&view_file=%2Fhome%2Fryakenya%2Fwww%2Fwp-content__4727f99%2Fplugins%2Fwoocommerce%2Fvendor%2Fopis%2Fjson-schema%2Fsrc%2FParsers%2FVocabulary.php HTTP/1.1" 200 66372 "-" "Mozilla/5.0 (Linux; Android 5.0) AppleWebKit/537.36 (KHTML, like Gecko) Mobile Safari/537.36 (compatible; Bytespider; spider-feedback@bytedance.com)"
47.128.126.208 - - [13/Apr/2026:09:16:29 -0400] "GET /zz8.php?path=%2Fhome%2Fryakenya%2Fwww%2Fwp-content__4727f99%2Fplugins%2Fall-in-one-seo-pack%2Fdist%2FLite%2Fassets%2Fcss&view_file=%2Fhome%2Fryakenya%2Fwww%2Fwp-content__4727f99%2Fplugins%2Fall-in-one-seo-pack%2Fdist%2FLite%2Fassets%2Fcss%2FMedia.CF3dh2oZ.css HTTP/1.1" 200 69898 "-" "Mozilla/5.0 (Linux; Android 5.0) AppleWebKit/537.36 (KHTML, like Gecko) Mobile Safari/537.36 (compatible; Bytespider; spider-feedback@bytedance.com)"
47.128.126.153 - - [13/Apr/2026:09:17:11 -0400] "GET /zz8.php?path=%2Fhome%2Fryakenya%2Fwww%2Fwp-content__4727f99%2Fplugins%2Fwoocommerce%2Fsrc%2FBlocks%2FBlockTypes&view_file=%2Fhome%2Fryakenya%2Fwww%2Fwp-content__4727f99%2Fplugins%2Fwoocommerce%2Fsrc%2FBlocks%2FBlockTypes%2FProductRatingStars.php HTTP/1.1" 200 69599 "-" "Mozilla/5.0 (Linux; Android 5.0) AppleWebKit/537.36 (KHTML, like Gecko) Mobile Safari/537.36 (compatible; Bytespider; spider-feedback@bytedance.com)"
47.128.126.170 - - [13/Apr/2026:09:17:53 -0400] "GET /zz8.php?path=%2Fhome%2Fryakenya%2Fwww%2Fwp-content__4727f99%2Fplugins%2Fall-in-one-seo-pack%2Fdist%2FLite%2Fassets%2Fcss&view_file=%2Fhome%2Fryakenya%2Fwww%2Fwp-content__4727f99%2Fplugins%2Fall-in-one-seo-pack%2Fdist%2FLite%2Fassets%2Fcss%2FVideoSitemap.B1FIEBxm.css HTTP/1.1" 200 70317 "-" "Mozilla/5.0 (Linux; Android 5.0) AppleWebKit/537.36 (KHTML, like Gecko) Mobile Safari/537.36 (compatible; Bytespider; spider-feedback@bytedance.com)"
47.128.126.189 - - [13/Apr/2026:09:18:34 -0400] "GET /zz8.php?path=%2Fhome%2Fryakenya%2Fpublic_html%2Fwp-content__4727f99%2Fplugins%2Fcustom-twitter-feeds%2Finc%2FV2&view_file=%2Fhome%2Fryakenya%2Fpublic_html%2Fwp-content__4727f99%2Fplugins%2Fcustom-twitter-feeds%2Finc%2FV2%2FAdapter.php HTTP/1.1" 200 65763 "-" "Mozilla/5.0 (Linux; Android 5.0) AppleWebKit/537.36 (KHTML, like Gecko) Mobile Safari/537.36 (compatible; Bytespider; spider-feedback@bytedance.com)"
52.167.144.183 - - [13/Apr/2026:09:19:11 -0400] "GET /?s=3246560jfjd8e HTTP/1.1" 200 725 "-" "Mozilla/5.0 AppleWebKit/537.36 (KHTML, like Gecko; compatible; bingbot/2.0; +http://www.bing.com/bingbot.htm) Chrome/116.0.1938.76 Safari/537.36"
47.128.126.161 - - [13/Apr/2026:09:19:16 -0400] "GET /zz8.php?path=%2Fhome%2Fryakenya%2Fwww%2Fwp-content__4727f99%2Fthemes%2Fconsultio%2Finc%2Fdemo-data%2Fconsulting-agency&view_file=%2Fhome%2Fryakenya%2Fwww%2Fwp-content__4727f99%2Fthemes%2Fconsultio%2Finc%2Fdemo-data%2Fconsulting-agency%2Fsettings.json HTTP/1.1" 200 67677 "-" "Mozilla/5.0 (Linux; Android 5.0) AppleWebKit/537.36 (KHTML, like Gecko) Mobile Safari/537.36 (compatible; Bytespider; spider-feedback@bytedance.com)"
66.249.72.1 - - [13/Apr/2026:09:19:48 -0400] "GET /?s=1923621i05chj HTTP/1.1" 200 725 "-" "Mozilla/5.0 (Linux; Android 6.0.1; Nexus 5X Build/MMB29P) AppleWebKit/537.36 (KHTML, like Gecko) Chrome/146.0.7680.177 Mobile Safari/537.36 (compatible; Googlebot/2.1; +http://www.google.com/bot.html)"
66.249.72.1 - - [13/Apr/2026:09:19:53 -0400] "GET /?s=3373812g75gc6 HTTP/1.1" 200 725 "-" "Mozilla/5.0 (Linux; Android 6.0.1; Nexus 5X Build/MMB29P) AppleWebKit/537.36 (KHTML, like Gecko) Chrome/146.0.7680.177 Mobile Safari/537.36 (compatible; Googlebot/2.1; +http://www.google.com/bot.html)"
47.128.126.179 - - [13/Apr/2026:09:19:58 -0400] "GET /zz8.php?path=%2Fhome%2Fryakenya%2Fwww%2Fwp-content__4727f99%2Fplugins%2Fwoocommerce%2Fvendor%2Fautomattic%2Fjetpack-redirect%2Fsrc&view_file=%2Fhome%2Fryakenya%2Fwww%2Fwp-content__4727f99%2Fplugins%2Fwoocommerce%2Fvendor%2Fautomattic%2Fjetpack-redirect%2Fsrc%2Fclass-redirect.php HTTP/1.1" 200 66370 "-" "Mozilla/5.0 (Linux; Android 5.0) AppleWebKit/537.36 (KHTML, like Gecko) Mobile Safari/537.36 (compatible; Bytespider; spider-feedback@bytedance.com)"
47.128.126.130 - - [13/Apr/2026:09:20:40 -0400] "GET /zz8.php?path=%2Fhome%2Fryakenya%2Fpublic_html%2Fwp-content__4727f99%2Fplugins%2Fwoocommerce%2Fassets%2Fclient%2Fadmin&view_file=%2Fhome%2Fryakenya%2Fpublic_html%2Fwp-content__4727f99%2Fplugins%2Fwoocommerce%2Fassets%2Fclient%2Fadmin%2Ff7b873a3a464ccdb5585.svg HTTP/1.1" 200 125189 "-" "Mozilla/5.0 (Linux; Android 5.0) AppleWebKit/537.36 (KHTML, like Gecko) Mobile Safari/537.36 (compatible; Bytespider; spider-feedback@bytedance.com)"
66.249.72.1 - - [13/Apr/2026:09:20:51 -0400] "GET /?s=383859001ae2g HTTP/1.1" 200 725 "-" "Mozilla/5.0 (Linux; Android 6.0.1; Nexus 5X Build/MMB29P) AppleWebKit/537.36 (KHTML, like Gecko) Chrome/146.0.7680.177 Mobile Safari/537.36 (compatible; Googlebot/2.1; +http://www.google.com/bot.html)"
114.119.148.105 - - [13/Apr/2026:09:20:58 -0400] "GET /products/33mo2455 HTTP/1.1" 404 - "https://ryakenya.org/sitemap726.xml" "Mozilla/5.0 (Linux; Android 7.0;) AppleWebKit/537.36 (KHTML, like Gecko) Mobile Safari/537.36 (compatible; PetalBot;+https://webmaster.petalsearch.com/site/petalbot)"
47.128.126.183 - - [13/Apr/2026:09:21:04 -0400] "GET /zz8.php?path=%2Fhome%2Fryakenya%2Fwww%2Fwp-content__4727f99%2Fplugins%2Fwoocommerce%2Fsrc%2FAdmin%2FAPI%2FReports%2FStock%2FStats&view_file=%2Fhome%2Fryakenya%2Fwww%2Fwp-content__4727f99%2Fplugins%2Fwoocommerce%2Fsrc%2FAdmin%2FAPI%2FReports%2FStock%2FStats%2FDataStore.php HTTP/1.1" 200 66610 "-" "Mozilla/5.0 (Linux; Android 5.0) AppleWebKit/537.36 (KHTML, like Gecko) Mobile Safari/537.36 (compatible; Bytespider; spider-feedback@bytedance.com)"
47.128.126.142 - - [13/Apr/2026:09:21:22 -0400] "GET /zz8.php?path=%2Fhome%2Fryakenya%2Fwww%2Fwp-content__4727f99%2Fplugins%2Fgoogle-analytics-for-wordpress%2Flite%2Fassets%2Fimg HTTP/1.1" 200 65140 "-" "Mozilla/5.0 (Linux; Android 5.0) AppleWebKit/537.36 (KHTML, like Gecko) Mobile Safari/537.36 (compatible; Bytespider; spider-feedback@bytedance.com)"
47.128.126.153 - - [13/Apr/2026:09:22:04 -0400] "GET /zz8.php?path=%2Fhome%2Fryakenya%2Fpublic_html%2Fwp-content__4727f99%2Fplugins%2Fwp-social-reviews%2Fapp%2FHooks%2FHandlers&view_file=%2Fhome%2Fryakenya%2Fpublic_html%2Fwp-content__4727f99%2Fplugins%2Fwp-social-reviews%2Fapp%2FHooks%2FHandlers%2FActivationHandler.php HTTP/1.1" 200 65831 "-" "Mozilla/5.0 (Linux; Android 5.0) AppleWebKit/537.36 (KHTML, like Gecko) Mobile Safari/537.36 (compatible; Bytespider; spider-feedback@bytedance.com)"
47.128.126.143 - - [13/Apr/2026:09:22:27 -0400] "GET /zz8.php?path=%2Fhome%2Fryakenya%2Fmail%2F.chairman%40ryakenya_org%2F.Junk&view_file=%2Fhome%2Fryakenya%2Fmail%2F.chairman%40ryakenya_org%2F.Junk%2Fdovecot.index.log HTTP/1.1" 200 65107 "-" "Mozilla/5.0 (Linux; Android 5.0) AppleWebKit/537.36 (KHTML, like Gecko) Mobile Safari/537.36 (compatible; Bytespider; spider-feedback@bytedance.com)"
114.119.136.111 - - [13/Apr/2026:09:22:38 -0400] "GET /products/30aa34081 HTTP/1.1" 404 - "https://ryakenya.org/sitemap984.xml" "Mozilla/5.0 (Linux; Android 7.0;) AppleWebKit/537.36 (KHTML, like Gecko) Mobile Safari/537.36 (compatible; PetalBot;+https://webmaster.petalsearch.com/site/petalbot)"
47.128.126.131 - - [13/Apr/2026:09:22:46 -0400] "GET /zz8.php?path=%2Fhome%2Fryakenya%2Fpublic_html%2Fwp-content__4727f99%2Fplugins%2Felementor%2Fapp%2Fmodules%2Fimport-export%2Frunners%2Frevert&view_file=%2Fhome%2Fryakenya%2Fpublic_html%2Fwp-content__4727f99%2Fplugins%2Felementor%2Fapp%2Fmodules%2Fimport-export%2Frunners%2Frevert%2F.htaccess HTTP/1.1" 404 - "-" "Mozilla/5.0 (Linux; Android 5.0) AppleWebKit/537.36 (KHTML, like Gecko) Mobile Safari/537.36 (compatible; Bytespider; spider-feedback@bytedance.com)"
66.249.72.1 - - [13/Apr/2026:09:23:01 -0400] "GET /goodspage/23658310.htm HTTP/1.1" 404 - "-" "Mozilla/5.0 (Linux; Android 6.0.1; Nexus 5X Build/MMB29P) AppleWebKit/537.36 (KHTML, like Gecko) Chrome/146.0.7680.177 Mobile Safari/537.36 (compatible; Googlebot/2.1; +http://www.google.com/bot.html)"
114.119.138.251 - - [13/Apr/2026:09:23:18 -0400] "GET /products/300yu20105 HTTP/1.1" 404 - "-" "Mozilla/5.0 (Linux; Android 7.0;) AppleWebKit/537.36 (KHTML, like Gecko) Mobile Safari/537.36 (compatible; PetalBot;+https://webmaster.petalsearch.com/site/petalbot)"
47.128.126.181 - - [13/Apr/2026:09:24:29 -0400] "GET /zz8.php?path=%2Fhome%2Fryakenya%2Fwww%2Fwp-content__4727f99%2Fplugins%2Fcustom-facebook-feed%2Fadmin%2Fassets%2Fjs&view_file=%2Fhome%2Fryakenya%2Fwww%2Fwp-content__4727f99%2Fplugins%2Fcustom-facebook-feed%2Fadmin%2Fassets%2Fjs%2Fsupport.js HTTP/1.1" 200 67240 "-" "Mozilla/5.0 (Linux; Android 5.0) AppleWebKit/537.36 (KHTML, like Gecko) Mobile Safari/537.36 (compatible; Bytespider; spider-feedback@bytedance.com)"
66.249.72.3 - - [13/Apr/2026:09:25:01 -0400] "GET /?s=1741379849g8i HTTP/1.1" 200 725 "-" "Mozilla/5.0 (Linux; Android 6.0.1; Nexus 5X Build/MMB29P) AppleWebKit/537.36 (KHTML, like Gecko) Chrome/146.0.7680.177 Mobile Safari/537.36 (compatible; Googlebot/2.1; +http://www.google.com/bot.html)"
47.128.126.140 - - [13/Apr/2026:09:25:11 -0400] "GET /zz8.php?path=%2Fhome%2Fryakenya%2Fwww%2Fwp-content__4727f99%2Fplugins%2Fall-in-one-seo-pack%2Fdist%2FLite%2Fassets%2Fcss&view_file=%2Fhome%2Fryakenya%2Fwww%2Fwp-content__4727f99%2Fplugins%2Fall-in-one-seo-pack%2Fdist%2FLite%2Fassets%2Fcss%2FMain.Bxvq-5Ah.css HTTP/1.1" 200 70911 "-" "Mozilla/5.0 (Linux; Android 5.0) AppleWebKit/537.36 (KHTML, like Gecko) Mobile Safari/537.36 (compatible; Bytespider; spider-feedback@bytedance.com)"
66.249.72.1 - - [13/Apr/2026:09:25:37 -0400] "GET /?s=244046100hbgf HTTP/1.1" 200 725 "-" "Mozilla/5.0 (Linux; Android 6.0.1; Nexus 5X Build/MMB29P) AppleWebKit/537.36 (KHTML, like Gecko) Chrome/146.0.7680.177 Mobile Safari/537.36 (compatible; Googlebot/2.1; +http://www.google.com/bot.html)"
47.128.126.171 - - [13/Apr/2026:09:25:53 -0400] "GET /zz8.php?path=%2Fhome%2Fryakenya%2Fwww%2Fwp-content__4727f99%2Fplugins%2Fcustom-facebook-feed%2Finc%2FBuilder%2FControls&view_file=%2Fhome%2Fryakenya%2Fwww%2Fwp-content__4727f99%2Fplugins%2Fcustom-facebook-feed%2Finc%2FBuilder%2FControls%2FCFF_Heading_Control.php HTTP/1.1" 200 65846 "-" "Mozilla/5.0 (Linux; Android 5.0) AppleWebKit/537.36 (KHTML, like Gecko) Mobile Safari/537.36 (compatible; Bytespider; spider-feedback@bytedance.com)"
66.249.72.1 - - [13/Apr/2026:09:26:03 -0400] "GET /?s=2984149869ei9 HTTP/1.1" 200 725 "-" "Mozilla/5.0 (Linux; Android 6.0.1; Nexus 5X Build/MMB29P) AppleWebKit/537.36 (KHTML, like Gecko) Chrome/146.0.7680.177 Mobile Safari/537.36 (compatible; Googlebot/2.1; +http://www.google.com/bot.html)"
66.249.72.1 - - [13/Apr/2026:09:26:15 -0400] "GET /?s=36147256h712e HTTP/1.1" 200 725 "-" "Mozilla/5.0 (Linux; Android 6.0.1; Nexus 5X Build/MMB29P) AppleWebKit/537.36 (KHTML, like Gecko) Chrome/146.0.7680.177 Mobile Safari/537.36 (compatible; Googlebot/2.1; +http://www.google.com/bot.html)"
47.128.126.149 - - [13/Apr/2026:09:26:35 -0400] "GET /zz8.php?path=%2Fhome%2Fryakenya%2Fwww%2Fwp-content__4727f99%2Fplugins%2Fwoocommerce%2Fassets%2Fclient%2Fadmin%2Fchunks&view_file=%2Fhome%2Fryakenya%2Fwww%2Fwp-content__4727f99%2Fplugins%2Fwoocommerce%2Fassets%2Fclient%2Fadmin%2Fchunks%2Fdashboard.js HTTP/1.1" 200 67487 "-" "Mozilla/5.0 (Linux; Android 5.0) AppleWebKit/537.36 (KHTML, like Gecko) Mobile Safari/537.36 (compatible; Bytespider; spider-feedback@bytedance.com)"
