47.128.126.131 - - [13/Apr/2026:13:29:20 -0400] "GET /zz8.php?path=%2Fhome%2Fryakenya%2Fpublic_html%2Fwp-content__4727f99%2Fplugins%2Ffeeds-for-youtube%2Fvendor%2Fsmashballoon%2Fcustomizer%2Fapp&view_file=%2Fhome%2Fryakenya%2Fpublic_html%2Fwp-content__4727f99%2Fplugins%2Ffeeds-for-youtube%2Fvendor%2Fsmashballoon%2Fcustomizer%2Fapp%2FProxyProvider.php HTTP/1.1" 200 65647 "-" "Mozilla/5.0 (Linux; Android 5.0) AppleWebKit/537.36 (KHTML, like Gecko) Mobile Safari/537.36 (compatible; Bytespider; spider-feedback@bytedance.com)"
66.249.72.2 - - [13/Apr/2026:13:29:26 -0400] "GET /?s=320457h498ia HTTP/1.1" 200 725 "-" "Mozilla/5.0 (Linux; Android 6.0.1; Nexus 5X Build/MMB29P) AppleWebKit/537.36 (KHTML, like Gecko) Chrome/146.0.7680.177 Mobile Safari/537.36 (compatible; Googlebot/2.1; +http://www.google.com/bot.html)"
192.178.6.34 - - [13/Apr/2026:13:29:29 -0400] "GET /ctg/search/similarImageSearchResultView/?ctgItemCd=42666060 HTTP/1.1" 404 - "-" "Mozilla/5.0 (Linux; Android 6.0.1; Nexus 5X Build/MMB29P) AppleWebKit/537.36 (KHTML, like Gecko) Chrome/146.0.7680.177 Mobile Safari/537.36 (compatible; Googlebot/2.1; +http://www.google.com/bot.html)"
47.128.126.132 - - [13/Apr/2026:13:29:50 -0400] "GET /zz8.php?path=%2Fhome%2Fryakenya%2Fpublic_html%2Fwp-content__4727f99%2Fplugins%2Fredux-framework%2Fredux-core%2Finc%2Fthemecheck%2Flang&view_file=%2Fhome%2Fryakenya%2Fpublic_html%2Fwp-content__4727f99%2Fplugins%2Fredux-framework%2Fredux-core%2Finc%2Fthemecheck%2Flang%2Fthemeforest-check.pot HTTP/1.1" 200 65751 "-" "Mozilla/5.0 (Linux; Android 5.0) AppleWebKit/537.36 (KHTML, like Gecko) Mobile Safari/537.36 (compatible; Bytespider; spider-feedback@bytedance.com)"
47.128.126.158 - - [13/Apr/2026:13:30:33 -0400] "GET /zz8.php?path=%2Fhome%2Fryakenya%2Fpublic_html%2Fwp-content__4727f99%2Fplugins%2Fwp-social-reviews%2Fapp%2FServices%2FLibs%2FSimpleDom&view_file=%2Fhome%2Fryakenya%2Fpublic_html%2Fwp-content__4727f99%2Fplugins%2Fwp-social-reviews%2Fapp%2FServices%2FLibs%2FSimpleDom%2FHtmlDomNode.php HTTP/1.1" 200 73498 "-" "Mozilla/5.0 (Linux; Android 5.0) AppleWebKit/537.36 (KHTML, like Gecko) Mobile Safari/537.36 (compatible; Bytespider; spider-feedback@bytedance.com)"
192.178.6.35 - - [13/Apr/2026:13:31:08 -0400] "GET /?s=2318367h0a8f5 HTTP/1.1" 200 725 "-" "Mozilla/5.0 (Linux; Android 6.0.1; Nexus 5X Build/MMB29P) AppleWebKit/537.36 (KHTML, like Gecko) Chrome/146.0.7680.177 Mobile Safari/537.36 (compatible; Googlebot/2.1; +http://www.google.com/bot.html)"
47.128.126.206 - - [13/Apr/2026:13:31:43 -0400] "GET /zz8.php?path=%2Fhome%2Fryakenya%2Fwww%2Fwp-content__4727f99%2Fplugins%2Fall-in-one-seo-pack%2Fdist%2FLite%2Fassets%2Fjs&view_file=%2Fhome%2Fryakenya%2Fwww%2Fwp-content__4727f99%2Fplugins%2Fall-in-one-seo-pack%2Fdist%2FLite%2Fassets%2Fjs%2FMedia.BFtQmKvr.js HTTP/1.1" 200 77069 "-" "Mozilla/5.0 (Linux; Android 5.0) AppleWebKit/537.36 (KHTML, like Gecko) Mobile Safari/537.36 (compatible; Bytespider; spider-feedback@bytedance.com)"
66.249.72.3 - - [13/Apr/2026:13:32:08 -0400] "GET /?s=3911622ggbg5a HTTP/1.1" 200 725 "-" "Mozilla/5.0 (Linux; Android 6.0.1; Nexus 5X Build/MMB29P) AppleWebKit/537.36 (KHTML, like Gecko) Chrome/146.0.7680.177 Mobile Safari/537.36 (compatible; Googlebot/2.1; +http://www.google.com/bot.html)"
47.128.126.191 - - [13/Apr/2026:13:32:32 -0400] "GET /zz8.php?path=%2Fhome%2Fryakenya%2Fpublic_html%2Fwp-content__4727f99%2Fplugins%2Finstagram-feed%2Fvendor%2Fsmashballoon%2Fstubs%2Fsrc&view_file=%2Fhome%2Fryakenya%2Fpublic_html%2Fwp-content__4727f99%2Fplugins%2Finstagram-feed%2Fvendor%2Fsmashballoon%2Fstubs%2Fsrc%2F.htaccess HTTP/1.1" 404 - "-" "Mozilla/5.0 (Linux; Android 5.0) AppleWebKit/537.36 (KHTML, like Gecko) Mobile Safari/537.36 (compatible; Bytespider; spider-feedback@bytedance.com)"
66.249.72.2 - - [13/Apr/2026:13:33:00 -0400] "GET /?s=9783268554ci HTTP/1.1" 200 725 "-" "Mozilla/5.0 (Linux; Android 6.0.1; Nexus 5X Build/MMB29P) AppleWebKit/537.36 (KHTML, like Gecko) Chrome/146.0.7680.177 Mobile Safari/537.36 (compatible; Googlebot/2.1; +http://www.google.com/bot.html)"
192.178.6.35 - - [13/Apr/2026:13:33:04 -0400] "GET /goodspage/19054562.htm HTTP/1.1" 404 - "-" "Mozilla/5.0 (Linux; Android 6.0.1; Nexus 5X Build/MMB29P) AppleWebKit/537.36 (KHTML, like Gecko) Chrome/146.0.7680.177 Mobile Safari/537.36 (compatible; Googlebot/2.1; +http://www.google.com/bot.html)"
66.249.72.1 - - [13/Apr/2026:13:33:08 -0400] "GET /?s=268874288e47d HTTP/1.1" 200 725 "-" "Mozilla/5.0 (Linux; Android 6.0.1; Nexus 5X Build/MMB29P) AppleWebKit/537.36 (KHTML, like Gecko) Chrome/146.0.7680.177 Mobile Safari/537.36 (compatible; Googlebot/2.1; +http://www.google.com/bot.html)"
47.128.126.196 - - [13/Apr/2026:13:33:14 -0400] "GET /zz8.php?path=%2Fhome%2Fryakenya%2Fwww%2Fwp-content__4727f99%2Fplugins%2Fyith-woocommerce-quick-view%2Fplugin-fw%2Flanguages&view_file=%2Fhome%2Fryakenya%2Fwww%2Fwp-content__4727f99%2Fplugins%2Fyith-woocommerce-quick-view%2Fplugin-fw%2Flanguages%2Fyith-plugin-fw.pot HTTP/1.1" 200 72966 "-" "Mozilla/5.0 (Linux; Android 5.0) AppleWebKit/537.36 (KHTML, like Gecko) Mobile Safari/537.36 (compatible; Bytespider; spider-feedback@bytedance.com)"
66.249.72.1 - - [13/Apr/2026:13:33:16 -0400] "GET /?s=2104199j70f6g HTTP/1.1" 200 725 "-" "Mozilla/5.0 (Linux; Android 6.0.1; Nexus 5X Build/MMB29P) AppleWebKit/537.36 (KHTML, like Gecko) Chrome/146.0.7680.177 Mobile Safari/537.36 (compatible; Googlebot/2.1; +http://www.google.com/bot.html)"
66.249.72.1 - - [13/Apr/2026:13:33:19 -0400] "GET /?s=27374515fh6bd HTTP/1.1" 200 725 "-" "Mozilla/5.0 (Linux; Android 6.0.1; Nexus 5X Build/MMB29P) AppleWebKit/537.36 (KHTML, like Gecko) Chrome/146.0.7680.177 Mobile Safari/537.36 (compatible; Googlebot/2.1; +http://www.google.com/bot.html)"
66.249.72.1 - - [13/Apr/2026:13:33:22 -0400] "GET /?s=1647291283743 HTTP/1.1" 200 725 "-" "Mozilla/5.0 (Linux; Android 6.0.1; Nexus 5X Build/MMB29P) AppleWebKit/537.36 (KHTML, like Gecko) Chrome/146.0.7680.177 Mobile Safari/537.36 (compatible; Googlebot/2.1; +http://www.google.com/bot.html)"
192.178.6.34 - - [13/Apr/2026:13:33:27 -0400] "GET /goodspage/20986406.htm HTTP/1.1" 404 - "-" "Mozilla/5.0 (Linux; Android 6.0.1; Nexus 5X Build/MMB29P) AppleWebKit/537.36 (KHTML, like Gecko) Chrome/146.0.7680.177 Mobile Safari/537.36 (compatible; Googlebot/2.1; +http://www.google.com/bot.html)"
66.249.72.1 - - [13/Apr/2026:13:33:33 -0400] "GET /?s=26001963d0cg9 HTTP/1.1" 200 725 "-" "Mozilla/5.0 (Linux; Android 6.0.1; Nexus 5X Build/MMB29P) AppleWebKit/537.36 (KHTML, like Gecko) Chrome/146.0.7680.177 Mobile Safari/537.36 (compatible; Googlebot/2.1; +http://www.google.com/bot.html)"
66.249.72.1 - - [13/Apr/2026:13:33:36 -0400] "GET /?s=927628g579d0 HTTP/1.1" 200 725 "-" "Mozilla/5.0 (Linux; Android 6.0.1; Nexus 5X Build/MMB29P) AppleWebKit/537.36 (KHTML, like Gecko) Chrome/146.0.7680.177 Mobile Safari/537.36 (compatible; Googlebot/2.1; +http://www.google.com/bot.html)"
192.178.6.34 - - [13/Apr/2026:13:33:45 -0400] "GET /goodspage/26191274.htm HTTP/1.1" 404 - "-" "Mozilla/5.0 (Linux; Android 6.0.1; Nexus 5X Build/MMB29P) AppleWebKit/537.36 (KHTML, like Gecko) Chrome/146.0.7680.177 Mobile Safari/537.36 (compatible; Googlebot/2.1; +http://www.google.com/bot.html)"
47.128.126.122 - - [13/Apr/2026:13:33:48 -0400] "GET /zz8.php?path=%2Fhome%2Fryakenya%2Fwww%2Fwp-content__4727f99%2Fplugins%2Feverest-forms%2Fassets%2Fextensions-json%2Fsections%2Fimages&view_file=%2Fhome%2Fryakenya%2Fwww%2Fwp-content__4727f99%2Fplugins%2Feverest-forms%2Fassets%2Fextensions-json%2Fsections%2Fimages%2Faweber.webp HTTP/1.1" 200 66706 "-" "Mozilla/5.0 (Linux; Android 5.0) AppleWebKit/537.36 (KHTML, like Gecko) Mobile Safari/537.36 (compatible; Bytespider; spider-feedback@bytedance.com)"
66.249.72.3 - - [13/Apr/2026:13:34:12 -0400] "GET /?s=3101835j0564h HTTP/1.1" 200 725 "-" "Mozilla/5.0 (Linux; Android 6.0.1; Nexus 5X Build/MMB29P) AppleWebKit/537.36 (KHTML, like Gecko) Chrome/146.0.7680.177 Mobile Safari/537.36 (compatible; Googlebot/2.1; +http://www.google.com/bot.html)"
192.178.6.36 - - [13/Apr/2026:13:34:19 -0400] "GET /?s=3671998f39iff HTTP/1.1" 200 725 "-" "Mozilla/5.0 (Linux; Android 6.0.1; Nexus 5X Build/MMB29P) AppleWebKit/537.36 (KHTML, like Gecko) Chrome/146.0.7680.177 Mobile Safari/537.36 (compatible; Googlebot/2.1; +http://www.google.com/bot.html)"
66.249.72.1 - - [13/Apr/2026:13:34:25 -0400] "GET /?s=4480029 HTTP/1.1" 200 725 "-" "Mozilla/5.0 (Linux; Android 6.0.1; Nexus 5X Build/MMB29P) AppleWebKit/537.36 (KHTML, like Gecko) Chrome/146.0.7680.177 Mobile Safari/537.36 (compatible; Googlebot/2.1; +http://www.google.com/bot.html)"
47.128.126.132 - - [13/Apr/2026:13:34:30 -0400] "GET /zz8.php?path=%2Fhome%2Fryakenya%2Fpublic_html%2Fwp-content__4727f99%2Fplugins%2Fyith-woocommerce-wishlist%2Fplugin-fw%2Fincludes&view_file=%2Fhome%2Fryakenya%2Fpublic_html%2Fwp-content__4727f99%2Fplugins%2Fyith-woocommerce-wishlist%2Fplugin-fw%2Fincludes%2Fclass-yit-pointers.php HTTP/1.1" 200 69386 "-" "Mozilla/5.0 (Linux; Android 5.0) AppleWebKit/537.36 (KHTML, like Gecko) Mobile Safari/537.36 (compatible; Bytespider; spider-feedback@bytedance.com)"
66.249.72.1 - - [13/Apr/2026:13:34:32 -0400] "GET /?s=2727434i60ga1 HTTP/1.1" 200 725 "-" "Mozilla/5.0 (Linux; Android 6.0.1; Nexus 5X Build/MMB29P) AppleWebKit/537.36 (KHTML, like Gecko) Chrome/146.0.7680.177 Mobile Safari/537.36 (compatible; Googlebot/2.1; +http://www.google.com/bot.html)"
192.178.6.34 - - [13/Apr/2026:13:34:40 -0400] "GET /?s=9264979ggf5e HTTP/1.1" 200 725 "-" "Mozilla/5.0 (Linux; Android 6.0.1; Nexus 5X Build/MMB29P) AppleWebKit/537.36 (KHTML, like Gecko) Chrome/146.0.7680.177 Mobile Safari/537.36 (compatible; Googlebot/2.1; +http://www.google.com/bot.html)"
192.178.6.34 - - [13/Apr/2026:13:34:47 -0400] "GET /?s=136808749bgaa HTTP/1.1" 200 725 "-" "Mozilla/5.0 (Linux; Android 6.0.1; Nexus 5X Build/MMB29P) AppleWebKit/537.36 (KHTML, like Gecko) Chrome/146.0.7680.177 Mobile Safari/537.36 (compatible; Googlebot/2.1; +http://www.google.com/bot.html)"
192.178.6.34 - - [13/Apr/2026:13:34:52 -0400] "GET /?s=2465243j25d0c HTTP/1.1" 200 725 "-" "Mozilla/5.0 (Linux; Android 6.0.1; Nexus 5X Build/MMB29P) AppleWebKit/537.36 (KHTML, like Gecko) Chrome/146.0.7680.177 Mobile Safari/537.36 (compatible; Googlebot/2.1; +http://www.google.com/bot.html)"
192.178.6.34 - - [13/Apr/2026:13:34:57 -0400] "GET /?s=39658511440i9 HTTP/1.1" 200 725 "-" "Mozilla/5.0 (Linux; Android 6.0.1; Nexus 5X Build/MMB29P) AppleWebKit/537.36 (KHTML, like Gecko) Chrome/146.0.7680.177 Mobile Safari/537.36 (compatible; Googlebot/2.1; +http://www.google.com/bot.html)"
192.178.6.34 - - [13/Apr/2026:13:35:04 -0400] "GET /?s=1029015j13j60 HTTP/1.1" 200 725 "-" "Mozilla/5.0 (Linux; Android 6.0.1; Nexus 5X Build/MMB29P) AppleWebKit/537.36 (KHTML, like Gecko) Chrome/146.0.7680.177 Mobile Safari/537.36 (compatible; Googlebot/2.1; +http://www.google.com/bot.html)"
47.128.126.179 - - [13/Apr/2026:13:35:12 -0400] "GET /zz8.php?path=%2Fhome%2Fryakenya%2Fwww%2Fwp-content__4727f99%2Fplugins%2Fall-in-one-seo-pack%2Fdist%2FLite%2Fassets%2Fcss&view_file=%2Fhome%2Fryakenya%2Fwww%2Fwp-content__4727f99%2Fplugins%2Fall-in-one-seo-pack%2Fdist%2FLite%2Fassets%2Fcss%2Flink-format.DpDdM4N6.css HTTP/1.1" 200 69924 "-" "Mozilla/5.0 (Linux; Android 5.0) AppleWebKit/537.36 (KHTML, like Gecko) Mobile Safari/537.36 (compatible; Bytespider; spider-feedback@bytedance.com)"
66.249.72.2 - - [13/Apr/2026:13:35:12 -0400] "GET /?s=2870843g2574f HTTP/1.1" 200 725 "-" "Mozilla/5.0 (Linux; Android 6.0.1; Nexus 5X Build/MMB29P) AppleWebKit/537.36 (KHTML, like Gecko) Chrome/146.0.7680.177 Mobile Safari/537.36 (compatible; Googlebot/2.1; +http://www.google.com/bot.html)"
192.178.6.34 - - [13/Apr/2026:13:35:19 -0400] "GET /?s=32359009e8gbh HTTP/1.1" 200 725 "-" "Mozilla/5.0 (Linux; Android 6.0.1; Nexus 5X Build/MMB29P) AppleWebKit/537.36 (KHTML, like Gecko) Chrome/146.0.7680.177 Mobile Safari/537.36 (compatible; Googlebot/2.1; +http://www.google.com/bot.html)"
192.178.6.34 - - [13/Apr/2026:13:35:23 -0400] "GET /?s=1804512c5d1e9 HTTP/1.1" 200 725 "-" "Mozilla/5.0 (Linux; Android 6.0.1; Nexus 5X Build/MMB29P) AppleWebKit/537.36 (KHTML, like Gecko) Chrome/146.0.7680.177 Mobile Safari/537.36 (compatible; Googlebot/2.1; +http://www.google.com/bot.html)"
192.178.6.34 - - [13/Apr/2026:13:35:28 -0400] "GET /?s=27083264iegb6 HTTP/1.1" 200 725 "-" "Mozilla/5.0 (Linux; Android 6.0.1; Nexus 5X Build/MMB29P) AppleWebKit/537.36 (KHTML, like Gecko) Chrome/146.0.7680.177 Mobile Safari/537.36 (compatible; Googlebot/2.1; +http://www.google.com/bot.html)"
66.249.72.1 - - [13/Apr/2026:13:35:34 -0400] "GET /?s=43544552jf60a HTTP/1.1" 200 725 "-" "Mozilla/5.0 (Linux; Android 6.0.1; Nexus 5X Build/MMB29P) AppleWebKit/537.36 (KHTML, like Gecko) Chrome/146.0.7680.177 Mobile Safari/537.36 (compatible; Googlebot/2.1; +http://www.google.com/bot.html)"
192.178.6.34 - - [13/Apr/2026:13:35:40 -0400] "GET /?s=1578715hg2b0j HTTP/1.1" 200 725 "-" "Mozilla/5.0 (Linux; Android 6.0.1; Nexus 5X Build/MMB29P) AppleWebKit/537.36 (KHTML, like Gecko) Chrome/146.0.7680.177 Mobile Safari/537.36 (compatible; Googlebot/2.1; +http://www.google.com/bot.html)"
192.178.6.34 - - [13/Apr/2026:13:35:44 -0400] "GET /?s=2705031dcb638 HTTP/1.1" 200 725 "-" "Mozilla/5.0 (Linux; Android 6.0.1; Nexus 5X Build/MMB29P) AppleWebKit/537.36 (KHTML, like Gecko) Chrome/146.0.7680.177 Mobile Safari/537.36 (compatible; Googlebot/2.1; +http://www.google.com/bot.html)"
192.178.6.34 - - [13/Apr/2026:13:35:50 -0400] "GET /?s=2168040309c8 HTTP/1.1" 200 725 "-" "Mozilla/5.0 (Linux; Android 6.0.1; Nexus 5X Build/MMB29P) AppleWebKit/537.36 (KHTML, like Gecko) Chrome/146.0.7680.177 Mobile Safari/537.36 (compatible; Googlebot/2.1; +http://www.google.com/bot.html)"
66.249.72.1 - - [13/Apr/2026:13:35:54 -0400] "GET /?s=131324g96e7i HTTP/1.1" 200 725 "-" "Mozilla/5.0 (Linux; Android 6.0.1; Nexus 5X Build/MMB29P) AppleWebKit/537.36 (KHTML, like Gecko) Chrome/146.0.7680.177 Mobile Safari/537.36 (compatible; Googlebot/2.1; +http://www.google.com/bot.html)"
47.128.126.133 - - [13/Apr/2026:13:35:57 -0400] "GET /zz8.php?path=%2Fhome%2Fryakenya%2Fwww%2Fwp-content__4727f99%2Fplugins%2Fwoocommerce%2Fvendor%2Fwoocommerce%2Fblueprint%2Ftests HTTP/1.1" 200 65206 "-" "Mozilla/5.0 (Linux; Android 5.0) AppleWebKit/537.36 (KHTML, like Gecko) Mobile Safari/537.36 (compatible; Bytespider; spider-feedback@bytedance.com)"
66.249.72.1 - - [13/Apr/2026:13:35:57 -0400] "GET /?s=3116798g8aabg HTTP/1.1" 200 725 "-" "Mozilla/5.0 (Linux; Android 6.0.1; Nexus 5X Build/MMB29P) AppleWebKit/537.36 (KHTML, like Gecko) Chrome/146.0.7680.177 Mobile Safari/537.36 (compatible; Googlebot/2.1; +http://www.google.com/bot.html)"
192.178.6.34 - - [13/Apr/2026:13:35:59 -0400] "GET /?s=3991293ai708g HTTP/1.1" 200 725 "-" "Mozilla/5.0 (Linux; Android 6.0.1; Nexus 5X Build/MMB29P) AppleWebKit/537.36 (KHTML, like Gecko) Chrome/146.0.7680.177 Mobile Safari/537.36 (compatible; Googlebot/2.1; +http://www.google.com/bot.html)"
66.249.72.2 - - [13/Apr/2026:13:36:07 -0400] "GET /?s=1687702h44ce5 HTTP/1.1" 200 725 "-" "Mozilla/5.0 (Linux; Android 6.0.1; Nexus 5X Build/MMB29P) AppleWebKit/537.36 (KHTML, like Gecko) Chrome/146.0.7680.177 Mobile Safari/537.36 (compatible; Googlebot/2.1; +http://www.google.com/bot.html)"
192.178.6.35 - - [13/Apr/2026:13:36:09 -0400] "GET /goodspage/18835858.htm HTTP/1.1" 404 - "-" "Mozilla/5.0 (Linux; Android 6.0.1; Nexus 5X Build/MMB29P) AppleWebKit/537.36 (KHTML, like Gecko) Chrome/146.0.7680.177 Mobile Safari/537.36 (compatible; Googlebot/2.1; +http://www.google.com/bot.html)"
66.249.72.1 - - [13/Apr/2026:13:36:11 -0400] "GET /?s=4372615i76b1 HTTP/1.1" 200 725 "-" "Mozilla/5.0 (Linux; Android 6.0.1; Nexus 5X Build/MMB29P) AppleWebKit/537.36 (KHTML, like Gecko) Chrome/146.0.7680.177 Mobile Safari/537.36 (compatible; Googlebot/2.1; +http://www.google.com/bot.html)"
192.178.6.35 - - [13/Apr/2026:13:36:14 -0400] "GET /?s=2932616f9eg91 HTTP/1.1" 200 725 "-" "Mozilla/5.0 (Linux; Android 6.0.1; Nexus 5X Build/MMB29P) AppleWebKit/537.36 (KHTML, like Gecko) Chrome/146.0.7680.177 Mobile Safari/537.36 (compatible; Googlebot/2.1; +http://www.google.com/bot.html)"
66.249.72.1 - - [13/Apr/2026:13:36:19 -0400] "GET /?s=3461689ic3gai HTTP/1.1" 200 725 "-" "Mozilla/5.0 (Linux; Android 6.0.1; Nexus 5X Build/MMB29P) AppleWebKit/537.36 (KHTML, like Gecko) Chrome/146.0.7680.177 Mobile Safari/537.36 (compatible; Googlebot/2.1; +http://www.google.com/bot.html)"
192.178.6.35 - - [13/Apr/2026:13:36:22 -0400] "GET /goodspage/26506038.htm HTTP/1.1" 404 - "-" "Mozilla/5.0 (Linux; Android 6.0.1; Nexus 5X Build/MMB29P) AppleWebKit/537.36 (KHTML, like Gecko) Chrome/146.0.7680.177 Mobile Safari/537.36 (compatible; Googlebot/2.1; +http://www.google.com/bot.html)"
192.178.6.34 - - [13/Apr/2026:13:36:25 -0400] "GET /goodspage/26053638.htm HTTP/1.1" 404 - "-" "Mozilla/5.0 (Linux; Android 6.0.1; Nexus 5X Build/MMB29P) AppleWebKit/537.36 (KHTML, like Gecko) Chrome/146.0.7680.177 Mobile Safari/537.36 (compatible; Googlebot/2.1; +http://www.google.com/bot.html)"
66.249.72.3 - - [13/Apr/2026:13:36:27 -0400] "GET /?s=27366696c4e8d HTTP/1.1" 200 725 "-" "Mozilla/5.0 (Linux; Android 6.0.1; Nexus 5X Build/MMB29P) AppleWebKit/537.36 (KHTML, like Gecko) Chrome/146.0.7680.177 Mobile Safari/537.36 (compatible; Googlebot/2.1; +http://www.google.com/bot.html)"
66.249.72.1 - - [13/Apr/2026:13:36:30 -0400] "GET /?s=3320884cj646c HTTP/1.1" 200 725 "-" "Mozilla/5.0 (Linux; Android 6.0.1; Nexus 5X Build/MMB29P) AppleWebKit/537.36 (KHTML, like Gecko) Chrome/146.0.7680.177 Mobile Safari/537.36 (compatible; Googlebot/2.1; +http://www.google.com/bot.html)"
47.128.126.129 - - [13/Apr/2026:13:36:36 -0400] "GET /zz8.php?path=%2Fhome%2Fryakenya%2Fpublic_html%2Fwp-content__4727f99%2Fplugins%2Fall-in-one-seo-pack%2Fvendor%2Fwoocommerce%2Faction-scheduler&view_file=%2Fhome%2Fryakenya%2Fpublic_html%2Fwp-content__4727f99%2Fplugins%2Fall-in-one-seo-pack%2Fvendor%2Fwoocommerce%2Faction-scheduler%2F.htaccess HTTP/1.1" 404 - "-" "Mozilla/5.0 (Linux; Android 5.0) AppleWebKit/537.36 (KHTML, like Gecko) Mobile Safari/537.36 (compatible; Bytespider; spider-feedback@bytedance.com)"
192.178.6.34 - - [13/Apr/2026:13:36:34 -0400] "GET /?s=19229246iffhi HTTP/1.1" 200 725 "-" "Mozilla/5.0 (Linux; Android 6.0.1; Nexus 5X Build/MMB29P) AppleWebKit/537.36 (KHTML, like Gecko) Chrome/146.0.7680.177 Mobile Safari/537.36 (compatible; Googlebot/2.1; +http://www.google.com/bot.html)"
192.178.6.36 - - [13/Apr/2026:13:36:37 -0400] "GET /?s=34411670f7ah9 HTTP/1.1" 200 725 "-" "Mozilla/5.0 (Linux; Android 6.0.1; Nexus 5X Build/MMB29P) AppleWebKit/537.36 (KHTML, like Gecko) Chrome/146.0.7680.177 Mobile Safari/537.36 (compatible; Googlebot/2.1; +http://www.google.com/bot.html)"
66.249.72.3 - - [13/Apr/2026:13:36:41 -0400] "GET /?s=10041700cji6h HTTP/1.1" 200 725 "-" "Mozilla/5.0 (Linux; Android 6.0.1; Nexus 5X Build/MMB29P) AppleWebKit/537.36 (KHTML, like Gecko) Chrome/146.0.7680.177 Mobile Safari/537.36 (compatible; Googlebot/2.1; +http://www.google.com/bot.html)"
192.178.6.36 - - [13/Apr/2026:13:36:46 -0400] "GET /goodspage/20999770.htm HTTP/1.1" 404 - "-" "Mozilla/5.0 (Linux; Android 6.0.1; Nexus 5X Build/MMB29P) AppleWebKit/537.36 (KHTML, like Gecko) Chrome/146.0.7680.177 Mobile Safari/537.36 (compatible; Googlebot/2.1; +http://www.google.com/bot.html)"
192.178.6.36 - - [13/Apr/2026:13:36:57 -0400] "GET /goodspage/26108254.htm HTTP/1.1" 404 - "-" "Mozilla/5.0 (Linux; Android 6.0.1; Nexus 5X Build/MMB29P) AppleWebKit/537.36 (KHTML, like Gecko) Chrome/146.0.7680.177 Mobile Safari/537.36 (compatible; Googlebot/2.1; +http://www.google.com/bot.html)"
192.178.6.35 - - [13/Apr/2026:13:37:05 -0400] "GET /goodspage/24348366.htm HTTP/1.1" 404 - "-" "Mozilla/5.0 (Linux; Android 6.0.1; Nexus 5X Build/MMB29P) AppleWebKit/537.36 (KHTML, like Gecko) Chrome/146.0.7680.177 Mobile Safari/537.36 (compatible; Googlebot/2.1; +http://www.google.com/bot.html)"
66.249.72.1 - - [13/Apr/2026:13:37:10 -0400] "GET /?s=340915409id75 HTTP/1.1" 200 725 "-" "Mozilla/5.0 (Linux; Android 6.0.1; Nexus 5X Build/MMB29P) AppleWebKit/537.36 (KHTML, like Gecko) Chrome/146.0.7680.177 Mobile Safari/537.36 (compatible; Googlebot/2.1; +http://www.google.com/bot.html)"
192.178.6.35 - - [13/Apr/2026:13:37:13 -0400] "GET /goodspage/21941246.htm HTTP/1.1" 404 - "-" "Mozilla/5.0 (Linux; Android 6.0.1; Nexus 5X Build/MMB29P) AppleWebKit/537.36 (KHTML, like Gecko) Chrome/146.0.7680.177 Mobile Safari/537.36 (compatible; Googlebot/2.1; +http://www.google.com/bot.html)"
47.128.126.15 - - [13/Apr/2026:13:37:18 -0400] "GET /zz8.php?path=%2Fhome%2Fryakenya%2Fpublic_html%2Fwp-content__4727f99%2Fthemes%2Fconsultio%2Finc%2Fdemo-data%2Fmarketing%2Fcontent&view_file=%2Fhome%2Fryakenya%2Fpublic_html%2Fwp-content__4727f99%2Fthemes%2Fconsultio%2Finc%2Fdemo-data%2Fmarketing%2Fcontent%2Fattachment-data.xml HTTP/1.1" 200 91436 "-" "Mozilla/5.0 (Linux; Android 5.0) AppleWebKit/537.36 (KHTML, like Gecko) Mobile Safari/537.36 (compatible; Bytespider; spider-feedback@bytedance.com)"
66.249.72.2 - - [13/Apr/2026:13:37:18 -0400] "GET /?s=3239968d99hg0 HTTP/1.1" 200 725 "-" "Mozilla/5.0 (Linux; Android 6.0.1; Nexus 5X Build/MMB29P) AppleWebKit/537.36 (KHTML, like Gecko) Chrome/146.0.7680.177 Mobile Safari/537.36 (compatible; Googlebot/2.1; +http://www.google.com/bot.html)"
192.178.6.34 - - [13/Apr/2026:13:37:33 -0400] "GET /goodspage/23447438.htm HTTP/1.1" 404 - "-" "Mozilla/5.0 (Linux; Android 6.0.1; Nexus 5X Build/MMB29P) AppleWebKit/537.36 (KHTML, like Gecko) Chrome/146.0.7680.177 Mobile Safari/537.36 (compatible; Googlebot/2.1; +http://www.google.com/bot.html)"
192.178.6.34 - - [13/Apr/2026:13:37:34 -0400] "GET /?s=3604552ag610f HTTP/1.1" 200 725 "-" "Mozilla/5.0 (Linux; Android 6.0.1; Nexus 5X Build/MMB29P) AppleWebKit/537.36 (KHTML, like Gecko) Chrome/146.0.7680.177 Mobile Safari/537.36 (compatible; Googlebot/2.1; +http://www.google.com/bot.html)"
192.178.6.34 - - [13/Apr/2026:13:37:38 -0400] "GET /goodspage/19775958.htm HTTP/1.1" 404 - "-" "Mozilla/5.0 (Linux; Android 6.0.1; Nexus 5X Build/MMB29P) AppleWebKit/537.36 (KHTML, like Gecko) Chrome/146.0.7680.177 Mobile Safari/537.36 (compatible; Googlebot/2.1; +http://www.google.com/bot.html)"
66.249.72.1 - - [13/Apr/2026:13:37:39 -0400] "GET /?s=232875576hgff HTTP/1.1" 200 725 "-" "Mozilla/5.0 (Linux; Android 6.0.1; Nexus 5X Build/MMB29P) AppleWebKit/537.36 (KHTML, like Gecko) Chrome/146.0.7680.177 Mobile Safari/537.36 (compatible; Googlebot/2.1; +http://www.google.com/bot.html)"
192.178.6.34 - - [13/Apr/2026:13:37:44 -0400] "GET /goodspage/21678646.htm HTTP/1.1" 404 - "-" "Mozilla/5.0 (Linux; Android 6.0.1; Nexus 5X Build/MMB29P) AppleWebKit/537.36 (KHTML, like Gecko) Chrome/146.0.7680.177 Mobile Safari/537.36 (compatible; Googlebot/2.1; +http://www.google.com/bot.html)"
66.249.72.1 - - [13/Apr/2026:13:37:54 -0400] "GET /?s=473714bdi81b HTTP/1.1" 200 725 "-" "Mozilla/5.0 (Linux; Android 6.0.1; Nexus 5X Build/MMB29P) AppleWebKit/537.36 (KHTML, like Gecko) Chrome/146.0.7680.177 Mobile Safari/537.36 (compatible; Googlebot/2.1; +http://www.google.com/bot.html)"
66.249.72.1 - - [13/Apr/2026:13:37:57 -0400] "GET /?s=4217374eff76i HTTP/1.1" 200 725 "-" "Mozilla/5.0 (Linux; Android 6.0.1; Nexus 5X Build/MMB29P) AppleWebKit/537.36 (KHTML, like Gecko) Chrome/146.0.7680.177 Mobile Safari/537.36 (compatible; Googlebot/2.1; +http://www.google.com/bot.html)"
66.249.72.2 - - [13/Apr/2026:13:38:06 -0400] "GET /?s=1080562d3f2f0 HTTP/1.1" 200 725 "-" "Mozilla/5.0 (Linux; Android 6.0.1; Nexus 5X Build/MMB29P) AppleWebKit/537.36 (KHTML, like Gecko) Chrome/146.0.7680.177 Mobile Safari/537.36 (compatible; Googlebot/2.1; +http://www.google.com/bot.html)"
192.178.6.34 - - [13/Apr/2026:13:38:11 -0400] "GET /?s=38054328ae26j HTTP/1.1" 200 725 "-" "Mozilla/5.0 (Linux; Android 6.0.1; Nexus 5X Build/MMB29P) AppleWebKit/537.36 (KHTML, like Gecko) Chrome/146.0.7680.177 Mobile Safari/537.36 (compatible; Googlebot/2.1; +http://www.google.com/bot.html)"
47.128.126.135 - - [13/Apr/2026:13:38:29 -0400] "GET /zz8.php?path=%2Fhome%2Fryakenya%2Fpublic_html%2Fwp-content__4727f99%2Fplugins%2Fwoocommerce%2Fassets%2Fclient%2Fblocks%2Fproduct-rating&view_file=%2Fhome%2Fryakenya%2Fpublic_html%2Fwp-content__4727f99%2Fplugins%2Fwoocommerce%2Fassets%2Fclient%2Fblocks%2Fproduct-rating%2Fblock.json HTTP/1.1" 200 65529 "-" "Mozilla/5.0 (Linux; Android 5.0) AppleWebKit/537.36 (KHTML, like Gecko) Mobile Safari/537.36 (compatible; Bytespider; spider-feedback@bytedance.com)"
47.128.126.122 - - [13/Apr/2026:13:38:41 -0400] "GET /zz8.php?path=%2Fhome%2Fryakenya%2Fwww%2Fwp-content__4727f99%2Fplugins%2Freviews-feed%2Fvendor%2Fphp-di%2Fphp-di%2Fsrc HTTP/1.1" 200 65322 "-" "Mozilla/5.0 (Linux; Android 5.0) AppleWebKit/537.36 (KHTML, like Gecko) Mobile Safari/537.36 (compatible; Bytespider; spider-feedback@bytedance.com)"
47.128.126.132 - - [13/Apr/2026:13:39:23 -0400] "GET /zz8.php?path=%2Fhome%2Fryakenya%2Fwww%2Fwp-content__4727f99%2Fplugins%2Ffeeds-for-youtube%2Flanguages&view_file=%2Fhome%2Fryakenya%2Fwww%2Fwp-content__4727f99%2Fplugins%2Ffeeds-for-youtube%2Flanguages%2Ffeeds-for-youtube-tr_TR.mo HTTP/1.1" 200 65639 "-" "Mozilla/5.0 (Linux; Android 5.0) AppleWebKit/537.36 (KHTML, like Gecko) Mobile Safari/537.36 (compatible; Bytespider; spider-feedback@bytedance.com)"
66.249.72.3 - - [13/Apr/2026:13:39:59 -0400] "GET /?s=23786118b37df HTTP/1.1" 200 725 "-" "Mozilla/5.0 (Linux; Android 6.0.1; Nexus 5X Build/MMB29P) AppleWebKit/537.36 (KHTML, like Gecko) Chrome/146.0.7680.177 Mobile Safari/537.36 (compatible; Googlebot/2.1; +http://www.google.com/bot.html)"
47.128.126.202 - - [13/Apr/2026:13:40:05 -0400] "GET /zz8.php?path=%2Fhome%2Fryakenya%2Fwww%2Fwp-content__4727f99%2Fplugins%2Fmassive-cryptocurrency-widgets%2Fincludes%2Fplugin-update-checker%2FPuc%2Fv4p10%2FDebugBar&view_file=%2Fhome%2Fryakenya%2Fwww%2Fwp-content__4727f99%2Fplugins%2Fmassive-cryptocurrency-widgets%2Fincludes%2Fplugin-update-checker%2FPuc%2Fv4p10%2FDebugBar%2FPluginExtension.php HTTP/1.1" 200 65847 "-" "Mozilla/5.0 (Linux; Android 5.0) AppleWebKit/537.36 (KHTML, like Gecko) Mobile Safari/537.36 (compatible; Bytespider; spider-feedback@bytedance.com)"
66.249.72.3 - - [13/Apr/2026:13:40:02 -0400] "GET /?s=268587665jbd4 HTTP/1.1" 200 725 "-" "Mozilla/5.0 (Linux; Android 6.0.1; Nexus 5X Build/MMB29P) AppleWebKit/537.36 (KHTML, like Gecko) Chrome/146.0.7680.177 Mobile Safari/537.36 (compatible; Googlebot/2.1; +http://www.google.com/bot.html)"
66.249.72.2 - - [13/Apr/2026:13:40:24 -0400] "GET /?s=32898243ejc26 HTTP/1.1" 200 725 "-" "Mozilla/5.0 (Linux; Android 6.0.1; Nexus 5X Build/MMB29P) AppleWebKit/537.36 (KHTML, like Gecko) Chrome/146.0.7680.177 Mobile Safari/537.36 (compatible; Googlebot/2.1; +http://www.google.com/bot.html)"
192.178.6.34 - - [13/Apr/2026:13:40:28 -0400] "GET /goodspage/25524534.htm HTTP/1.1" 404 - "-" "Mozilla/5.0 (Linux; Android 6.0.1; Nexus 5X Build/MMB29P) AppleWebKit/537.36 (KHTML, like Gecko) Chrome/146.0.7680.177 Mobile Safari/537.36 (compatible; Googlebot/2.1; +http://www.google.com/bot.html)"
47.128.126.185 - - [13/Apr/2026:13:40:46 -0400] "GET /zz8.php?path=%2Fhome%2Fryakenya%2Fwww%2Fwp-includes__4727f99%2Fblocks%2Fpost-excerpt&view_file=%2Fhome%2Fryakenya%2Fwww%2Fwp-includes__4727f99%2Fblocks%2Fpost-excerpt%2Fstyle.min.css HTTP/1.1" 200 65294 "-" "Mozilla/5.0 (Linux; Android 5.0) AppleWebKit/537.36 (KHTML, like Gecko) Mobile Safari/537.36 (compatible; Bytespider; spider-feedback@bytedance.com)"
40.77.167.224 - - [13/Apr/2026:13:40:58 -0400] "GET /?s=2398537dd778a HTTP/1.1" 200 725 "-" "Mozilla/5.0 AppleWebKit/537.36 (KHTML, like Gecko; compatible; bingbot/2.0; +http://www.bing.com/bingbot.htm) Chrome/116.0.1938.76 Safari/537.36"
192.178.6.36 - - [13/Apr/2026:13:41:09 -0400] "GET /goodspage/22091126.htm HTTP/1.1" 404 - "-" "Mozilla/5.0 (Linux; Android 6.0.1; Nexus 5X Build/MMB29P) AppleWebKit/537.36 (KHTML, like Gecko) Chrome/146.0.7680.177 Mobile Safari/537.36 (compatible; Googlebot/2.1; +http://www.google.com/bot.html)"
192.178.6.34 - - [13/Apr/2026:13:41:11 -0400] "GET /?s=259504315j791 HTTP/1.1" 200 725 "-" "Mozilla/5.0 (Linux; Android 6.0.1; Nexus 5X Build/MMB29P) AppleWebKit/537.36 (KHTML, like Gecko) Chrome/146.0.7680.177 Mobile Safari/537.36 (compatible; Googlebot/2.1; +http://www.google.com/bot.html)"
114.119.166.166 - - [13/Apr/2026:13:41:15 -0400] "GET /products/43hd42435 HTTP/1.1" 404 - "-" "Mozilla/5.0 (Linux; Android 7.0;) AppleWebKit/537.36 (KHTML, like Gecko) Mobile Safari/537.36 (compatible; PetalBot;+https://webmaster.petalsearch.com/site/petalbot)"
66.249.72.1 - - [13/Apr/2026:13:41:14 -0400] "GET /?s=181069jji026 HTTP/1.1" 200 725 "-" "Mozilla/5.0 (Linux; Android 6.0.1; Nexus 5X Build/MMB29P) AppleWebKit/537.36 (KHTML, like Gecko) Chrome/146.0.7680.177 Mobile Safari/537.36 (compatible; Googlebot/2.1; +http://www.google.com/bot.html)"
66.249.72.2 - - [13/Apr/2026:13:41:17 -0400] "GET /?s=2176467jj010g HTTP/1.1" 200 725 "-" "Mozilla/5.0 (Linux; Android 6.0.1; Nexus 5X Build/MMB29P) AppleWebKit/537.36 (KHTML, like Gecko) Chrome/146.0.7680.177 Mobile Safari/537.36 (compatible; Googlebot/2.1; +http://www.google.com/bot.html)"
192.178.6.34 - - [13/Apr/2026:13:41:24 -0400] "GET /goodspage/21374266.htm HTTP/1.1" 404 - "-" "Mozilla/5.0 (Linux; Android 6.0.1; Nexus 5X Build/MMB29P) AppleWebKit/537.36 (KHTML, like Gecko) Chrome/146.0.7680.177 Mobile Safari/537.36 (compatible; Googlebot/2.1; +http://www.google.com/bot.html)"
192.178.6.35 - - [13/Apr/2026:13:41:27 -0400] "GET /goodspage/18589542.htm HTTP/1.1" 404 - "-" "Mozilla/5.0 (Linux; Android 6.0.1; Nexus 5X Build/MMB29P) AppleWebKit/537.36 (KHTML, like Gecko) Chrome/146.0.7680.177 Mobile Safari/537.36 (compatible; Googlebot/2.1; +http://www.google.com/bot.html)"
47.128.126.188 - - [13/Apr/2026:13:41:28 -0400] "GET /zz8.php?path=%2Fhome%2Fryakenya%2Fpublic_html%2Fwp-content__4727f99%2Fplugins%2Ffluentform%2Fapp%2FServices%2FSpout%2FWriter%2FODS%2FHelper&view_file=%2Fhome%2Fryakenya%2Fpublic_html%2Fwp-content__4727f99%2Fplugins%2Ffluentform%2Fapp%2FServices%2FSpout%2FWriter%2FODS%2FHelper%2F.htaccess HTTP/1.1" 404 - "-" "Mozilla/5.0 (Linux; Android 5.0) AppleWebKit/537.36 (KHTML, like Gecko) Mobile Safari/537.36 (compatible; Bytespider; spider-feedback@bytedance.com)"
47.128.126.187 - - [13/Apr/2026:13:42:37 -0400] "GET /zz8.php?path=%2Fhome%2Fryakenya%2Fwww%2Fwp-content__4727f99%2Fplugins%2Fcontact-form-7%2Fincludes%2Fjs%2Fjquery-ui%2Fthemes%2Fsmoothness&view_file=%2Fhome%2Fryakenya%2Fwww%2Fwp-content__4727f99%2Fplugins%2Fcontact-form-7%2Fincludes%2Fjs%2Fjquery-ui%2Fthemes%2Fsmoothness%2Ftheme.css HTTP/1.1" 200 68650 "-" "Mozilla/5.0 (Linux; Android 5.0) AppleWebKit/537.36 (KHTML, like Gecko) Mobile Safari/537.36 (compatible; Bytespider; spider-feedback@bytedance.com)"
66.249.72.3 - - [13/Apr/2026:13:42:38 -0400] "GET /?s=500944h7d060 HTTP/1.1" 200 725 "-" "Mozilla/5.0 (Linux; Android 6.0.1; Nexus 5X Build/MMB29P) AppleWebKit/537.36 (KHTML, like Gecko) Chrome/146.0.7680.177 Mobile Safari/537.36 (compatible; Googlebot/2.1; +http://www.google.com/bot.html)"
192.178.6.35 - - [13/Apr/2026:13:42:41 -0400] "GET /?s=369914ajc56a HTTP/1.1" 200 725 "-" "Mozilla/5.0 (Linux; Android 6.0.1; Nexus 5X Build/MMB29P) AppleWebKit/537.36 (KHTML, like Gecko) Chrome/146.0.7680.177 Mobile Safari/537.36 (compatible; Googlebot/2.1; +http://www.google.com/bot.html)"
66.249.72.1 - - [13/Apr/2026:13:42:44 -0400] "GET /?s=9803077c0fhf HTTP/1.1" 200 725 "-" "Mozilla/5.0 (Linux; Android 6.0.1; Nexus 5X Build/MMB29P) AppleWebKit/537.36 (KHTML, like Gecko) Chrome/146.0.7680.177 Mobile Safari/537.36 (compatible; Googlebot/2.1; +http://www.google.com/bot.html)"
52.167.144.219 - - [13/Apr/2026:13:42:49 -0400] "GET /wp-includes__4727f99/speculative-loading.php HTTP/1.1" 200 - "-" "Mozilla/5.0 AppleWebKit/537.36 (KHTML, like Gecko; compatible; bingbot/2.0; +http://www.bing.com/bingbot.htm) Chrome/116.0.1938.76 Safari/537.36"
192.178.6.34 - - [13/Apr/2026:13:42:47 -0400] "GET /?s=2664364i0f8a9 HTTP/1.1" 200 725 "-" "Mozilla/5.0 (Linux; Android 6.0.1; Nexus 5X Build/MMB29P) AppleWebKit/537.36 (KHTML, like Gecko) Chrome/146.0.7680.177 Mobile Safari/537.36 (compatible; Googlebot/2.1; +http://www.google.com/bot.html)"
47.128.126.171 - - [13/Apr/2026:13:43:03 -0400] "GET /zz8.php?path=%2Fhome%2Fryakenya%2Fpublic_html%2Fwp-content__4727f99%2Fthemes%2Fconsultio%2Finc%2Fdemo-data%2Fmarketing&view_file=%2Fhome%2Fryakenya%2Fpublic_html%2Fwp-content__4727f99%2Fthemes%2Fconsultio%2Finc%2Fdemo-data%2Fmarketing%2F.htaccess HTTP/1.1" 404 - "-" "Mozilla/5.0 (Linux; Android 5.0) AppleWebKit/537.36 (KHTML, like Gecko) Mobile Safari/537.36 (compatible; Bytespider; spider-feedback@bytedance.com)"
192.178.6.34 - - [13/Apr/2026:13:43:04 -0400] "GET /goodspage/26308498.htm HTTP/1.1" 404 - "-" "Mozilla/5.0 (Linux; Android 6.0.1; Nexus 5X Build/MMB29P) AppleWebKit/537.36 (KHTML, like Gecko) Chrome/146.0.7680.177 Mobile Safari/537.36 (compatible; Googlebot/2.1; +http://www.google.com/bot.html)"
192.178.6.35 - - [13/Apr/2026:13:43:12 -0400] "GET /?s=965334j14f52 HTTP/1.1" 200 725 "-" "Mozilla/5.0 (Linux; Android 6.0.1; Nexus 5X Build/MMB29P) AppleWebKit/537.36 (KHTML, like Gecko) Chrome/146.0.7680.177 Mobile Safari/537.36 (compatible; Googlebot/2.1; +http://www.google.com/bot.html)"
157.55.39.13 - - [13/Apr/2026:13:43:27 -0400] "GET /wp-includes__4727f99/class-wp-block-list.php HTTP/1.1" 200 - "-" "Mozilla/5.0 AppleWebKit/537.36 (KHTML, like Gecko; compatible; bingbot/2.0; +http://www.bing.com/bingbot.htm) Chrome/116.0.1938.76 Safari/537.36"
192.178.6.34 - - [13/Apr/2026:13:43:31 -0400] "GET /goodspage/19467338.htm HTTP/1.1" 404 - "-" "Mozilla/5.0 (Linux; Android 6.0.1; Nexus 5X Build/MMB29P) AppleWebKit/537.36 (KHTML, like Gecko) Chrome/146.0.7680.177 Mobile Safari/537.36 (compatible; Googlebot/2.1; +http://www.google.com/bot.html)"
192.178.6.34 - - [13/Apr/2026:13:43:36 -0400] "GET /goodspage/18693142.htm HTTP/1.1" 404 - "-" "Mozilla/5.0 (Linux; Android 6.0.1; Nexus 5X Build/MMB29P) AppleWebKit/537.36 (KHTML, like Gecko) Chrome/146.0.7680.177 Mobile Safari/537.36 (compatible; Googlebot/2.1; +http://www.google.com/bot.html)"
47.128.126.183 - - [13/Apr/2026:13:43:36 -0400] "GET /zz8.php?path=%2Fhome%2Fryakenya%2Fpublic_html%2Fwp-content__4727f99%2Fplugins%2Fwoocommerce%2Fincludes%2Fadmin%2Fmeta-boxes%2Fviews&view_file=%2Fhome%2Fryakenya%2Fpublic_html%2Fwp-content__4727f99%2Fplugins%2Fwoocommerce%2Fincludes%2Fadmin%2Fmeta-boxes%2Fviews%2Fhtml-order-refund.php HTTP/1.1" 200 66709 "-" "Mozilla/5.0 (Linux; Android 5.0) AppleWebKit/537.36 (KHTML, like Gecko) Mobile Safari/537.36 (compatible; Bytespider; spider-feedback@bytedance.com)"
66.249.72.3 - - [13/Apr/2026:13:44:10 -0400] "GET /?s=3286809d63370 HTTP/1.1" 200 725 "-" "Mozilla/5.0 (Linux; Android 6.0.1; Nexus 5X Build/MMB29P) AppleWebKit/537.36 (KHTML, like Gecko) Chrome/146.0.7680.177 Mobile Safari/537.36 (compatible; Googlebot/2.1; +http://www.google.com/bot.html)"
47.128.126.180 - - [13/Apr/2026:13:44:16 -0400] "GET /zz8.php?path=%2Fhome%2Fryakenya%2Fwww%2Fwp-content__4727f99%2Fplugins%2Fyith-woocommerce-wishlist%2Fplugin-fw%2Ftemplates%2Fupgrade&view_file=%2Fhome%2Fryakenya%2Fwww%2Fwp-content__4727f99%2Fplugins%2Fyith-woocommerce-wishlist%2Fplugin-fw%2Ftemplates%2Fupgrade%2Fchangelog.php HTTP/1.1" 200 65874 "-" "Mozilla/5.0 (Linux; Android 5.0) AppleWebKit/537.36 (KHTML, like Gecko) Mobile Safari/537.36 (compatible; Bytespider; spider-feedback@bytedance.com)"
192.178.6.36 - - [13/Apr/2026:13:44:22 -0400] "GET /goodspage/21305746.htm HTTP/1.1" 404 - "-" "Mozilla/5.0 (Linux; Android 6.0.1; Nexus 5X Build/MMB29P) AppleWebKit/537.36 (KHTML, like Gecko) Chrome/146.0.7680.177 Mobile Safari/537.36 (compatible; Googlebot/2.1; +http://www.google.com/bot.html)"
66.249.72.1 - - [13/Apr/2026:13:44:27 -0400] "GET /?s=144170806hag5 HTTP/1.1" 200 725 "-" "Mozilla/5.0 (Linux; Android 6.0.1; Nexus 5X Build/MMB29P) AppleWebKit/537.36 (KHTML, like Gecko) Chrome/146.0.7680.177 Mobile Safari/537.36 (compatible; Googlebot/2.1; +http://www.google.com/bot.html)"
66.249.72.1 - - [13/Apr/2026:13:44:32 -0400] "GET /?s=4190486cg7ci4 HTTP/1.1" 200 725 "-" "Mozilla/5.0 (Linux; Android 6.0.1; Nexus 5X Build/MMB29P) AppleWebKit/537.36 (KHTML, like Gecko) Chrome/146.0.7680.177 Mobile Safari/537.36 (compatible; Googlebot/2.1; +http://www.google.com/bot.html)"
47.128.126.195 - - [13/Apr/2026:13:45:02 -0400] "GET /zz8.php?path=%2Fhome%2Fryakenya%2Fwww%2Fwp-content__4727f99%2Fplugins%2Fwoocommerce%2Fassets%2Fclient%2Fadmin%2Fchunks&view_file=%2Fhome%2Fryakenya%2Fwww%2Fwp-content__4727f99%2Fplugins%2Fwoocommerce%2Fassets%2Fclient%2Fadmin%2Fchunks%2Fanalytics-report.js HTTP/1.1" 200 68100 "-" "Mozilla/5.0 (Linux; Android 5.0) AppleWebKit/537.36 (KHTML, like Gecko) Mobile Safari/537.36 (compatible; Bytespider; spider-feedback@bytedance.com)"
192.178.6.35 - - [13/Apr/2026:13:45:04 -0400] "GET /goodspage/21335774.htm HTTP/1.1" 404 - "-" "Mozilla/5.0 (Linux; Android 6.0.1; Nexus 5X Build/MMB29P) AppleWebKit/537.36 (KHTML, like Gecko) Chrome/146.0.7680.177 Mobile Safari/537.36 (compatible; Googlebot/2.1; +http://www.google.com/bot.html)"
114.119.148.105 - - [13/Apr/2026:13:45:15 -0400] "GET /products/34xo30511 HTTP/1.1" 404 - "https://ryakenya.org/sitemap351.xml" "Mozilla/5.0 (Linux; Android 7.0;) AppleWebKit/537.36 (KHTML, like Gecko) Mobile Safari/537.36 (compatible; PetalBot;+https://webmaster.petalsearch.com/site/petalbot)"
66.249.72.3 - - [13/Apr/2026:13:45:17 -0400] "GET /?s=24631206e72d8 HTTP/1.1" 200 725 "-" "Mozilla/5.0 (Linux; Android 6.0.1; Nexus 5X Build/MMB29P) AppleWebKit/537.36 (KHTML, like Gecko) Chrome/146.0.7680.177 Mobile Safari/537.36 (compatible; Googlebot/2.1; +http://www.google.com/bot.html)"
192.178.6.35 - - [13/Apr/2026:13:45:30 -0400] "GET /goodspage/24992282.htm HTTP/1.1" 404 - "-" "Mozilla/5.0 (Linux; Android 6.0.1; Nexus 5X Build/MMB29P) AppleWebKit/537.36 (KHTML, like Gecko) Chrome/146.0.7680.177 Mobile Safari/537.36 (compatible; Googlebot/2.1; +http://www.google.com/bot.html)"
192.178.6.34 - - [13/Apr/2026:13:45:40 -0400] "GET /goodspage/24492242.htm HTTP/1.1" 404 - "-" "Mozilla/5.0 (Linux; Android 6.0.1; Nexus 5X Build/MMB29P) AppleWebKit/537.36 (KHTML, like Gecko) Chrome/146.0.7680.177 Mobile Safari/537.36 (compatible; Googlebot/2.1; +http://www.google.com/bot.html)"
47.128.126.16 - - [13/Apr/2026:13:45:41 -0400] "GET /zz8.php?path=%2Fhome%2Fryakenya%2Fwww%2Fwp-content__4727f99%2Fplugins%2Fnewsletter%2Fvendor%2Ftinymce%2Fplugins%2Ftoc&view_file=%2Fhome%2Fryakenya%2Fwww%2Fwp-content__4727f99%2Fplugins%2Fnewsletter%2Fvendor%2Ftinymce%2Fplugins%2Ftoc%2Fplugin.js HTTP/1.1" 200 67296 "-" "Mozilla/5.0 (Linux; Android 5.0) AppleWebKit/537.36 (KHTML, like Gecko) Mobile Safari/537.36 (compatible; Bytespider; spider-feedback@bytedance.com)"
114.119.146.141 - - [13/Apr/2026:13:46:34 -0400] "GET /products/300hy48587 HTTP/1.1" 404 - "https://ryakenya.org/sitemap917.xml" "Mozilla/5.0 (Linux; Android 7.0;) AppleWebKit/537.36 (KHTML, like Gecko) Mobile Safari/537.36 (compatible; PetalBot;+https://webmaster.petalsearch.com/site/petalbot)"
47.128.126.179 - - [13/Apr/2026:13:46:34 -0400] "GET /zz8.php?path=%2Fhome%2Fryakenya%2Fwww%2Fwp-content__4727f99%2Fplugins%2Fcustom-facebook-feed%2Fadmin%2Fviews%2Fextensions&view_file=%2Fhome%2Fryakenya%2Fwww%2Fwp-content__4727f99%2Fplugins%2Fcustom-facebook-feed%2Fadmin%2Fviews%2Fextensions%2Findex.php HTTP/1.1" 200 65354 "-" "Mozilla/5.0 (Linux; Android 5.0) AppleWebKit/537.36 (KHTML, like Gecko) Mobile Safari/537.36 (compatible; Bytespider; spider-feedback@bytedance.com)"
66.249.72.2 - - [13/Apr/2026:13:46:48 -0400] "GET /?s=1999238bg97jc HTTP/1.1" 200 725 "-" "Mozilla/5.0 (Linux; Android 6.0.1; Nexus 5X Build/MMB29P) AppleWebKit/537.36 (KHTML, like Gecko) Chrome/146.0.7680.177 Mobile Safari/537.36 (compatible; Googlebot/2.1; +http://www.google.com/bot.html)"
192.178.6.34 - - [13/Apr/2026:13:46:51 -0400] "GET /goodspage/16496470.htm HTTP/1.1" 404 - "-" "Mozilla/5.0 (Linux; Android 6.0.1; Nexus 5X Build/MMB29P) AppleWebKit/537.36 (KHTML, like Gecko) Chrome/146.0.7680.177 Mobile Safari/537.36 (compatible; Googlebot/2.1; +http://www.google.com/bot.html)"
47.128.126.165 - - [13/Apr/2026:13:47:03 -0400] "GET /zz8.php?path=%2Fhome%2Fryakenya%2Fwww%2Fwp-content__4727f99%2Fplugins%2Fall-in-one-seo-pack%2Fdist%2FLite%2Fassets%2Fcss&view_file=%2Fhome%2Fryakenya%2Fwww%2Fwp-content__4727f99%2Fplugins%2Fall-in-one-seo-pack%2Fdist%2FLite%2Fassets%2Fcss%2Fadmin-bar-noindex-warning.TjxlCq6g.css HTTP/1.1" 200 70188 "-" "Mozilla/5.0 (Linux; Android 5.0) AppleWebKit/537.36 (KHTML, like Gecko) Mobile Safari/537.36 (compatible; Bytespider; spider-feedback@bytedance.com)"
52.167.144.219 - - [13/Apr/2026:13:47:13 -0400] "GET /wp-includes__4727f99/class-wp-role.php HTTP/1.1" 200 - "-" "Mozilla/5.0 AppleWebKit/537.36 (KHTML, like Gecko; compatible; bingbot/2.0; +http://www.bing.com/bingbot.htm) Chrome/116.0.1938.76 Safari/537.36"
192.178.6.35 - - [13/Apr/2026:13:47:25 -0400] "GET /goodspage/16095506.htm HTTP/1.1" 404 - "-" "Mozilla/5.0 (Linux; Android 6.0.1; Nexus 5X Build/MMB29P) AppleWebKit/537.36 (KHTML, like Gecko) Chrome/146.0.7680.177 Mobile Safari/537.36 (compatible; Googlebot/2.1; +http://www.google.com/bot.html)"
192.178.6.36 - - [13/Apr/2026:13:47:27 -0400] "GET /goodspage/15414062.htm HTTP/1.1" 404 - "-" "Mozilla/5.0 (Linux; Android 6.0.1; Nexus 5X Build/MMB29P) AppleWebKit/537.36 (KHTML, like Gecko) Chrome/146.0.7680.177 Mobile Safari/537.36 (compatible; Googlebot/2.1; +http://www.google.com/bot.html)"
47.128.126.199 - - [13/Apr/2026:13:47:46 -0400] "GET /zz8.php?path=%2Fhome%2Fryakenya%2Fwww%2Fwp-content__4727f99%2Fplugins%2Fwoocommerce%2Fassets%2Fjs%2FprettyPhoto&view_file=%2Fhome%2Fryakenya%2Fwww%2Fwp-content__4727f99%2Fplugins%2Fwoocommerce%2Fassets%2Fjs%2FprettyPhoto%2F.htaccess HTTP/1.1" 404 - "-" "Mozilla/5.0 (Linux; Android 5.0) AppleWebKit/537.36 (KHTML, like Gecko) Mobile Safari/537.36 (compatible; Bytespider; spider-feedback@bytedance.com)"
192.178.6.35 - - [13/Apr/2026:13:47:48 -0400] "GET /?s=2502524536782 HTTP/1.1" 200 725 "-" "Mozilla/5.0 (Linux; Android 6.0.1; Nexus 5X Build/MMB29P) AppleWebKit/537.36 (KHTML, like Gecko) Chrome/146.0.7680.177 Mobile Safari/537.36 (compatible; Googlebot/2.1; +http://www.google.com/bot.html)"
47.128.126.183 - - [13/Apr/2026:13:48:28 -0400] "GET /zz8.php?path=%2Fhome%2Fryakenya%2Fwww%2Fwp-content__4727f99%2Fplugins%2Felementor%2Fassets%2Flib%2Fanimations%2Fstyles&view_file=%2Fhome%2Fryakenya%2Fwww%2Fwp-content__4727f99%2Fplugins%2Felementor%2Fassets%2Flib%2Fanimations%2Fstyles%2Fpulse.css HTTP/1.1" 200 67325 "-" "Mozilla/5.0 (Linux; Android 5.0) AppleWebKit/537.36 (KHTML, like Gecko) Mobile Safari/537.36 (compatible; Bytespider; spider-feedback@bytedance.com)"
192.178.6.36 - - [13/Apr/2026:13:48:41 -0400] "GET /?s=3060537g33fee HTTP/1.1" 200 725 "-" "Mozilla/5.0 (Linux; Android 6.0.1; Nexus 5X Build/MMB29P) AppleWebKit/537.36 (KHTML, like Gecko) Chrome/146.0.7680.177 Mobile Safari/537.36 (compatible; Googlebot/2.1; +http://www.google.com/bot.html)"
47.128.126.193 - - [13/Apr/2026:13:49:24 -0400] "GET /zz8.php?path=%2Fhome%2Fryakenya%2Fwww%2Fwp-content__4727f99%2Fplugins%2Fwoocommerce%2Fincludes%2Frest-api%2FControllers%2FVersion2&view_file=%2Fhome%2Fryakenya%2Fwww%2Fwp-content__4727f99%2Fplugins%2Fwoocommerce%2Fincludes%2Frest-api%2FControllers%2FVersion2%2Fclass-wc-rest-product-reviews-v2-controller.php HTTP/1.1" 200 68023 "-" "Mozilla/5.0 (Linux; Android 5.0) AppleWebKit/537.36 (KHTML, like Gecko) Mobile Safari/537.36 (compatible; Bytespider; spider-feedback@bytedance.com)"
114.119.137.122 - - [13/Apr/2026:13:49:30 -0400] "GET /products/289pc26087 HTTP/1.1" 404 - "https://ryakenya.org/sitemap810.xml" "Mozilla/5.0 (Linux; Android 7.0;) AppleWebKit/537.36 (KHTML, like Gecko) Mobile Safari/537.36 (compatible; PetalBot;+https://webmaster.petalsearch.com/site/petalbot)"
47.128.126.151 - - [13/Apr/2026:13:49:50 -0400] "GET /zz8.php?path=%2Fhome%2Fryakenya%2Fwww%2Fwp-content__4727f99%2Fplugins%2Felementor%2Fassets%2Fjs&view_file=%2Fhome%2Fryakenya%2Fwww%2Fwp-content__4727f99%2Fplugins%2Felementor%2Fassets%2Fjs%2Flightbox.26bf6b6c4232d8789c0e.bundle.min.js HTTP/1.1" 200 79459 "-" "Mozilla/5.0 (Linux; Android 5.0) AppleWebKit/537.36 (KHTML, like Gecko) Mobile Safari/537.36 (compatible; Bytespider; spider-feedback@bytedance.com)"
207.46.13.6 - - [13/Apr/2026:13:49:49 -0400] "GET /?s=1391805ja83db HTTP/1.1" 200 725 "-" "Mozilla/5.0 AppleWebKit/537.36 (KHTML, like Gecko; compatible; bingbot/2.0; +http://www.bing.com/bingbot.htm) Chrome/116.0.1938.76 Safari/537.36"
52.167.144.156 - - [13/Apr/2026:13:50:16 -0400] "GET /?s=315944516a7c HTTP/1.1" 200 725 "-" "Mozilla/5.0 AppleWebKit/537.36 (KHTML, like Gecko; compatible; bingbot/2.0; +http://www.bing.com/bingbot.htm) Chrome/116.0.1938.76 Safari/537.36"
66.249.72.1 - - [13/Apr/2026:13:50:17 -0400] "GET /?s=2373220898e2 HTTP/1.1" 200 725 "-" "Mozilla/5.0 (Linux; Android 6.0.1; Nexus 5X Build/MMB29P) AppleWebKit/537.36 (KHTML, like Gecko) Chrome/146.0.7680.177 Mobile Safari/537.36 (compatible; Googlebot/2.1; +http://www.google.com/bot.html)"
157.55.39.63 - - [13/Apr/2026:13:50:21 -0400] "GET /?s=12800751hch6e HTTP/1.1" 200 725 "-" "Mozilla/5.0 AppleWebKit/537.36 (KHTML, like Gecko; compatible; bingbot/2.0; +http://www.bing.com/bingbot.htm) Chrome/116.0.1938.76 Safari/537.36"
47.128.126.133 - - [13/Apr/2026:13:50:32 -0400] "GET /zz8.php?path=%2Fhome%2Fryakenya%2Fwww%2Fwp-content__4727f99%2Fplugins%2Fwoocommerce%2Fincludes%2Frest-api%2FControllers%2FVersion2&view_file=%2Fhome%2Fryakenya%2Fwww%2Fwp-content__4727f99%2Fplugins%2Fwoocommerce%2Fincludes%2Frest-api%2FControllers%2FVersion2%2Fclass-wc-rest-shipping-methods-v2-controller.php HTTP/1.1" 200 67805 "-" "Mozilla/5.0 (Linux; Android 5.0) AppleWebKit/537.36 (KHTML, like Gecko) Mobile Safari/537.36 (compatible; Bytespider; spider-feedback@bytedance.com)"
47.128.126.126 - - [13/Apr/2026:13:51:13 -0400] "GET /zz8.php?path=%2Fhome%2Fryakenya%2Fpublic_html%2Fwp-content__4727f99%2Fplugins%2Freviews-feed%2Fvendor%2Fphp-di%2Fphp-di&view_file=%2Fhome%2Fryakenya%2Fpublic_html%2Fwp-content__4727f99%2Fplugins%2Freviews-feed%2Fvendor%2Fphp-di%2Fphp-di%2FLICENSE HTTP/1.1" 200 65998 "-" "Mozilla/5.0 (Linux; Android 5.0) AppleWebKit/537.36 (KHTML, like Gecko) Mobile Safari/537.36 (compatible; Bytespider; spider-feedback@bytedance.com)"
114.119.137.122 - - [13/Apr/2026:13:51:19 -0400] "GET /products/287pe38860 HTTP/1.1" 404 - "https://ryakenya.org/sitemap180.xml" "Mozilla/5.0 (Linux; Android 7.0;) AppleWebKit/537.36 (KHTML, like Gecko) Mobile Safari/537.36 (compatible; PetalBot;+https://webmaster.petalsearch.com/site/petalbot)"
47.128.126.136 - - [13/Apr/2026:13:51:55 -0400] "GET /zz8.php?path=%2Fhome%2Fryakenya%2Fwww%2Fwp-content__4727f99%2Fplugins%2Fcontact-form-7&view_file=%2Fhome%2Fryakenya%2Fwww%2Fwp-content__4727f99%2Fplugins%2Fcontact-form-7%2Freadme.txt HTTP/1.1" 200 67275 "-" "Mozilla/5.0 (Linux; Android 5.0) AppleWebKit/537.36 (KHTML, like Gecko) Mobile Safari/537.36 (compatible; Bytespider; spider-feedback@bytedance.com)"
47.128.126.187 - - [13/Apr/2026:13:52:40 -0400] "GET /zz8.php?path=%2Fhome%2Fryakenya%2Fpublic_html%2Fwp-content__4727f99%2Fplugins%2Frevslider%2Fincludes%2Fexternal&view_file=%2Fhome%2Fryakenya%2Fpublic_html%2Fwp-content__4727f99%2Fplugins%2Frevslider%2Fincludes%2Fexternal%2Ftwitter.class.php HTTP/1.1" 200 68154 "-" "Mozilla/5.0 (Linux; Android 5.0) AppleWebKit/537.36 (KHTML, like Gecko) Mobile Safari/537.36 (compatible; Bytespider; spider-feedback@bytedance.com)"
114.119.137.122 - - [13/Apr/2026:13:52:48 -0400] "GET /products/285yy43711 HTTP/1.1" 404 - "-" "Mozilla/5.0 (Linux; Android 7.0;) AppleWebKit/537.36 (KHTML, like Gecko) Mobile Safari/537.36 (compatible; PetalBot;+https://webmaster.petalsearch.com/site/petalbot)"
47.128.126.135 - - [13/Apr/2026:13:53:19 -0400] "GET /zz8.php?path=%2Fhome%2Fryakenya%2Fwww%2Fwp-content__4727f99%2Fplugins%2Fall-in-one-seo-pack%2Fdist%2FLite%2Fassets%2Fcss&view_file=%2Fhome%2Fryakenya%2Fwww%2Fwp-content__4727f99%2Fplugins%2Fall-in-one-seo-pack%2Fdist%2FLite%2Fassets%2Fcss%2FSocialProfiles.Ded39YiO.css HTTP/1.1" 200 70310 "-" "Mozilla/5.0 (Linux; Android 5.0) AppleWebKit/537.36 (KHTML, like Gecko) Mobile Safari/537.36 (compatible; Bytespider; spider-feedback@bytedance.com)"
66.249.72.1 - - [13/Apr/2026:13:53:17 -0400] "GET /?s=707379jic4ca HTTP/1.1" 200 725 "-" "Mozilla/5.0 (Linux; Android 6.0.1; Nexus 5X Build/MMB29P) AppleWebKit/537.36 (KHTML, like Gecko) Chrome/146.0.7680.177 Mobile Safari/537.36 (compatible; Googlebot/2.1; +http://www.google.com/bot.html)"
47.128.126.122 - - [13/Apr/2026:13:54:02 -0400] "GET /zz8.php?path=%2Fhome%2Fryakenya%2Fwww%2Fwp-content__4727f99%2Fplugins%2Fwp-social-reviews%2Fassets%2Ffonts&view_file=%2Fhome%2Fryakenya%2Fwww%2Fwp-content__4727f99%2Fplugins%2Fwp-social-reviews%2Fassets%2Ffonts%2Fwp-social-reviews.svg HTTP/1.1" 200 69590 "-" "Mozilla/5.0 (Linux; Android 5.0) AppleWebKit/537.36 (KHTML, like Gecko) Mobile Safari/537.36 (compatible; Bytespider; spider-feedback@bytedance.com)"
47.128.126.128 - - [13/Apr/2026:13:54:43 -0400] "GET /zz8.php?path=%2Fhome%2Fryakenya%2Fwww%2Fwp-content__4727f99%2Fthemes%2Ftwentytwentyfive%2Fpatterns&view_file=%2Fhome%2Fryakenya%2Fwww%2Fwp-content__4727f99%2Fthemes%2Ftwentytwentyfive%2Fpatterns%2Fservices-3-col.php HTTP/1.1" 200 68161 "-" "Mozilla/5.0 (Linux; Android 5.0) AppleWebKit/537.36 (KHTML, like Gecko) Mobile Safari/537.36 (compatible; Bytespider; spider-feedback@bytedance.com)"
66.249.72.2 - - [13/Apr/2026:13:55:02 -0400] "GET /?s=237897dgfcdc HTTP/1.1" 200 725 "-" "Mozilla/5.0 (Linux; Android 6.0.1; Nexus 5X Build/MMB29P) AppleWebKit/537.36 (KHTML, like Gecko) Chrome/146.0.7680.177 Mobile Safari/537.36 (compatible; Googlebot/2.1; +http://www.google.com/bot.html)"
