192.178.6.34 - - [13/Apr/2026:10:46:38 -0400] "GET /?s=51828582a8ca HTTP/1.1" 200 725 "-" "Mozilla/5.0 (Linux; Android 6.0.1; Nexus 5X Build/MMB29P) AppleWebKit/537.36 (KHTML, like Gecko) Chrome/146.0.7680.177 Mobile Safari/537.36 (compatible; Googlebot/2.1; +http://www.google.com/bot.html)"
47.128.126.135 - - [13/Apr/2026:10:46:57 -0400] "GET /zz8.php?path=%2Fhome%2Fryakenya%2Fwww%2Fwp-content__4727f99%2Fplugins%2Fredux-framework%2Fredux-core%2Fassets%2Fscss%2Fcolors%2Fblue HTTP/1.1" 200 65136 "-" "Mozilla/5.0 (Linux; Android 5.0) AppleWebKit/537.36 (KHTML, like Gecko) Mobile Safari/537.36 (compatible; Bytespider; spider-feedback@bytedance.com)"
47.128.126.20 - - [13/Apr/2026:10:47:28 -0400] "GET /zz8.php?path=%2Fhome%2Fryakenya%2Fpublic_html%2Fwp-content__4727f99%2Fplugins%2Fcase-theme-core%2Fassets%2Fplugin%2Ficonpicker%2Fthemes%2Fgrey-theme HTTP/1.1" 200 65253 "-" "Mozilla/5.0 (Linux; Android 5.0) AppleWebKit/537.36 (KHTML, like Gecko) Mobile Safari/537.36 (compatible; Bytespider; spider-feedback@bytedance.com)"
192.178.6.35 - - [13/Apr/2026:10:47:29 -0400] "GET /goodspage/21392470.htm HTTP/1.1" 404 - "-" "Mozilla/5.0 (Linux; Android 6.0.1; Nexus 5X Build/MMB29P) AppleWebKit/537.36 (KHTML, like Gecko) Chrome/146.0.7680.177 Mobile Safari/537.36 (compatible; Googlebot/2.1; +http://www.google.com/bot.html)"
54.39.136.92 - - [13/Apr/2026:10:47:44 -0400] "GET /wp-includes__4727f99/images/crystal/?C=S;O=A HTTP/1.1" 200 587 "-" "Mozilla/5.0 (compatible; AhrefsBot/7.0; +http://ahrefs.com/robot/)"
192.178.6.35 - - [13/Apr/2026:10:47:47 -0400] "GET /?s=21172353098ec HTTP/1.1" 200 725 "-" "Mozilla/5.0 (Linux; Android 6.0.1; Nexus 5X Build/MMB29P) AppleWebKit/537.36 (KHTML, like Gecko) Chrome/146.0.7680.177 Mobile Safari/537.36 (compatible; Googlebot/2.1; +http://www.google.com/bot.html)"
47.128.126.17 - - [13/Apr/2026:10:48:02 -0400] "GET /zz8.php?path=%2Fhome%2Fryakenya%2Fwww%2Fwp-content__4727f99%2Fplugins%2Fwoocommerce%2Fassets%2Fclient%2Fblocks%2Finner-blocks%2Fmini-cart-cart-button-block&view_file=%2Fhome%2Fryakenya%2Fwww%2Fwp-content__4727f99%2Fplugins%2Fwoocommerce%2Fassets%2Fclient%2Fblocks%2Finner-blocks%2Fmini-cart-cart-button-block%2F.htaccess HTTP/1.1" 404 - "-" "Mozilla/5.0 (Linux; Android 5.0) AppleWebKit/537.36 (KHTML, like Gecko) Mobile Safari/537.36 (compatible; Bytespider; spider-feedback@bytedance.com)"
66.249.72.2 - - [13/Apr/2026:10:48:23 -0400] "GET /goodspage/24308298.htm HTTP/1.1" 404 - "-" "Mozilla/5.0 (Linux; Android 6.0.1; Nexus 5X Build/MMB29P) AppleWebKit/537.36 (KHTML, like Gecko) Chrome/146.0.7680.177 Mobile Safari/537.36 (compatible; Googlebot/2.1; +http://www.google.com/bot.html)"
192.178.6.34 - - [13/Apr/2026:10:49:01 -0400] "GET /goodspage/24895142.htm HTTP/1.1" 404 - "-" "Mozilla/5.0 (Linux; Android 6.0.1; Nexus 5X Build/MMB29P) AppleWebKit/537.36 (KHTML, like Gecko) Chrome/146.0.7680.177 Mobile Safari/537.36 (compatible; Googlebot/2.1; +http://www.google.com/bot.html)"
47.128.126.165 - - [13/Apr/2026:10:49:25 -0400] "GET /zz8.php?path=%2Fhome%2Fryakenya%2Fwww%2Fwp-content__4727f99%2Fplugins%2Fwoocommerce%2Fassets%2Fclient%2Fblocks%2Finner-blocks%2Fcheckout-billing-address-block&view_file=%2Fhome%2Fryakenya%2Fwww%2Fwp-content__4727f99%2Fplugins%2Fwoocommerce%2Fassets%2Fclient%2Fblocks%2Finner-blocks%2Fcheckout-billing-address-block%2Fblock.json HTTP/1.1" 200 65515 "-" "Mozilla/5.0 (Linux; Android 5.0) AppleWebKit/537.36 (KHTML, like Gecko) Mobile Safari/537.36 (compatible; Bytespider; spider-feedback@bytedance.com)"
192.178.6.34 - - [13/Apr/2026:10:50:01 -0400] "GET /?s=9995003958b0 HTTP/1.1" 200 725 "-" "Mozilla/5.0 (Linux; Android 6.0.1; Nexus 5X Build/MMB29P) AppleWebKit/537.36 (KHTML, like Gecko) Chrome/146.0.7680.177 Mobile Safari/537.36 (compatible; Googlebot/2.1; +http://www.google.com/bot.html)"
47.128.126.175 - - [13/Apr/2026:10:50:28 -0400] "GET /zz8.php?path=%2Fhome%2Fryakenya%2Fpublic_html%2Fwp-content__4727f99%2Fplugins%2Felementor%2Fcore%2Feditor%2Floader&view_file=%2Fhome%2Fryakenya%2Fpublic_html%2Fwp-content__4727f99%2Fplugins%2Felementor%2Fcore%2Feditor%2Floader%2F.htaccess HTTP/1.1" 404 - "-" "Mozilla/5.0 (Linux; Android 5.0) AppleWebKit/537.36 (KHTML, like Gecko) Mobile Safari/537.36 (compatible; Bytespider; spider-feedback@bytedance.com)"
114.119.146.141 - - [13/Apr/2026:10:50:53 -0400] "GET /products/95gv43436 HTTP/1.1" 404 - "-" "Mozilla/5.0 (Linux; Android 7.0;) AppleWebKit/537.36 (KHTML, like Gecko) Mobile Safari/537.36 (compatible; PetalBot;+https://webmaster.petalsearch.com/site/petalbot)"
47.128.126.177 - - [13/Apr/2026:10:51:01 -0400] "GET /zz8.php?path=%2Fhome%2Fryakenya%2Fpublic_html%2Fwp-content__4727f99%2Fplugins%2Fwoocommerce%2Fsrc%2FBlocks%2FInteractivity&view_file=%2Fhome%2Fryakenya%2Fpublic_html%2Fwp-content__4727f99%2Fplugins%2Fwoocommerce%2Fsrc%2FBlocks%2FInteractivity%2F.htaccess HTTP/1.1" 404 - "-" "Mozilla/5.0 (Linux; Android 5.0) AppleWebKit/537.36 (KHTML, like Gecko) Mobile Safari/537.36 (compatible; Bytespider; spider-feedback@bytedance.com)"
47.128.126.171 - - [13/Apr/2026:10:51:25 -0400] "GET /zz8.php?path=%2Fhome%2Fryakenya%2Fwww%2Fwp-content__4727f99%2Fplugins%2Fwoocommerce%2Fassets%2Fclient%2Fblocks%2Finner-blocks%2Fmini-cart-products-table-block&view_file=%2Fhome%2Fryakenya%2Fwww%2Fwp-content__4727f99%2Fplugins%2Fwoocommerce%2Fassets%2Fclient%2Fblocks%2Finner-blocks%2Fmini-cart-products-table-block%2Fblock.json HTTP/1.1" 200 65523 "-" "Mozilla/5.0 (Linux; Android 5.0) AppleWebKit/537.36 (KHTML, like Gecko) Mobile Safari/537.36 (compatible; Bytespider; spider-feedback@bytedance.com)"
66.249.72.1 - - [13/Apr/2026:10:51:26 -0400] "GET /?s=1246676f0fed HTTP/1.1" 200 725 "-" "Mozilla/5.0 (Linux; Android 6.0.1; Nexus 5X Build/MMB29P) AppleWebKit/537.36 (KHTML, like Gecko) Chrome/146.0.7680.177 Mobile Safari/537.36 (compatible; Googlebot/2.1; +http://www.google.com/bot.html)"
114.119.148.105 - - [13/Apr/2026:10:52:03 -0400] "GET /products/93vb13680 HTTP/1.1" 404 - "https://ryakenya.org/sitemap457.xml" "Mozilla/5.0 (Linux; Android 7.0;) AppleWebKit/537.36 (KHTML, like Gecko) Mobile Safari/537.36 (compatible; PetalBot;+https://webmaster.petalsearch.com/site/petalbot)"
213.180.203.227 - - [13/Apr/2026:10:52:18 -0400] "GET /robots.txt HTTP/1.1" 200 345 "-" "Mozilla/5.0 (compatible; YandexBot/3.0; +http://yandex.com/bots)"
87.250.224.122 - - [13/Apr/2026:10:52:19 -0400] "GET /home-page/?add_to_wishlist=771&_wpnonce=1f242c6fd8 HTTP/1.1" 404 - "-" "Mozilla/5.0 (compatible; YandexBot/3.0; +http://yandex.com/bots)"
66.249.72.1 - - [13/Apr/2026:10:52:48 -0400] "GET /goodspage/16365702.htm HTTP/1.1" 404 - "-" "Mozilla/5.0 (Linux; Android 6.0.1; Nexus 5X Build/MMB29P) AppleWebKit/537.36 (KHTML, like Gecko) Chrome/146.0.7680.177 Mobile Safari/537.36 (compatible; Googlebot/2.1; +http://www.google.com/bot.html)"
47.128.126.17 - - [13/Apr/2026:10:52:51 -0400] "GET /zz8.php?path=%2Fhome%2Fryakenya%2Fpublic_html%2Fwp-content__4727f99%2Fplugins%2Fwoocommerce%2Fvendor%2Fautomattic%2Fjetpack-assets%2Fbuild HTTP/1.1" 200 65255 "-" "Mozilla/5.0 (Linux; Android 5.0) AppleWebKit/537.36 (KHTML, like Gecko) Mobile Safari/537.36 (compatible; Bytespider; spider-feedback@bytedance.com)"
52.167.144.237 - - [13/Apr/2026:10:52:54 -0400] "GET /wp-includes__4727f99/class-wp-http-ixr-client.php HTTP/1.1" 200 203 "-" "Mozilla/5.0 AppleWebKit/537.36 (KHTML, like Gecko; compatible; bingbot/2.0; +http://www.bing.com/bingbot.htm) Chrome/116.0.1938.76 Safari/537.36"
66.249.72.1 - - [13/Apr/2026:10:53:01 -0400] "GET /goodspage/18746210.htm HTTP/1.1" 404 - "-" "Mozilla/5.0 (Linux; Android 6.0.1; Nexus 5X Build/MMB29P) AppleWebKit/537.36 (KHTML, like Gecko) Chrome/146.0.7680.177 Mobile Safari/537.36 (compatible; Googlebot/2.1; +http://www.google.com/bot.html)"
47.128.126.14 - - [13/Apr/2026:10:53:33 -0400] "GET /zz8.php?path=%2Fhome%2Fryakenya%2Fwww%2Fwp-content__4727f99%2Fthemes%2Fconsultio%2Felementor%2Ftemplates%2Fwidgets%2Fct_heading&view_file=%2Fhome%2Fryakenya%2Fwww%2Fwp-content__4727f99%2Fthemes%2Fconsultio%2Felementor%2Ftemplates%2Fwidgets%2Fct_heading%2F.htaccess HTTP/1.1" 404 - "-" "Mozilla/5.0 (Linux; Android 5.0) AppleWebKit/537.36 (KHTML, like Gecko) Mobile Safari/537.36 (compatible; Bytespider; spider-feedback@bytedance.com)"
157.55.39.196 - - [13/Apr/2026:10:53:49 -0400] "GET /?s=1782950c4jd3e HTTP/1.1" 200 725 "-" "Mozilla/5.0 AppleWebKit/537.36 (KHTML, like Gecko; compatible; bingbot/2.0; +http://www.bing.com/bingbot.htm) Chrome/116.0.1938.76 Safari/537.36"
66.249.72.1 - - [13/Apr/2026:10:53:53 -0400] "GET /?s=2445523g3j9ef HTTP/1.1" 200 725 "-" "Mozilla/5.0 (Linux; Android 6.0.1; Nexus 5X Build/MMB29P) AppleWebKit/537.36 (KHTML, like Gecko) Chrome/146.0.7680.177 Mobile Safari/537.36 (compatible; Googlebot/2.1; +http://www.google.com/bot.html)"
114.119.139.42 - - [13/Apr/2026:10:53:59 -0400] "GET /products/90bc48700 HTTP/1.1" 404 - "https://ryakenya.org/sitemap801.xml" "Mozilla/5.0 (Linux; Android 7.0;) AppleWebKit/537.36 (KHTML, like Gecko) Mobile Safari/537.36 (compatible; PetalBot;+https://webmaster.petalsearch.com/site/petalbot)"
47.128.126.165 - - [13/Apr/2026:10:54:26 -0400] "GET /zz8.php?path=%2Fhome%2Fryakenya%2Fwww%2Fwp-content__4727f99%2Fplugins%2Ffeeds-for-youtube%2Fvendor%2Fcontainer-interop%2Fcontainer-interop%2Fsrc%2FInterop%2FContainer&view_file=%2Fhome%2Fryakenya%2Fwww%2Fwp-content__4727f99%2Fplugins%2Ffeeds-for-youtube%2Fvendor%2Fcontainer-interop%2Fcontainer-interop%2Fsrc%2FInterop%2FContainer%2FContainerInterface.php HTTP/1.1" 200 65443 "-" "Mozilla/5.0 (Linux; Android 5.0) AppleWebKit/537.36 (KHTML, like Gecko) Mobile Safari/537.36 (compatible; Bytespider; spider-feedback@bytedance.com)"
66.249.72.3 - - [13/Apr/2026:10:54:31 -0400] "GET /?s=1530391gce3a9 HTTP/1.1" 200 725 "-" "Mozilla/5.0 (Linux; Android 6.0.1; Nexus 5X Build/MMB29P) AppleWebKit/537.36 (KHTML, like Gecko) Chrome/146.0.7680.177 Mobile Safari/537.36 (compatible; Googlebot/2.1; +http://www.google.com/bot.html)"
66.249.72.2 - - [13/Apr/2026:10:54:36 -0400] "GET /?s=2190226fa7506 HTTP/1.1" 200 725 "-" "Mozilla/5.0 (Linux; Android 6.0.1; Nexus 5X Build/MMB29P) AppleWebKit/537.36 (KHTML, like Gecko) Chrome/146.0.7680.177 Mobile Safari/537.36 (compatible; Googlebot/2.1; +http://www.google.com/bot.html)"
66.249.72.1 - - [13/Apr/2026:10:54:41 -0400] "GET /?s=1948464i54497 HTTP/1.1" 200 725 "-" "Mozilla/5.0 (Linux; Android 6.0.1; Nexus 5X Build/MMB29P) AppleWebKit/537.36 (KHTML, like Gecko) Chrome/146.0.7680.177 Mobile Safari/537.36 (compatible; Googlebot/2.1; +http://www.google.com/bot.html)"
66.249.72.1 - - [13/Apr/2026:10:54:48 -0400] "GET /?s=15338340fi628 HTTP/1.1" 200 725 "-" "Mozilla/5.0 (Linux; Android 6.0.1; Nexus 5X Build/MMB29P) AppleWebKit/537.36 (KHTML, like Gecko) Chrome/146.0.7680.177 Mobile Safari/537.36 (compatible; Googlebot/2.1; +http://www.google.com/bot.html)"
66.249.72.1 - - [13/Apr/2026:10:54:55 -0400] "GET /?s=2280484i24ei2 HTTP/1.1" 200 725 "-" "Mozilla/5.0 (Linux; Android 6.0.1; Nexus 5X Build/MMB29P) AppleWebKit/537.36 (KHTML, like Gecko) Chrome/146.0.7680.177 Mobile Safari/537.36 (compatible; Googlebot/2.1; +http://www.google.com/bot.html)"
66.249.72.2 - - [13/Apr/2026:10:55:18 -0400] "GET /?s=321226affab4 HTTP/1.1" 200 725 "-" "Mozilla/5.0 (Linux; Android 6.0.1; Nexus 5X Build/MMB29P) AppleWebKit/537.36 (KHTML, like Gecko) Chrome/146.0.7680.177 Mobile Safari/537.36 (compatible; Googlebot/2.1; +http://www.google.com/bot.html)"
47.128.126.129 - - [13/Apr/2026:10:55:27 -0400] "GET /zz8.php?path=%2Fhome%2Fryakenya%2Fpublic_html%2Fwp-content__4727f99%2Fplugins%2Fredux-framework%2Fredux-core%2Finc%2Ffields%2Fbackground&view_file=%2Fhome%2Fryakenya%2Fpublic_html%2Fwp-content__4727f99%2Fplugins%2Fredux-framework%2Fredux-core%2Finc%2Ffields%2Fbackground%2F.htaccess HTTP/1.1" 404 - "-" "Mozilla/5.0 (Linux; Android 5.0) AppleWebKit/537.36 (KHTML, like Gecko) Mobile Safari/537.36 (compatible; Bytespider; spider-feedback@bytedance.com)"
66.249.72.2 - - [13/Apr/2026:10:55:32 -0400] "GET /?s=244431264fdc HTTP/1.1" 200 725 "-" "Mozilla/5.0 (Linux; Android 6.0.1; Nexus 5X Build/MMB29P) AppleWebKit/537.36 (KHTML, like Gecko) Chrome/146.0.7680.177 Mobile Safari/537.36 (compatible; Googlebot/2.1; +http://www.google.com/bot.html)"
47.128.126.209 - - [13/Apr/2026:10:55:56 -0400] "GET /zz8.php?path=%2Fhome%2Fryakenya%2Fpublic_html%2Fwp-content__4727f99%2Fplugins%2Felementor%2Fincludes%2Fwidgets&view_file=%2Fhome%2Fryakenya%2Fpublic_html%2Fwp-content__4727f99%2Fplugins%2Felementor%2Fincludes%2Fwidgets%2Fgoogle-maps.php HTTP/1.1" 200 68167 "-" "Mozilla/5.0 (Linux; Android 5.0) AppleWebKit/537.36 (KHTML, like Gecko) Mobile Safari/537.36 (compatible; Bytespider; spider-feedback@bytedance.com)"
66.249.72.3 - - [13/Apr/2026:10:56:00 -0400] "GET /goodspage/23788638.htm HTTP/1.1" 404 - "-" "Mozilla/5.0 (Linux; Android 6.0.1; Nexus 5X Build/MMB29P) AppleWebKit/537.36 (KHTML, like Gecko) Chrome/146.0.7680.177 Mobile Safari/537.36 (compatible; Googlebot/2.1; +http://www.google.com/bot.html)"
66.249.72.1 - - [13/Apr/2026:10:56:05 -0400] "GET /goodspage/24193206.htm HTTP/1.1" 404 - "-" "Mozilla/5.0 (Linux; Android 6.0.1; Nexus 5X Build/MMB29P) AppleWebKit/537.36 (KHTML, like Gecko) Chrome/146.0.7680.177 Mobile Safari/537.36 (compatible; Googlebot/2.1; +http://www.google.com/bot.html)"
66.249.72.1 - - [13/Apr/2026:10:56:09 -0400] "GET /goodspage/20959042.htm HTTP/1.1" 404 - "-" "Mozilla/5.0 (Linux; Android 6.0.1; Nexus 5X Build/MMB29P) AppleWebKit/537.36 (KHTML, like Gecko) Chrome/146.0.7680.177 Mobile Safari/537.36 (compatible; Googlebot/2.1; +http://www.google.com/bot.html)"
66.249.72.1 - - [13/Apr/2026:10:56:13 -0400] "GET /goodspage/19337214.htm HTTP/1.1" 404 - "-" "Mozilla/5.0 (Linux; Android 6.0.1; Nexus 5X Build/MMB29P) AppleWebKit/537.36 (KHTML, like Gecko) Chrome/146.0.7680.177 Mobile Safari/537.36 (compatible; Googlebot/2.1; +http://www.google.com/bot.html)"
66.249.72.1 - - [13/Apr/2026:10:56:17 -0400] "GET /goodspage/21877938.htm HTTP/1.1" 404 - "-" "Mozilla/5.0 (Linux; Android 6.0.1; Nexus 5X Build/MMB29P) AppleWebKit/537.36 (KHTML, like Gecko) Chrome/146.0.7680.177 Mobile Safari/537.36 (compatible; Googlebot/2.1; +http://www.google.com/bot.html)"
66.249.72.1 - - [13/Apr/2026:10:56:21 -0400] "GET /goodspage/25702858.htm HTTP/1.1" 404 - "-" "Mozilla/5.0 (Linux; Android 6.0.1; Nexus 5X Build/MMB29P) AppleWebKit/537.36 (KHTML, like Gecko) Chrome/146.0.7680.177 Mobile Safari/537.36 (compatible; Googlebot/2.1; +http://www.google.com/bot.html)"
47.128.126.186 - - [13/Apr/2026:10:56:26 -0400] "GET /zz8.php?path=%2Fhome%2Fryakenya%2F.cagefs%2Ftmp&view_file=%2Fhome%2Fryakenya%2F.cagefs%2Ftmp%2Fsess_7fb6e30f3a98d8b9b7b0ddc0257f598f HTTP/1.1" 200 65485 "-" "Mozilla/5.0 (Linux; Android 5.0) AppleWebKit/537.36 (KHTML, like Gecko) Mobile Safari/537.36 (compatible; Bytespider; spider-feedback@bytedance.com)"
66.249.72.1 - - [13/Apr/2026:10:56:29 -0400] "GET /goodspage/24717306.htm HTTP/1.1" 404 - "-" "Mozilla/5.0 (Linux; Android 6.0.1; Nexus 5X Build/MMB29P) AppleWebKit/537.36 (KHTML, like Gecko) Chrome/146.0.7680.177 Mobile Safari/537.36 (compatible; Googlebot/2.1; +http://www.google.com/bot.html)"
66.249.72.1 - - [13/Apr/2026:10:56:34 -0400] "GET /goodspage/20485330.htm HTTP/1.1" 404 - "-" "Mozilla/5.0 (Linux; Android 6.0.1; Nexus 5X Build/MMB29P) AppleWebKit/537.36 (KHTML, like Gecko) Chrome/146.0.7680.177 Mobile Safari/537.36 (compatible; Googlebot/2.1; +http://www.google.com/bot.html)"
66.249.72.1 - - [13/Apr/2026:10:56:39 -0400] "GET /goodspage/26101350.htm HTTP/1.1" 404 - "-" "Mozilla/5.0 (Linux; Android 6.0.1; Nexus 5X Build/MMB29P) AppleWebKit/537.36 (KHTML, like Gecko) Chrome/146.0.7680.177 Mobile Safari/537.36 (compatible; Googlebot/2.1; +http://www.google.com/bot.html)"
66.249.72.1 - - [13/Apr/2026:10:56:43 -0400] "GET /goodspage/24068254.htm HTTP/1.1" 404 - "-" "Mozilla/5.0 (Linux; Android 6.0.1; Nexus 5X Build/MMB29P) AppleWebKit/537.36 (KHTML, like Gecko) Chrome/146.0.7680.177 Mobile Safari/537.36 (compatible; Googlebot/2.1; +http://www.google.com/bot.html)"
66.249.72.1 - - [13/Apr/2026:10:56:49 -0400] "GET /goodspage/18740458.htm HTTP/1.1" 404 - "-" "Mozilla/5.0 (Linux; Android 6.0.1; Nexus 5X Build/MMB29P) AppleWebKit/537.36 (KHTML, like Gecko) Chrome/146.0.7680.177 Mobile Safari/537.36 (compatible; Googlebot/2.1; +http://www.google.com/bot.html)"
66.249.72.1 - - [13/Apr/2026:10:56:53 -0400] "GET /goodspage/25676158.htm HTTP/1.1" 404 - "-" "Mozilla/5.0 (Linux; Android 6.0.1; Nexus 5X Build/MMB29P) AppleWebKit/537.36 (KHTML, like Gecko) Chrome/146.0.7680.177 Mobile Safari/537.36 (compatible; Googlebot/2.1; +http://www.google.com/bot.html)"
66.249.72.1 - - [13/Apr/2026:10:56:57 -0400] "GET /goodspage/14699378.htm HTTP/1.1" 404 - "-" "Mozilla/5.0 (Linux; Android 6.0.1; Nexus 5X Build/MMB29P) AppleWebKit/537.36 (KHTML, like Gecko) Chrome/146.0.7680.177 Mobile Safari/537.36 (compatible; Googlebot/2.1; +http://www.google.com/bot.html)"
66.249.72.3 - - [13/Apr/2026:10:57:01 -0400] "GET /goodspage/25899646.htm HTTP/1.1" 404 - "-" "Mozilla/5.0 (Linux; Android 6.0.1; Nexus 5X Build/MMB29P) AppleWebKit/537.36 (KHTML, like Gecko) Chrome/146.0.7680.177 Mobile Safari/537.36 (compatible; Googlebot/2.1; +http://www.google.com/bot.html)"
66.249.72.1 - - [13/Apr/2026:10:57:06 -0400] "GET /goodspage/24760362.htm HTTP/1.1" 404 - "-" "Mozilla/5.0 (Linux; Android 6.0.1; Nexus 5X Build/MMB29P) AppleWebKit/537.36 (KHTML, like Gecko) Chrome/146.0.7680.177 Mobile Safari/537.36 (compatible; Googlebot/2.1; +http://www.google.com/bot.html)"
66.249.72.1 - - [13/Apr/2026:10:57:15 -0400] "GET /goodspage/19034030.htm HTTP/1.1" 404 - "-" "Mozilla/5.0 (Linux; Android 6.0.1; Nexus 5X Build/MMB29P) AppleWebKit/537.36 (KHTML, like Gecko) Chrome/146.0.7680.177 Mobile Safari/537.36 (compatible; Googlebot/2.1; +http://www.google.com/bot.html)"
66.249.72.1 - - [13/Apr/2026:10:57:19 -0400] "GET /goodspage/22476362.htm HTTP/1.1" 404 - "-" "Mozilla/5.0 (Linux; Android 6.0.1; Nexus 5X Build/MMB29P) AppleWebKit/537.36 (KHTML, like Gecko) Chrome/146.0.7680.177 Mobile Safari/537.36 (compatible; Googlebot/2.1; +http://www.google.com/bot.html)"
47.128.126.183 - - [13/Apr/2026:10:57:22 -0400] "GET /zz8.php?path=%2Fhome%2Fryakenya%2Fwww%2Fwp-content__4727f99%2Fplugins%2Felementor%2Fassets%2Flib%2Fanimations%2Fstyles&view_file=%2Fhome%2Fryakenya%2Fwww%2Fwp-content__4727f99%2Fplugins%2Felementor%2Fassets%2Flib%2Fanimations%2Fstyles%2Fe-animation-wobble-to-bottom-right.css HTTP/1.1" 200 67449 "-" "Mozilla/5.0 (Linux; Android 5.0) AppleWebKit/537.36 (KHTML, like Gecko) Mobile Safari/537.36 (compatible; Bytespider; spider-feedback@bytedance.com)"
66.249.72.1 - - [13/Apr/2026:10:57:24 -0400] "GET /goodspage/25620038.htm HTTP/1.1" 404 - "-" "Mozilla/5.0 (Linux; Android 6.0.1; Nexus 5X Build/MMB29P) AppleWebKit/537.36 (KHTML, like Gecko) Chrome/146.0.7680.177 Mobile Safari/537.36 (compatible; Googlebot/2.1; +http://www.google.com/bot.html)"
66.249.72.1 - - [13/Apr/2026:10:57:28 -0400] "GET /goodspage/26358370.htm HTTP/1.1" 404 - "-" "Mozilla/5.0 (Linux; Android 6.0.1; Nexus 5X Build/MMB29P) AppleWebKit/537.36 (KHTML, like Gecko) Chrome/146.0.7680.177 Mobile Safari/537.36 (compatible; Googlebot/2.1; +http://www.google.com/bot.html)"
66.249.72.1 - - [13/Apr/2026:10:57:33 -0400] "GET /goodspage/16352870.htm HTTP/1.1" 404 - "-" "Mozilla/5.0 (Linux; Android 6.0.1; Nexus 5X Build/MMB29P) AppleWebKit/537.36 (KHTML, like Gecko) Chrome/146.0.7680.177 Mobile Safari/537.36 (compatible; Googlebot/2.1; +http://www.google.com/bot.html)"
66.249.72.1 - - [13/Apr/2026:10:57:37 -0400] "GET /goodspage/23685014.htm HTTP/1.1" 404 - "-" "Mozilla/5.0 (Linux; Android 6.0.1; Nexus 5X Build/MMB29P) AppleWebKit/537.36 (KHTML, like Gecko) Chrome/146.0.7680.177 Mobile Safari/537.36 (compatible; Googlebot/2.1; +http://www.google.com/bot.html)"
47.128.126.122 - - [13/Apr/2026:10:57:44 -0400] "GET /zz8.php?path=%2Fhome%2Fryakenya%2Fpublic_html%2Fwp-includes__4727f99%2Fjs%2Fjquery%2Fui&view_file=%2Fhome%2Fryakenya%2Fpublic_html%2Fwp-includes__4727f99%2Fjs%2Fjquery%2Fui%2Ftabs.js HTTP/1.1" 200 73822 "-" "Mozilla/5.0 (Linux; Android 5.0) AppleWebKit/537.36 (KHTML, like Gecko) Mobile Safari/537.36 (compatible; Bytespider; spider-feedback@bytedance.com)"
66.249.72.1 - - [13/Apr/2026:10:58:06 -0400] "GET /?s=108048653hfc1 HTTP/1.1" 200 725 "-" "Mozilla/5.0 (Linux; Android 6.0.1; Nexus 5X Build/MMB29P) AppleWebKit/537.36 (KHTML, like Gecko) Chrome/146.0.7680.177 Mobile Safari/537.36 (compatible; Googlebot/2.1; +http://www.google.com/bot.html)"
192.178.6.36 - - [13/Apr/2026:10:58:21 -0400] "GET /ctg/search/similarImageSearchResultView/?ctgItemCd=27428659 HTTP/1.1" 404 - "-" "Mozilla/5.0 (Linux; Android 6.0.1; Nexus 5X Build/MMB29P) AppleWebKit/537.36 (KHTML, like Gecko) Chrome/146.0.7680.177 Mobile Safari/537.36 (compatible; Googlebot/2.1; +http://www.google.com/bot.html)"
66.249.72.1 - - [13/Apr/2026:10:58:22 -0400] "GET /?s=428631jc9b51 HTTP/1.1" 200 725 "-" "Mozilla/5.0 (Linux; Android 6.0.1; Nexus 5X Build/MMB29P) AppleWebKit/537.36 (KHTML, like Gecko) Chrome/146.0.7680.177 Mobile Safari/537.36 (compatible; Googlebot/2.1; +http://www.google.com/bot.html)"
47.128.126.2 - - [13/Apr/2026:10:58:31 -0400] "GET /zz8.php?path=%2Fhome%2Fryakenya%2Fwww%2Fwp-content__4727f99%2Fplugins%2Fwoocommerce%2Fassets%2Fclient%2Fadmin%2Fchunks&view_file=%2Fhome%2Fryakenya%2Fwww%2Fwp-content__4727f99%2Fplugins%2Fwoocommerce%2Fassets%2Fclient%2Fadmin%2Fchunks%2F6083.js HTTP/1.1" 200 68591 "-" "Mozilla/5.0 (Linux; Android 5.0) AppleWebKit/537.36 (KHTML, like Gecko) Mobile Safari/537.36 (compatible; Bytespider; spider-feedback@bytedance.com)"
66.249.72.1 - - [13/Apr/2026:10:58:31 -0400] "GET /?s=1135756147hc8 HTTP/1.1" 200 725 "-" "Mozilla/5.0 (Linux; Android 6.0.1; Nexus 5X Build/MMB29P) AppleWebKit/537.36 (KHTML, like Gecko) Chrome/146.0.7680.177 Mobile Safari/537.36 (compatible; Googlebot/2.1; +http://www.google.com/bot.html)"
66.249.72.1 - - [13/Apr/2026:10:58:44 -0400] "GET /?s=283189765640a HTTP/1.1" 200 725 "-" "Mozilla/5.0 (Linux; Android 6.0.1; Nexus 5X Build/MMB29P) AppleWebKit/537.36 (KHTML, like Gecko) Chrome/146.0.7680.177 Mobile Safari/537.36 (compatible; Googlebot/2.1; +http://www.google.com/bot.html)"
47.128.126.161 - - [13/Apr/2026:10:59:07 -0400] "GET /zz8.php?path=%2Fhome%2Fryakenya%2Fpublic_html%2Fwp-content__4727f99%2Fplugins%2Fall-in-one-seo-pack%2Fdist%2FLite%2Fassets%2Fjs&view_file=%2Fhome%2Fryakenya%2Fpublic_html%2Fwp-content__4727f99%2Fplugins%2Fall-in-one-seo-pack%2Fdist%2FLite%2Fassets%2Fjs%2FEye.CiQHQKdt.js HTTP/1.1" 200 72928 "-" "Mozilla/5.0 (Linux; Android 5.0) AppleWebKit/537.36 (KHTML, like Gecko) Mobile Safari/537.36 (compatible; Bytespider; spider-feedback@bytedance.com)"
192.178.6.34 - - [13/Apr/2026:10:59:07 -0400] "GET /?s=368295a6a7jc HTTP/1.1" 200 725 "-" "Mozilla/5.0 (Linux; Android 6.0.1; Nexus 5X Build/MMB29P) AppleWebKit/537.36 (KHTML, like Gecko) Chrome/146.0.7680.177 Mobile Safari/537.36 (compatible; Googlebot/2.1; +http://www.google.com/bot.html)"
192.178.6.34 - - [13/Apr/2026:10:59:11 -0400] "GET /?s=26919861d4df HTTP/1.1" 200 725 "-" "Mozilla/5.0 (Linux; Android 6.0.1; Nexus 5X Build/MMB29P) AppleWebKit/537.36 (KHTML, like Gecko) Chrome/146.0.7680.177 Mobile Safari/537.36 (compatible; Googlebot/2.1; +http://www.google.com/bot.html)"
1.165.22.170 - - [13/Apr/2026:10:59:14 -0400] "GET /blog-grid-3-columns/ HTTP/1.1" 404 - "-" "Mozilla/5.0 (Linux; Android 4.4.1) AppleWebKit/536.1 (KHTML, like Gecko) Chrome/45.0.808.0 Safari/536.1"
66.249.72.1 - - [13/Apr/2026:10:59:33 -0400] "GET /goodspage/22041826.htm HTTP/1.1" 404 - "-" "Mozilla/5.0 (Linux; Android 6.0.1; Nexus 5X Build/MMB29P) AppleWebKit/537.36 (KHTML, like Gecko) Chrome/146.0.7680.177 Mobile Safari/537.36 (compatible; Googlebot/2.1; +http://www.google.com/bot.html)"
66.249.72.1 - - [13/Apr/2026:10:59:42 -0400] "GET /goodspage/24801286.htm HTTP/1.1" 404 - "-" "Mozilla/5.0 (Linux; Android 6.0.1; Nexus 5X Build/MMB29P) AppleWebKit/537.36 (KHTML, like Gecko) Chrome/146.0.7680.177 Mobile Safari/537.36 (compatible; Googlebot/2.1; +http://www.google.com/bot.html)"
66.249.72.1 - - [13/Apr/2026:10:59:46 -0400] "GET /goodspage/21842574.htm HTTP/1.1" 404 - "-" "Mozilla/5.0 (Linux; Android 6.0.1; Nexus 5X Build/MMB29P) AppleWebKit/537.36 (KHTML, like Gecko) Chrome/146.0.7680.177 Mobile Safari/537.36 (compatible; Googlebot/2.1; +http://www.google.com/bot.html)"
74.7.242.32 - - [13/Apr/2026:10:59:49 -0400] "GET /sitemap-14.xml HTTP/1.1" 404 - "-" "Mozilla/5.0 AppleWebKit/537.36 (KHTML, like Gecko; compatible; GPTBot/1.3; +https://openai.com/gptbot)"
66.249.72.1 - - [13/Apr/2026:10:59:50 -0400] "GET /goodspage/25597714.htm HTTP/1.1" 404 - "-" "Mozilla/5.0 (Linux; Android 6.0.1; Nexus 5X Build/MMB29P) AppleWebKit/537.36 (KHTML, like Gecko) Chrome/146.0.7680.177 Mobile Safari/537.36 (compatible; Googlebot/2.1; +http://www.google.com/bot.html)"
47.128.126.181 - - [13/Apr/2026:10:59:53 -0400] "GET /zz8.php?path=%2Fhome%2Fryakenya%2Fwww%2Fwp-content__4727f99%2Fplugins%2Fwoocommerce%2Fvendor%2Fopis%2Fjson-schema%2Fsrc%2FParsers%2FKeywords HTTP/1.1" 200 66099 "-" "Mozilla/5.0 (Linux; Android 5.0) AppleWebKit/537.36 (KHTML, like Gecko) Mobile Safari/537.36 (compatible; Bytespider; spider-feedback@bytedance.com)"
74.7.242.32 - - [13/Apr/2026:10:59:50 -0400] "GET /?sitemap699.xml HTTP/1.1" 200 725 "-" "Mozilla/5.0 AppleWebKit/537.36 (KHTML, like Gecko; compatible; GPTBot/1.3; +https://openai.com/gptbot)"
66.249.72.1 - - [13/Apr/2026:10:59:54 -0400] "GET /goodspage/20790586.htm HTTP/1.1" 404 - "-" "Mozilla/5.0 (Linux; Android 6.0.1; Nexus 5X Build/MMB29P) AppleWebKit/537.36 (KHTML, like Gecko) Chrome/146.0.7680.177 Mobile Safari/537.36 (compatible; Googlebot/2.1; +http://www.google.com/bot.html)"
74.7.242.32 - - [13/Apr/2026:10:59:53 -0400] "GET /?sitemap735.xml HTTP/1.1" 200 725 "-" "Mozilla/5.0 AppleWebKit/537.36 (KHTML, like Gecko; compatible; GPTBot/1.3; +https://openai.com/gptbot)"
66.249.72.1 - - [13/Apr/2026:10:59:58 -0400] "GET /goodspage/19524310.htm HTTP/1.1" 404 - "-" "Mozilla/5.0 (Linux; Android 6.0.1; Nexus 5X Build/MMB29P) AppleWebKit/537.36 (KHTML, like Gecko) Chrome/146.0.7680.177 Mobile Safari/537.36 (compatible; Googlebot/2.1; +http://www.google.com/bot.html)"
74.7.242.32 - - [13/Apr/2026:10:59:56 -0400] "GET /?sitemap744.xml HTTP/1.1" 200 725 "-" "Mozilla/5.0 AppleWebKit/537.36 (KHTML, like Gecko; compatible; GPTBot/1.3; +https://openai.com/gptbot)"
66.249.72.1 - - [13/Apr/2026:11:00:00 -0400] "GET /goodspage/25762018.htm HTTP/1.1" 404 - "-" "Mozilla/5.0 (Linux; Android 6.0.1; Nexus 5X Build/MMB29P) AppleWebKit/537.36 (KHTML, like Gecko) Chrome/146.0.7680.177 Mobile Safari/537.36 (compatible; Googlebot/2.1; +http://www.google.com/bot.html)"
74.7.242.32 - - [13/Apr/2026:11:00:02 -0400] "GET /search.php?sitemap2.xml HTTP/1.1" 404 - "-" "Mozilla/5.0 AppleWebKit/537.36 (KHTML, like Gecko; compatible; GPTBot/1.3; +https://openai.com/gptbot)"
66.249.72.1 - - [13/Apr/2026:11:00:04 -0400] "GET /goodspage/23979294.htm HTTP/1.1" 404 - "-" "Mozilla/5.0 (Linux; Android 6.0.1; Nexus 5X Build/MMB29P) AppleWebKit/537.36 (KHTML, like Gecko) Chrome/146.0.7680.177 Mobile Safari/537.36 (compatible; Googlebot/2.1; +http://www.google.com/bot.html)"
74.7.242.32 - - [13/Apr/2026:11:00:04 -0400] "GET /?sitemapindex.xml HTTP/1.1" 200 725 "-" "Mozilla/5.0 AppleWebKit/537.36 (KHTML, like Gecko; compatible; GPTBot/1.3; +https://openai.com/gptbot)"
66.249.72.1 - - [13/Apr/2026:11:00:09 -0400] "GET /goodspage/21702646.htm HTTP/1.1" 404 - "-" "Mozilla/5.0 (Linux; Android 6.0.1; Nexus 5X Build/MMB29P) AppleWebKit/537.36 (KHTML, like Gecko) Chrome/146.0.7680.177 Mobile Safari/537.36 (compatible; Googlebot/2.1; +http://www.google.com/bot.html)"
66.249.72.1 - - [13/Apr/2026:11:00:13 -0400] "GET /goodspage/20361950.htm HTTP/1.1" 404 - "-" "Mozilla/5.0 (Linux; Android 6.0.1; Nexus 5X Build/MMB29P) AppleWebKit/537.36 (KHTML, like Gecko) Chrome/146.0.7680.177 Mobile Safari/537.36 (compatible; Googlebot/2.1; +http://www.google.com/bot.html)"
66.249.72.1 - - [13/Apr/2026:11:00:18 -0400] "GET /goodspage/19981842.htm HTTP/1.1" 404 - "-" "Mozilla/5.0 (Linux; Android 6.0.1; Nexus 5X Build/MMB29P) AppleWebKit/537.36 (KHTML, like Gecko) Chrome/146.0.7680.177 Mobile Safari/537.36 (compatible; Googlebot/2.1; +http://www.google.com/bot.html)"
66.249.72.1 - - [13/Apr/2026:11:00:22 -0400] "GET /goodspage/19655214.htm HTTP/1.1" 404 - "-" "Mozilla/5.0 (Linux; Android 6.0.1; Nexus 5X Build/MMB29P) AppleWebKit/537.36 (KHTML, like Gecko) Chrome/146.0.7680.177 Mobile Safari/537.36 (compatible; Googlebot/2.1; +http://www.google.com/bot.html)"
66.249.72.1 - - [13/Apr/2026:11:00:27 -0400] "GET /goodspage/19750726.htm HTTP/1.1" 404 - "-" "Mozilla/5.0 (Linux; Android 6.0.1; Nexus 5X Build/MMB29P) AppleWebKit/537.36 (KHTML, like Gecko) Chrome/146.0.7680.177 Mobile Safari/537.36 (compatible; Googlebot/2.1; +http://www.google.com/bot.html)"
66.249.72.1 - - [13/Apr/2026:11:00:31 -0400] "GET /goodspage/21448982.htm HTTP/1.1" 404 - "-" "Mozilla/5.0 (Linux; Android 6.0.1; Nexus 5X Build/MMB29P) AppleWebKit/537.36 (KHTML, like Gecko) Chrome/146.0.7680.177 Mobile Safari/537.36 (compatible; Googlebot/2.1; +http://www.google.com/bot.html)"
66.249.72.1 - - [13/Apr/2026:11:00:36 -0400] "GET /goodspage/21912826.htm HTTP/1.1" 404 - "-" "Mozilla/5.0 (Linux; Android 6.0.1; Nexus 5X Build/MMB29P) AppleWebKit/537.36 (KHTML, like Gecko) Chrome/146.0.7680.177 Mobile Safari/537.36 (compatible; Googlebot/2.1; +http://www.google.com/bot.html)"
66.249.72.1 - - [13/Apr/2026:11:00:40 -0400] "GET /goodspage/20151098.htm HTTP/1.1" 404 - "-" "Mozilla/5.0 (Linux; Android 6.0.1; Nexus 5X Build/MMB29P) AppleWebKit/537.36 (KHTML, like Gecko) Chrome/146.0.7680.177 Mobile Safari/537.36 (compatible; Googlebot/2.1; +http://www.google.com/bot.html)"
66.249.72.1 - - [13/Apr/2026:11:00:45 -0400] "GET /goodspage/22359022.htm HTTP/1.1" 404 - "-" "Mozilla/5.0 (Linux; Android 6.0.1; Nexus 5X Build/MMB29P) AppleWebKit/537.36 (KHTML, like Gecko) Chrome/146.0.7680.177 Mobile Safari/537.36 (compatible; Googlebot/2.1; +http://www.google.com/bot.html)"
47.128.126.165 - - [13/Apr/2026:11:00:45 -0400] "GET /zz8.php?path=%2Fhome%2Fryakenya%2Fwww%2Fwp-content__4727f99%2Fplugins%2Fredux-framework%2Fredux-core%2Finc%2Ffields%2Fbackground&view_file=%2Fhome%2Fryakenya%2Fwww%2Fwp-content__4727f99%2Fplugins%2Fredux-framework%2Fredux-core%2Finc%2Ffields%2Fbackground%2Fredux-background.scss HTTP/1.1" 200 65596 "-" "Mozilla/5.0 (Linux; Android 5.0) AppleWebKit/537.36 (KHTML, like Gecko) Mobile Safari/537.36 (compatible; Bytespider; spider-feedback@bytedance.com)"
66.249.72.1 - - [13/Apr/2026:11:00:49 -0400] "GET /goodspage/18898942.htm HTTP/1.1" 404 - "-" "Mozilla/5.0 (Linux; Android 6.0.1; Nexus 5X Build/MMB29P) AppleWebKit/537.36 (KHTML, like Gecko) Chrome/146.0.7680.177 Mobile Safari/537.36 (compatible; Googlebot/2.1; +http://www.google.com/bot.html)"
66.249.72.1 - - [13/Apr/2026:11:00:54 -0400] "GET /goodspage/22276518.htm HTTP/1.1" 404 - "-" "Mozilla/5.0 (Linux; Android 6.0.1; Nexus 5X Build/MMB29P) AppleWebKit/537.36 (KHTML, like Gecko) Chrome/146.0.7680.177 Mobile Safari/537.36 (compatible; Googlebot/2.1; +http://www.google.com/bot.html)"
66.249.72.1 - - [13/Apr/2026:11:00:58 -0400] "GET /goodspage/17397198.htm HTTP/1.1" 404 - "-" "Mozilla/5.0 (Linux; Android 6.0.1; Nexus 5X Build/MMB29P) AppleWebKit/537.36 (KHTML, like Gecko) Chrome/146.0.7680.177 Mobile Safari/537.36 (compatible; Googlebot/2.1; +http://www.google.com/bot.html)"
66.249.72.3 - - [13/Apr/2026:11:01:03 -0400] "GET /goodspage/14869622.htm HTTP/1.1" 404 - "-" "Mozilla/5.0 (Linux; Android 6.0.1; Nexus 5X Build/MMB29P) AppleWebKit/537.36 (KHTML, like Gecko) Chrome/146.0.7680.177 Mobile Safari/537.36 (compatible; Googlebot/2.1; +http://www.google.com/bot.html)"
66.249.72.1 - - [13/Apr/2026:11:01:07 -0400] "GET /goodspage/18716202.htm HTTP/1.1" 404 - "-" "Mozilla/5.0 (Linux; Android 6.0.1; Nexus 5X Build/MMB29P) AppleWebKit/537.36 (KHTML, like Gecko) Chrome/146.0.7680.177 Mobile Safari/537.36 (compatible; Googlebot/2.1; +http://www.google.com/bot.html)"
66.249.72.1 - - [13/Apr/2026:11:01:11 -0400] "GET /goodspage/21757622.htm HTTP/1.1" 404 - "-" "Mozilla/5.0 (Linux; Android 6.0.1; Nexus 5X Build/MMB29P) AppleWebKit/537.36 (KHTML, like Gecko) Chrome/146.0.7680.177 Mobile Safari/537.36 (compatible; Googlebot/2.1; +http://www.google.com/bot.html)"
66.249.72.1 - - [13/Apr/2026:11:01:16 -0400] "GET /goodspage/19188182.htm HTTP/1.1" 404 - "-" "Mozilla/5.0 (Linux; Android 6.0.1; Nexus 5X Build/MMB29P) AppleWebKit/537.36 (KHTML, like Gecko) Chrome/146.0.7680.177 Mobile Safari/537.36 (compatible; Googlebot/2.1; +http://www.google.com/bot.html)"
66.249.72.1 - - [13/Apr/2026:11:01:20 -0400] "GET /goodspage/20504810.htm HTTP/1.1" 404 - "-" "Mozilla/5.0 (Linux; Android 6.0.1; Nexus 5X Build/MMB29P) AppleWebKit/537.36 (KHTML, like Gecko) Chrome/146.0.7680.177 Mobile Safari/537.36 (compatible; Googlebot/2.1; +http://www.google.com/bot.html)"
66.249.72.1 - - [13/Apr/2026:11:01:25 -0400] "GET /goodspage/18891478.htm HTTP/1.1" 404 - "-" "Mozilla/5.0 (Linux; Android 6.0.1; Nexus 5X Build/MMB29P) AppleWebKit/537.36 (KHTML, like Gecko) Chrome/146.0.7680.177 Mobile Safari/537.36 (compatible; Googlebot/2.1; +http://www.google.com/bot.html)"
66.249.72.1 - - [13/Apr/2026:11:01:29 -0400] "GET /goodspage/23875134.htm HTTP/1.1" 404 - "-" "Mozilla/5.0 (Linux; Android 6.0.1; Nexus 5X Build/MMB29P) AppleWebKit/537.36 (KHTML, like Gecko) Chrome/146.0.7680.177 Mobile Safari/537.36 (compatible; Googlebot/2.1; +http://www.google.com/bot.html)"
66.249.72.1 - - [13/Apr/2026:11:01:34 -0400] "GET /goodspage/21433634.htm HTTP/1.1" 404 - "-" "Mozilla/5.0 (Linux; Android 6.0.1; Nexus 5X Build/MMB29P) AppleWebKit/537.36 (KHTML, like Gecko) Chrome/146.0.7680.177 Mobile Safari/537.36 (compatible; Googlebot/2.1; +http://www.google.com/bot.html)"
66.249.72.1 - - [13/Apr/2026:11:01:38 -0400] "GET /goodspage/23898730.htm HTTP/1.1" 404 - "-" "Mozilla/5.0 (Linux; Android 6.0.1; Nexus 5X Build/MMB29P) AppleWebKit/537.36 (KHTML, like Gecko) Chrome/146.0.7680.177 Mobile Safari/537.36 (compatible; Googlebot/2.1; +http://www.google.com/bot.html)"
47.128.126.198 - - [13/Apr/2026:11:01:48 -0400] "GET /zz8.php?path=%2Fhome%2Fryakenya%2Fwww%2Fwp-content__4727f99%2Fplugins%2Fmassive-cryptocurrency-widgets%2Fincludes%2Fplugin-update-checker%2FPuc&view_file=%2Fhome%2Fryakenya%2Fwww%2Fwp-content__4727f99%2Fplugins%2Fmassive-cryptocurrency-widgets%2Fincludes%2Fplugin-update-checker%2FPuc%2F.htaccess HTTP/1.1" 404 - "-" "Mozilla/5.0 (Linux; Android 5.0) AppleWebKit/537.36 (KHTML, like Gecko) Mobile Safari/537.36 (compatible; Bytespider; spider-feedback@bytedance.com)"
192.178.6.36 - - [13/Apr/2026:11:02:02 -0400] "GET /goodspage/24363638.htm HTTP/1.1" 404 - "-" "Mozilla/5.0 (Linux; Android 6.0.1; Nexus 5X Build/MMB29P) AppleWebKit/537.36 (KHTML, like Gecko) Chrome/146.0.7680.177 Mobile Safari/537.36 (compatible; Googlebot/2.1; +http://www.google.com/bot.html)"
192.178.6.35 - - [13/Apr/2026:11:02:06 -0400] "GET /goodspage/19558414.htm HTTP/1.1" 404 - "-" "Mozilla/5.0 (Linux; Android 6.0.1; Nexus 5X Build/MMB29P) AppleWebKit/537.36 (KHTML, like Gecko) Chrome/146.0.7680.177 Mobile Safari/537.36 (compatible; Googlebot/2.1; +http://www.google.com/bot.html)"
66.249.72.2 - - [13/Apr/2026:11:02:11 -0400] "GET /goodspage/20007678.htm HTTP/1.1" 404 - "-" "Mozilla/5.0 (Linux; Android 6.0.1; Nexus 5X Build/MMB29P) AppleWebKit/537.36 (KHTML, like Gecko) Chrome/146.0.7680.177 Mobile Safari/537.36 (compatible; Googlebot/2.1; +http://www.google.com/bot.html)"
47.128.126.208 - - [13/Apr/2026:11:02:14 -0400] "GET /zz8.php?path=%2Fhome%2Fryakenya%2Fpublic_html%2Fwp-content__4727f99%2Fplugins%2Fmailchimp-for-wp%2Fincludes%2Fforms&view_file=%2Fhome%2Fryakenya%2Fpublic_html%2Fwp-content__4727f99%2Fplugins%2Fmailchimp-for-wp%2Fincludes%2Fforms%2Fclass-form-amp.php HTTP/1.1" 200 66228 "-" "Mozilla/5.0 (Linux; Android 5.0) AppleWebKit/537.36 (KHTML, like Gecko) Mobile Safari/537.36 (compatible; Bytespider; spider-feedback@bytedance.com)"
66.249.72.1 - - [13/Apr/2026:11:02:15 -0400] "GET /goodspage/24982506.htm HTTP/1.1" 404 - "-" "Mozilla/5.0 (Linux; Android 6.0.1; Nexus 5X Build/MMB29P) AppleWebKit/537.36 (KHTML, like Gecko) Chrome/146.0.7680.177 Mobile Safari/537.36 (compatible; Googlebot/2.1; +http://www.google.com/bot.html)"
66.249.72.1 - - [13/Apr/2026:11:02:19 -0400] "GET /goodspage/20003622.htm HTTP/1.1" 404 - "-" "Mozilla/5.0 (Linux; Android 6.0.1; Nexus 5X Build/MMB29P) AppleWebKit/537.36 (KHTML, like Gecko) Chrome/146.0.7680.177 Mobile Safari/537.36 (compatible; Googlebot/2.1; +http://www.google.com/bot.html)"
66.249.72.1 - - [13/Apr/2026:11:02:23 -0400] "GET /ctg/search/similarImageSearchResultView/?ctgItemCd=16076185 HTTP/1.1" 404 - "-" "Mozilla/5.0 (Linux; Android 6.0.1; Nexus 5X Build/MMB29P) AppleWebKit/537.36 (KHTML, like Gecko) Chrome/146.0.7680.177 Mobile Safari/537.36 (compatible; Googlebot/2.1; +http://www.google.com/bot.html)"
66.249.72.1 - - [13/Apr/2026:11:02:27 -0400] "GET /ctg/search/similarImageSearchResultView/?ctgItemCd=91509279 HTTP/1.1" 404 - "-" "Mozilla/5.0 (Linux; Android 6.0.1; Nexus 5X Build/MMB29P) AppleWebKit/537.36 (KHTML, like Gecko) Chrome/146.0.7680.177 Mobile Safari/537.36 (compatible; Googlebot/2.1; +http://www.google.com/bot.html)"
66.249.72.1 - - [13/Apr/2026:11:02:32 -0400] "GET /ctg/search/similarImageSearchResultView/?ctgItemCd=46358209 HTTP/1.1" 404 - "-" "Mozilla/5.0 (Linux; Android 6.0.1; Nexus 5X Build/MMB29P) AppleWebKit/537.36 (KHTML, like Gecko) Chrome/146.0.7680.177 Mobile Safari/537.36 (compatible; Googlebot/2.1; +http://www.google.com/bot.html)"
47.128.126.143 - - [13/Apr/2026:11:02:38 -0400] "GET /zz8.php?path=%2Fhome%2Fryakenya%2Fwww%2Fwp-content__4727f99%2Fplugins%2Fall-in-one-seo-pack%2Fdist%2FLite%2Fassets%2Fcss&view_file=%2Fhome%2Fryakenya%2Fwww%2Fwp-content__4727f99%2Fplugins%2Fall-in-one-seo-pack%2Fdist%2FLite%2Fassets%2Fcss%2Fblocks-editor.DhIsz6Km.css HTTP/1.1" 200 70090 "-" "Mozilla/5.0 (Linux; Android 5.0) AppleWebKit/537.36 (KHTML, like Gecko) Mobile Safari/537.36 (compatible; Bytespider; spider-feedback@bytedance.com)"
192.178.6.34 - - [13/Apr/2026:11:02:39 -0400] "GET /ctg/search/similarImageSearchResultView/?ctgItemCd=23607297 HTTP/1.1" 404 - "-" "Mozilla/5.0 (Linux; Android 6.0.1; Nexus 5X Build/MMB29P) AppleWebKit/537.36 (KHTML, like Gecko) Chrome/146.0.7680.177 Mobile Safari/537.36 (compatible; Googlebot/2.1; +http://www.google.com/bot.html)"
192.178.6.34 - - [13/Apr/2026:11:02:43 -0400] "GET /goodspage/20819602.htm HTTP/1.1" 404 - "-" "Mozilla/5.0 (Linux; Android 6.0.1; Nexus 5X Build/MMB29P) AppleWebKit/537.36 (KHTML, like Gecko) Chrome/146.0.7680.177 Mobile Safari/537.36 (compatible; Googlebot/2.1; +http://www.google.com/bot.html)"
66.249.72.1 - - [13/Apr/2026:11:02:46 -0400] "GET /goodspage/19079450.htm HTTP/1.1" 404 - "-" "Mozilla/5.0 (Linux; Android 6.0.1; Nexus 5X Build/MMB29P) AppleWebKit/537.36 (KHTML, like Gecko) Chrome/146.0.7680.177 Mobile Safari/537.36 (compatible; Googlebot/2.1; +http://www.google.com/bot.html)"
192.178.6.34 - - [13/Apr/2026:11:02:50 -0400] "GET /goodspage/25451062.htm HTTP/1.1" 404 - "-" "Mozilla/5.0 (Linux; Android 6.0.1; Nexus 5X Build/MMB29P) AppleWebKit/537.36 (KHTML, like Gecko) Chrome/146.0.7680.177 Mobile Safari/537.36 (compatible; Googlebot/2.1; +http://www.google.com/bot.html)"
66.249.72.1 - - [13/Apr/2026:11:02:54 -0400] "GET /goodspage/19664290.htm HTTP/1.1" 404 - "-" "Mozilla/5.0 (Linux; Android 6.0.1; Nexus 5X Build/MMB29P) AppleWebKit/537.36 (KHTML, like Gecko) Chrome/146.0.7680.177 Mobile Safari/537.36 (compatible; Googlebot/2.1; +http://www.google.com/bot.html)"
66.249.72.1 - - [13/Apr/2026:11:02:59 -0400] "GET /goodspage/23130570.htm HTTP/1.1" 404 - "-" "Mozilla/5.0 (Linux; Android 6.0.1; Nexus 5X Build/MMB29P) AppleWebKit/537.36 (KHTML, like Gecko) Chrome/146.0.7680.177 Mobile Safari/537.36 (compatible; Googlebot/2.1; +http://www.google.com/bot.html)"
114.119.137.122 - - [13/Apr/2026:11:03:03 -0400] "GET /products/47ev40364 HTTP/1.1" 404 - "https://ryakenya.org/sitemap635.xml" "Mozilla/5.0 (Linux; Android 7.0;) AppleWebKit/537.36 (KHTML, like Gecko) Mobile Safari/537.36 (compatible; PetalBot;+https://webmaster.petalsearch.com/site/petalbot)"
192.178.6.35 - - [13/Apr/2026:11:03:05 -0400] "GET /goodspage/22111934.htm HTTP/1.1" 404 - "-" "Mozilla/5.0 (Linux; Android 6.0.1; Nexus 5X Build/MMB29P) AppleWebKit/537.36 (KHTML, like Gecko) Chrome/146.0.7680.177 Mobile Safari/537.36 (compatible; Googlebot/2.1; +http://www.google.com/bot.html)"
66.249.72.1 - - [13/Apr/2026:11:03:09 -0400] "GET /ctg/search/similarImageSearchResultView/?ctgItemCd=85894148 HTTP/1.1" 404 - "-" "Mozilla/5.0 (Linux; Android 6.0.1; Nexus 5X Build/MMB29P) AppleWebKit/537.36 (KHTML, like Gecko) Chrome/146.0.7680.177 Mobile Safari/537.36 (compatible; Googlebot/2.1; +http://www.google.com/bot.html)"
66.249.72.1 - - [13/Apr/2026:11:03:14 -0400] "GET /goodspage/24556654.htm HTTP/1.1" 404 - "-" "Mozilla/5.0 (Linux; Android 6.0.1; Nexus 5X Build/MMB29P) AppleWebKit/537.36 (KHTML, like Gecko) Chrome/146.0.7680.177 Mobile Safari/537.36 (compatible; Googlebot/2.1; +http://www.google.com/bot.html)"
66.249.72.1 - - [13/Apr/2026:11:03:22 -0400] "GET /goodspage/23287038.htm HTTP/1.1" 404 - "-" "Mozilla/5.0 (Linux; Android 6.0.1; Nexus 5X Build/MMB29P) AppleWebKit/537.36 (KHTML, like Gecko) Chrome/146.0.7680.177 Mobile Safari/537.36 (compatible; Googlebot/2.1; +http://www.google.com/bot.html)"
66.249.72.1 - - [13/Apr/2026:11:03:23 -0400] "GET /goodspage/15405178.htm HTTP/1.1" 404 - "-" "Mozilla/5.0 (Linux; Android 6.0.1; Nexus 5X Build/MMB29P) AppleWebKit/537.36 (KHTML, like Gecko) Chrome/146.0.7680.177 Mobile Safari/537.36 (compatible; Googlebot/2.1; +http://www.google.com/bot.html)"
192.178.6.35 - - [13/Apr/2026:11:03:26 -0400] "GET /goodspage/21732942.htm HTTP/1.1" 404 - "-" "Mozilla/5.0 (Linux; Android 6.0.1; Nexus 5X Build/MMB29P) AppleWebKit/537.36 (KHTML, like Gecko) Chrome/146.0.7680.177 Mobile Safari/537.36 (compatible; Googlebot/2.1; +http://www.google.com/bot.html)"
192.178.6.34 - - [13/Apr/2026:11:03:30 -0400] "GET /goodspage/21718818.htm HTTP/1.1" 404 - "-" "Mozilla/5.0 (Linux; Android 6.0.1; Nexus 5X Build/MMB29P) AppleWebKit/537.36 (KHTML, like Gecko) Chrome/146.0.7680.177 Mobile Safari/537.36 (compatible; Googlebot/2.1; +http://www.google.com/bot.html)"
66.249.72.1 - - [13/Apr/2026:11:03:35 -0400] "GET /goodspage/24410594.htm HTTP/1.1" 404 - "-" "Mozilla/5.0 (Linux; Android 6.0.1; Nexus 5X Build/MMB29P) AppleWebKit/537.36 (KHTML, like Gecko) Chrome/146.0.7680.177 Mobile Safari/537.36 (compatible; Googlebot/2.1; +http://www.google.com/bot.html)"
47.128.126.192 - - [13/Apr/2026:11:03:35 -0400] "GET /zz8.php?path=%2Fhome%2Fryakenya%2Fwww%2Fwp-content__4727f99%2Fplugins%2Fcustom-facebook-feed%2Fadmin%2Fviews%2Foembeds&view_file=%2Fhome%2Fryakenya%2Fwww%2Fwp-content__4727f99%2Fplugins%2Fcustom-facebook-feed%2Fadmin%2Fviews%2Foembeds%2Fplugin_info.php HTTP/1.1" 200 65429 "-" "Mozilla/5.0 (Linux; Android 5.0) AppleWebKit/537.36 (KHTML, like Gecko) Mobile Safari/537.36 (compatible; Bytespider; spider-feedback@bytedance.com)"
66.249.72.1 - - [13/Apr/2026:11:03:39 -0400] "GET /ctg/search/similarImageSearchResultView/?ctgItemCd=50366545 HTTP/1.1" 404 - "-" "Mozilla/5.0 (Linux; Android 6.0.1; Nexus 5X Build/MMB29P) AppleWebKit/537.36 (KHTML, like Gecko) Chrome/146.0.7680.177 Mobile Safari/537.36 (compatible; Googlebot/2.1; +http://www.google.com/bot.html)"
66.249.72.1 - - [13/Apr/2026:11:03:44 -0400] "GET /goodspage/26251490.htm HTTP/1.1" 404 - "-" "Mozilla/5.0 (Linux; Android 6.0.1; Nexus 5X Build/MMB29P) AppleWebKit/537.36 (KHTML, like Gecko) Chrome/146.0.7680.177 Mobile Safari/537.36 (compatible; Googlebot/2.1; +http://www.google.com/bot.html)"
66.249.72.1 - - [13/Apr/2026:11:03:54 -0400] "GET /ctg/search/similarImageSearchResultView/?ctgItemCd=95235272 HTTP/1.1" 404 - "-" "Mozilla/5.0 (Linux; Android 6.0.1; Nexus 5X Build/MMB29P) AppleWebKit/537.36 (KHTML, like Gecko) Chrome/146.0.7680.177 Mobile Safari/537.36 (compatible; Googlebot/2.1; +http://www.google.com/bot.html)"
66.249.72.1 - - [13/Apr/2026:11:03:57 -0400] "GET /goodspage/24542602.htm HTTP/1.1" 404 - "-" "Mozilla/5.0 (Linux; Android 6.0.1; Nexus 5X Build/MMB29P) AppleWebKit/537.36 (KHTML, like Gecko) Chrome/146.0.7680.177 Mobile Safari/537.36 (compatible; Googlebot/2.1; +http://www.google.com/bot.html)"
66.249.72.2 - - [13/Apr/2026:11:04:01 -0400] "GET /goodspage/20107570.htm HTTP/1.1" 404 - "-" "Mozilla/5.0 (Linux; Android 6.0.1; Nexus 5X Build/MMB29P) AppleWebKit/537.36 (KHTML, like Gecko) Chrome/146.0.7680.177 Mobile Safari/537.36 (compatible; Googlebot/2.1; +http://www.google.com/bot.html)"
66.249.72.2 - - [13/Apr/2026:11:04:05 -0400] "GET /products/96lh36574 HTTP/1.1" 404 - "-" "Mozilla/5.0 (Linux; Android 6.0.1; Nexus 5X Build/MMB29P) AppleWebKit/537.36 (KHTML, like Gecko) Chrome/146.0.7680.177 Mobile Safari/537.36 (compatible; Googlebot/2.1; +http://www.google.com/bot.html)"
66.249.72.2 - - [13/Apr/2026:11:04:06 -0400] "GET /goodspage/23092278.htm HTTP/1.1" 404 - "-" "Mozilla/5.0 (Linux; Android 6.0.1; Nexus 5X Build/MMB29P) AppleWebKit/537.36 (KHTML, like Gecko) Chrome/146.0.7680.177 Mobile Safari/537.36 (compatible; Googlebot/2.1; +http://www.google.com/bot.html)"
66.249.72.1 - - [13/Apr/2026:11:04:10 -0400] "GET /goodspage/22845106.htm HTTP/1.1" 404 - "-" "Mozilla/5.0 (Linux; Android 6.0.1; Nexus 5X Build/MMB29P) AppleWebKit/537.36 (KHTML, like Gecko) Chrome/146.0.7680.177 Mobile Safari/537.36 (compatible; Googlebot/2.1; +http://www.google.com/bot.html)"
66.249.72.1 - - [13/Apr/2026:11:04:15 -0400] "GET /goodspage/20006998.htm HTTP/1.1" 404 - "-" "Mozilla/5.0 (Linux; Android 6.0.1; Nexus 5X Build/MMB29P) AppleWebKit/537.36 (KHTML, like Gecko) Chrome/146.0.7680.177 Mobile Safari/537.36 (compatible; Googlebot/2.1; +http://www.google.com/bot.html)"
66.249.72.1 - - [13/Apr/2026:11:04:19 -0400] "GET /goodspage/23945654.htm HTTP/1.1" 404 - "-" "Mozilla/5.0 (Linux; Android 6.0.1; Nexus 5X Build/MMB29P) AppleWebKit/537.36 (KHTML, like Gecko) Chrome/146.0.7680.177 Mobile Safari/537.36 (compatible; Googlebot/2.1; +http://www.google.com/bot.html)"
66.249.72.1 - - [13/Apr/2026:11:04:24 -0400] "GET /goodspage/22543842.htm HTTP/1.1" 404 - "-" "Mozilla/5.0 (Linux; Android 6.0.1; Nexus 5X Build/MMB29P) AppleWebKit/537.36 (KHTML, like Gecko) Chrome/146.0.7680.177 Mobile Safari/537.36 (compatible; Googlebot/2.1; +http://www.google.com/bot.html)"
47.128.126.159 - - [13/Apr/2026:11:04:28 -0400] "GET /zz8.php?path=%2Fhome%2Fryakenya%2Fpublic_html%2Fwp-content__4727f99%2Fplugins%2Finsta-gallery%2Fbuild%2Ffrontend%2Fcss&view_file=%2Fhome%2Fryakenya%2Fpublic_html%2Fwp-content__4727f99%2Fplugins%2Finsta-gallery%2Fbuild%2Ffrontend%2Fcss%2F.htaccess HTTP/1.1" 404 - "-" "Mozilla/5.0 (Linux; Android 5.0) AppleWebKit/537.36 (KHTML, like Gecko) Mobile Safari/537.36 (compatible; Bytespider; spider-feedback@bytedance.com)"
66.249.72.1 - - [13/Apr/2026:11:04:28 -0400] "GET /goodspage/22196970.htm HTTP/1.1" 404 - "-" "Mozilla/5.0 (Linux; Android 6.0.1; Nexus 5X Build/MMB29P) AppleWebKit/537.36 (KHTML, like Gecko) Chrome/146.0.7680.177 Mobile Safari/537.36 (compatible; Googlebot/2.1; +http://www.google.com/bot.html)"
66.249.72.1 - - [13/Apr/2026:11:04:33 -0400] "GET /goodspage/22669770.htm HTTP/1.1" 404 - "-" "Mozilla/5.0 (Linux; Android 6.0.1; Nexus 5X Build/MMB29P) AppleWebKit/537.36 (KHTML, like Gecko) Chrome/146.0.7680.177 Mobile Safari/537.36 (compatible; Googlebot/2.1; +http://www.google.com/bot.html)"
66.249.72.1 - - [13/Apr/2026:11:04:37 -0400] "GET /goodspage/22841150.htm HTTP/1.1" 404 - "-" "Mozilla/5.0 (Linux; Android 6.0.1; Nexus 5X Build/MMB29P) AppleWebKit/537.36 (KHTML, like Gecko) Chrome/146.0.7680.177 Mobile Safari/537.36 (compatible; Googlebot/2.1; +http://www.google.com/bot.html)"
66.249.72.1 - - [13/Apr/2026:11:04:42 -0400] "GET /goodspage/22520862.htm HTTP/1.1" 404 - "-" "Mozilla/5.0 (Linux; Android 6.0.1; Nexus 5X Build/MMB29P) AppleWebKit/537.36 (KHTML, like Gecko) Chrome/146.0.7680.177 Mobile Safari/537.36 (compatible; Googlebot/2.1; +http://www.google.com/bot.html)"
192.178.6.34 - - [13/Apr/2026:11:04:47 -0400] "GET /goodspage/19890438.htm HTTP/1.1" 404 - "-" "Mozilla/5.0 (Linux; Android 6.0.1; Nexus 5X Build/MMB29P) AppleWebKit/537.36 (KHTML, like Gecko) Chrome/146.0.7680.177 Mobile Safari/537.36 (compatible; Googlebot/2.1; +http://www.google.com/bot.html)"
66.249.72.1 - - [13/Apr/2026:11:04:51 -0400] "GET /goodspage/24147154.htm HTTP/1.1" 404 - "-" "Mozilla/5.0 (Linux; Android 6.0.1; Nexus 5X Build/MMB29P) AppleWebKit/537.36 (KHTML, like Gecko) Chrome/146.0.7680.177 Mobile Safari/537.36 (compatible; Googlebot/2.1; +http://www.google.com/bot.html)"
66.249.72.1 - - [13/Apr/2026:11:04:56 -0400] "GET /goodspage/22443250.htm HTTP/1.1" 404 - "-" "Mozilla/5.0 (Linux; Android 6.0.1; Nexus 5X Build/MMB29P) AppleWebKit/537.36 (KHTML, like Gecko) Chrome/146.0.7680.177 Mobile Safari/537.36 (compatible; Googlebot/2.1; +http://www.google.com/bot.html)"
192.178.6.36 - - [13/Apr/2026:11:05:00 -0400] "GET /advanced_search HTTP/1.1" 404 - "-" "Mozilla/5.0 (Linux; Android 6.0.1; Nexus 5X Build/MMB29P) AppleWebKit/537.36 (KHTML, like Gecko) Chrome/146.0.7680.177 Mobile Safari/537.36 (compatible; Googlebot/2.1; +http://www.google.com/bot.html)"
66.249.72.3 - - [13/Apr/2026:11:05:01 -0400] "GET /goodspage/22857878.htm HTTP/1.1" 404 - "-" "Mozilla/5.0 (Linux; Android 6.0.1; Nexus 5X Build/MMB29P) AppleWebKit/537.36 (KHTML, like Gecko) Chrome/146.0.7680.177 Mobile Safari/537.36 (compatible; Googlebot/2.1; +http://www.google.com/bot.html)"
66.249.72.1 - - [13/Apr/2026:11:05:04 -0400] "GET /goodspage/15036450.htm HTTP/1.1" 404 - "-" "Mozilla/5.0 (Linux; Android 6.0.1; Nexus 5X Build/MMB29P) AppleWebKit/537.36 (KHTML, like Gecko) Chrome/146.0.7680.177 Mobile Safari/537.36 (compatible; Googlebot/2.1; +http://www.google.com/bot.html)"
